000
CDUS45 KSLC 211243
CLISLC


CLIMATE REPORT
NATIONAL WEATHER SERVICE SALT LAKE CITY UT
542 AM MST SUN DEC 21 2014


...................................

...THE SALT LAKE CITY UT CLIMATE SUMMARY FOR DECEMBER 20 2014...

CLIMATE NORMAL PERIOD 1981 TO 2010
CLIMATE RECORD PERIOD 1874 TO 2014


WEATHER ITEM   OBSERVED TIME   RECORD YEAR NORMAL DEPARTURE LAST
                VALUE   (LST)  VALUE       VALUE  FROM      YEAR
                                                  NORMAL
..................................................................
TEMPERATURE (F)
 YESTERDAY
  MAXIMUM         42   1215 PM  61    1981  37      5       30
  MINIMUM         37    541 AM  -7    1990  22     15       19
  AVERAGE         40                        29     11       25

PRECIPITATION (IN)
  YESTERDAY        0.04          0.45 1967   0.04   0.00      T
  MONTH TO DATE    0.20                      0.92  -0.72     1.50
  SINCE OCT 1      0.81                      3.89  -3.08     2.86
  SINCE JAN 1     13.26                     15.61  -2.35    11.47

SNOWFALL (IN)
  YESTERDAY        0.0           6.6  1967   0.4   -0.4       T
  MONTH TO DATE    0.2                       8.2   -8.0     17.2
  SINCE OCT 1      1.0                      17.2  -16.2     20.7
  SINCE JUL 1      1.0                      17.2  -16.2     20.7
  SNOW DEPTH       0

DEGREE DAYS
 HEATING
  YESTERDAY       25                        36    -11       40
  MONTH TO DATE  448                       682   -234      832
  SINCE DEC 1    448                       682   -234      832
  SINCE JUL 1   1418                      1900   -482     1879

 COOLING
  YESTERDAY        0                         0      0        0
  MONTH TO DATE    0                         0      0        0
  SINCE DEC 1      0                         0      0        0
  SINCE JAN 1   1244                      1160     84     1768
..................................................................


WIND (MPH)
  RESULTANT WIND SPEED   4   RESULTANT WIND DIRECTION   S (160)
  HIGHEST WIND SPEED    14   HIGHEST WIND DIRECTION    SW (240)
  HIGHEST GUST SPEED    18   HIGHEST GUST DIRECTION    SW (220)
  AVERAGE WIND SPEED     4.7


SKY COVER
  POSSIBLE SUNSHINE  MM
  AVERAGE SKY COVER 1.0


WEATHER CONDITIONS
 THE FOLLOWING WEATHER WAS RECORDED YESTERDAY.
  LIGHT RAIN
  FOG


RELATIVE HUMIDITY (PERCENT)
 HIGHEST    85           300 AM
 LOWEST     73          1100 AM
 AVERAGE    79

..........................................................


THE SALT LAKE CITY UT CLIMATE NORMALS FOR TODAY
                         NORMAL    RECORD    YEAR
 MAXIMUM TEMPERATURE (F)   37        67      1969
 MINIMUM TEMPERATURE (F)   22        -9      1990


SUNRISE AND SUNSET
DECEMBER 21 2014......SUNRISE   749 AM MST   SUNSET   504 PM MST
DECEMBER 22 2014......SUNRISE   749 AM MST   SUNSET   504 PM MST


-  INDICATES NEGATIVE NUMBERS.
R  INDICATES RECORD WAS SET OR TIED.
MM INDICATES DATA IS MISSING.
T  INDICATES TRACE AMOUNT.




$$
