000
CDUS45 KSLC 270016
CLISLC


CLIMATE REPORT
NATIONAL WEATHER SERVICE SALT LAKE CITY UT
516 PM MST MON JAN 26 2015


...................................

...THE SALT LAKE CITY UT CLIMATE SUMMARY FOR JANUARY 26 2015...
VALID TODAY AS OF 0500 PM LOCAL TIME.

CLIMATE NORMAL PERIOD 1981 TO 2010
CLIMATE RECORD PERIOD 1874 TO 2015


WEATHER ITEM   OBSERVED TIME   RECORD YEAR NORMAL DEPARTURE LAST
                VALUE   (LST)  VALUE       VALUE  FROM      YEAR
                                                  NORMAL
..................................................................
TEMPERATURE (F)
 TODAY
  MAXIMUM         51    338 PM  62    1982  38     13       41
  MINIMUM         30    437 AM -15    1949  22      8       18
  AVERAGE         41                        30     11       30

PRECIPITATION (IN)
  TODAY            0.00          0.84 1914   0.04  -0.04     0.00
  MONTH TO DATE    0.86                      1.06  -0.20     0.57
  SINCE OCT 1      2.87                      5.44  -2.57     3.58
  SINCE JAN 1      0.86                      1.06  -0.20     0.57

SNOWFALL (IN)
  TODAY            0.0           4.7  1969   0.4   -0.4      0.0
  MONTH TO DATE    0.3                      10.7  -10.4      8.3
  SINCE OCT 1      6.8                      32.9  -26.1     31.0
  SINCE JUL 1      6.8                      32.9  -26.1     31.0
  SNOW DEPTH       0

DEGREE DAYS
 HEATING
  TODAY           24                        35    -11       35
  MONTH TO DATE  820                       929   -109      912
  SINCE DEC 1   1670                      2005   -335     2156
  SINCE JUL 1   2640                      3223   -583     3203

 COOLING
  TODAY            0                         0      0        0
  MONTH TO DATE    0                         0      0        0
  SINCE DEC 1      0                         0      0        0
  SINCE JAN 1      0                         0      0        0
..................................................................


WIND (MPH)
  RESULTANT WIND SPEED   1   RESULTANT WIND DIRECTION  SE (120)
  HIGHEST WIND SPEED    10   HIGHEST WIND DIRECTION    SE (120)
  HIGHEST GUST SPEED    12   HIGHEST GUST DIRECTION    SE (120)
  AVERAGE WIND SPEED     5.1


SKY COVER
  POSSIBLE SUNSHINE  MM
  AVERAGE SKY COVER 0.0


WEATHER CONDITIONS
 THE FOLLOWING WEATHER WAS RECORDED TODAY.
  FOG
  HAZE


RELATIVE HUMIDITY (PERCENT)
 HIGHEST    92           100 AM
 LOWEST     56           100 PM
 AVERAGE    74

..........................................................


THE SALT LAKE CITY UT CLIMATE NORMALS FOR TOMORROW
                         NORMAL    RECORD    YEAR
 MAXIMUM TEMPERATURE (F)   38        55      1998
 MINIMUM TEMPERATURE (F)   22        -6      1949


SUNRISE AND SUNSET
JANUARY 26 2015.......SUNRISE   743 AM MST   SUNSET   538 PM MST
JANUARY 27 2015.......SUNRISE   743 AM MST   SUNSET   539 PM MST


-  INDICATES NEGATIVE NUMBERS.
R  INDICATES RECORD WAS SET OR TIED.
MM INDICATES DATA IS MISSING.
T  INDICATES TRACE AMOUNT.




$$
