000
CDUS45 KSLC 300032
CLISLC


CLIMATE REPORT
NATIONAL WEATHER SERVICE SALT LAKE CITY UT
631 PM MDT THU SEP 29 2016


...................................

...THE SALT LAKE CITY UT CLIMATE SUMMARY FOR SEPTEMBER 29 2016...
VALID TODAY AS OF 0500 PM LOCAL TIME.

CLIMATE NORMAL PERIOD 1981 TO 2010
CLIMATE RECORD PERIOD 1874 TO 2016


WEATHER ITEM   OBSERVED TIME   RECORD YEAR NORMAL DEPARTURE LAST
                VALUE   (LST)  VALUE       VALUE  FROM      YEAR
                                                  NORMAL
..................................................................
TEMPERATURE (F)
 TODAY
  MAXIMUM         78    150 PM  91    1969  73      5       84
                                      1957
  MINIMUM         62    721 AM  33    1986  47     15       62
                                      1950
                                      1945
  AVERAGE         70                        60     10       73

PRECIPITATION (IN)
  TODAY            0.00          1.35 1905   0.05  -0.05     0.00
  MONTH TO DATE    1.88                      1.16   0.72     1.74
  SINCE OCT 1     13.45                     16.05  -2.60    14.90
  SINCE JAN 1     10.20                     11.67  -1.47    12.89

SNOWFALL (IN)
  TODAY            0.0           T    2007   0.0    0.0      0.0
                                      1950
  MONTH TO DATE    0.0                       0.0    0.0      0.0
  SINCE OCT 1     34.3                      56.2  -21.9     15.4
  SINCE JUL 1      0.0                       0.0    0.0      0.0
  SNOW DEPTH       0

DEGREE DAYS
 HEATING
  TODAY            0                         6     -6        0
  MONTH TO DATE   51                        78    -27       33
  SINCE SEP 1     51                        78    -27       33
  SINCE JUL 1     52                        83    -31       33

 COOLING
  TODAY            5                         1      4        8
  MONTH TO DATE  122                       115      7      203
  SINCE SEP 1    122                       115      7      203
  SINCE JAN 1   1599                      1151    448     1408
..................................................................


WIND (MPH)
  RESULTANT WIND SPEED   7   RESULTANT WIND DIRECTION  SE (150)
  HIGHEST WIND SPEED    25   HIGHEST WIND DIRECTION     N (10)
  HIGHEST GUST SPEED    30   HIGHEST GUST DIRECTION     N (10)
  AVERAGE WIND SPEED    11.8


SKY COVER
  POSSIBLE SUNSHINE  MM
  AVERAGE SKY COVER 0.5


WEATHER CONDITIONS
 THE FOLLOWING WEATHER WAS RECORDED TODAY.
  HAZE


RELATIVE HUMIDITY (PERCENT)
 HIGHEST    67           200 AM
 LOWEST     31           200 PM
 AVERAGE    49

..........................................................


THE SALT LAKE CITY UT CLIMATE NORMALS FOR TOMORROW
                         NORMAL    RECORD    YEAR
 MAXIMUM TEMPERATURE (F)   72        91      2011
 MINIMUM TEMPERATURE (F)   47        30      1954


SUNRISE AND SUNSET
SEPTEMBER 29 2016.....SUNRISE   723 AM MDT   SUNSET   712 PM MDT
SEPTEMBER 30 2016.....SUNRISE   724 AM MDT   SUNSET   711 PM MDT


-  INDICATES NEGATIVE NUMBERS.
R  INDICATES RECORD WAS SET OR TIED.
MM INDICATES DATA IS MISSING.
T  INDICATES TRACE AMOUNT.




$$
