000
CDUS45 KSLC 161226
CLISLC


CLIMATE REPORT
NATIONAL WEATHER SERVICE SALT LAKE CITY UT
625 AM MDT MON OCT 16 2017


...................................

...THE SALT LAKE CITY UT CLIMATE SUMMARY FOR OCTOBER 15 2017...

CLIMATE NORMAL PERIOD 1981 TO 2010
CLIMATE RECORD PERIOD 1874 TO 2017


WEATHER ITEM   OBSERVED TIME   RECORD YEAR NORMAL DEPARTURE LAST
                VALUE   (LST)  VALUE       VALUE  FROM      YEAR
                                                  NORMAL
..................................................................
TEMPERATURE (F)
 YESTERDAY
  MAXIMUM         58    306 PM  83    1958  65     -7       76
  MINIMUM         32    657 AM  25    1881  42    -10       53
  AVERAGE         45                        53     -8       65

PRECIPITATION (IN)
  YESTERDAY        0.00          1.06 1937   0.05  -0.05      T
  MONTH TO DATE    0.16                      0.71  -0.55     0.12
  SINCE OCT 1      0.16                      0.71  -0.55     0.12
  SINCE JAN 1     14.03                     12.43   1.60    10.32

SNOWFALL (IN)
  YESTERDAY        0.0           4.0  1899   0.0    0.0      0.0
  MONTH TO DATE    0.0                       0.3   -0.3      0.0
  SINCE OCT 1      0.0                       0.3   -0.3      0.0
  SINCE JUL 1      0.0                       0.3   -0.3      0.0
  SNOW DEPTH       0

DEGREE DAYS
 HEATING
  YESTERDAY       20                        12      8        0
  MONTH TO DATE  197                       139     58       98
  SINCE SEP 1    328                       223    105      149
  SINCE JUL 1    328                       228    100      150

 COOLING
  YESTERDAY        0                         0      0        0
  MONTH TO DATE    0                         5     -5       12
  SINCE SEP 1    196                       122     74      139
  SINCE JAN 1   1758                      1158    600     1616
..................................................................


WIND (MPH)
  RESULTANT WIND SPEED   1   RESULTANT WIND DIRECTION   S (170)
  HIGHEST WIND SPEED    10   HIGHEST WIND DIRECTION    NW (310)
  HIGHEST GUST SPEED    13   HIGHEST GUST DIRECTION    NW (300)
  AVERAGE WIND SPEED     5.3


SKY COVER
  POSSIBLE SUNSHINE  MM
  AVERAGE SKY COVER 0.0


WEATHER CONDITIONS
 THE FOLLOWING WEATHER WAS RECORDED YESTERDAY.
  NO SIGNIFICANT WEATHER WAS OBSERVED.


RELATIVE HUMIDITY (PERCENT)
 HIGHEST    75           400 AM
 LOWEST     24           200 PM
 AVERAGE    50

..........................................................


THE SALT LAKE CITY UT CLIMATE NORMALS FOR TODAY
                         NORMAL    RECORD    YEAR
 MAXIMUM TEMPERATURE (F)   65        85      1991
 MINIMUM TEMPERATURE (F)   41        27      1970
                                             1930


SUNRISE AND SUNSET
OCTOBER 16 2017.......SUNRISE   741 AM MDT   SUNSET   645 PM MDT
OCTOBER 17 2017.......SUNRISE   742 AM MDT   SUNSET   644 PM MDT


-  INDICATES NEGATIVE NUMBERS.
R  INDICATES RECORD WAS SET OR TIED.
MM INDICATES DATA IS MISSING.
T  INDICATES TRACE AMOUNT.




$$
