000
CDUS45 KSLC 290045
CLISLC


CLIMATE REPORT
NATIONAL WEATHER SERVICE SALT LAKE CITY UT
645 PM MDT WED JUN 28 2017


...................................

...THE SALT LAKE CITY UT CLIMATE SUMMARY FOR JUNE 28 2017...
VALID TODAY AS OF 0500 PM LOCAL TIME.

CLIMATE NORMAL PERIOD 1981 TO 2010
CLIMATE RECORD PERIOD 1874 TO 2017


WEATHER ITEM   OBSERVED TIME   RECORD YEAR NORMAL DEPARTURE LAST
                VALUE   (LST)  VALUE       VALUE  FROM      YEAR
                                                  NORMAL
..................................................................
TEMPERATURE (F)
 TODAY
  MAXIMUM         91    358 PM 105    2013  88      3      103
  MINIMUM         67    458 AM  40    1945  61      6       73
  AVERAGE         79                        74      5       88

PRECIPITATION (IN)
  TODAY            0.00          0.87 1906   0.02  -0.02     0.00
  MONTH TO DATE    0.25                      0.95  -0.70     0.51
  SINCE OCT 1     15.89                     13.56   2.33    11.41
  SINCE JAN 1     11.25                      9.18   2.07     8.16

SNOWFALL (IN)
  TODAY            0.0          MM      MM   0.0    0.0      0.0
  MONTH TO DATE    0.0                       0.0    0.0      0.0
  SINCE OCT 1     51.4                      56.2   -4.8     34.3
  SINCE JUL 1     51.4                      56.2   -4.8     34.3
  SNOW DEPTH       0

DEGREE DAYS
 HEATING
  TODAY            0                         0      0        0
  MONTH TO DATE    4                        44    -40        0
  SINCE JUN 1      4                        44    -40        0
  SINCE JUL 1   4785                      5605   -820     4822

 COOLING
  TODAY           14                        10      4       23
  MONTH TO DATE  323                       167    156      341
  SINCE JUN 1    323                       167    156      341
  SINCE JAN 1    398                       217    181      388
..................................................................


WIND (MPH)
  RESULTANT WIND SPEED   1   RESULTANT WIND DIRECTION   E (110)
  HIGHEST WIND SPEED    18   HIGHEST WIND DIRECTION     W (290)
  HIGHEST GUST SPEED    24   HIGHEST GUST DIRECTION     N (340)
  AVERAGE WIND SPEED     6.7


SKY COVER
  POSSIBLE SUNSHINE  MM
  AVERAGE SKY COVER 0.0


WEATHER CONDITIONS
 THE FOLLOWING WEATHER WAS RECORDED TODAY.
  HAZE


RELATIVE HUMIDITY (PERCENT)
 HIGHEST    35           400 AM
 LOWEST     11           100 PM
 AVERAGE    23

..........................................................


THE SALT LAKE CITY UT CLIMATE NORMALS FOR TOMORROW
                         NORMAL    RECORD    YEAR
 MAXIMUM TEMPERATURE (F)   89       105      2013
 MINIMUM TEMPERATURE (F)   61        42      1968


SUNRISE AND SUNSET
JUNE 28 2017..........SUNRISE   559 AM MDT   SUNSET   903 PM MDT
JUNE 29 2017..........SUNRISE   559 AM MDT   SUNSET   903 PM MDT


-  INDICATES NEGATIVE NUMBERS.
R  INDICATES RECORD WAS SET OR TIED.
MM INDICATES DATA IS MISSING.
T  INDICATES TRACE AMOUNT.




$$
