000
CDUS45 KSLC 241229
CLISLC


CLIMATE REPORT
NATIONAL WEATHER SERVICE SALT LAKE CITY UT
629 AM MDT WED AUG 24 2016


...................................

...THE SALT LAKE CITY UT CLIMATE SUMMARY FOR AUGUST 23 2016...

CLIMATE NORMAL PERIOD 1981 TO 2010
CLIMATE RECORD PERIOD 1874 TO 2016


WEATHER ITEM   OBSERVED TIME   RECORD YEAR NORMAL DEPARTURE LAST
                VALUE   (LST)  VALUE       VALUE  FROM      YEAR
                                                  NORMAL
..................................................................
TEMPERATURE (F)
 YESTERDAY
  MAXIMUM         90    356 PM  99    1967  89      1       92
  MINIMUM         66   1146 PM  44    1933  62      4       59
                                      1928
  AVERAGE         78                        75      3       76

PRECIPITATION (IN)
  YESTERDAY        0.00          0.45 1976   0.02  -0.02     0.00
  MONTH TO DATE    0.15                      0.47  -0.32     0.88
  SINCE OCT 1     11.57                     14.67  -3.10    13.15
  SINCE JAN 1      8.32                     10.29  -1.97    11.14

SNOWFALL (IN)
  YESTERDAY        0.0          MM      MM   0.0    0.0      0.0
  MONTH TO DATE    0.0                       0.0    0.0      0.0
  SINCE OCT 1     34.3                      56.2  -21.9     15.4
  SINCE JUL 1      0.0                       0.0    0.0      0.0
  SNOW DEPTH       0

DEGREE DAYS
 HEATING
  YESTERDAY        0                         0      0        0
  MONTH TO DATE    0                         0      0        0
  SINCE JUN 1      1                        48    -47        0
  SINCE JUL 1      1                         2     -1        0

 COOLING
  YESTERDAY       13                        11      2       11
  MONTH TO DATE  378                       300     78      280
  SINCE JUN 1   1329                       912    417     1053
  SINCE JAN 1   1376                       962    414     1084
..................................................................


WIND (MPH)
  RESULTANT WIND SPEED   1   RESULTANT WIND DIRECTION   E (110)
  HIGHEST WIND SPEED    15   HIGHEST WIND DIRECTION    NW (330)
  HIGHEST GUST SPEED    22   HIGHEST GUST DIRECTION     S (160)
  AVERAGE WIND SPEED     8.0


SKY COVER
  POSSIBLE SUNSHINE  MM
  AVERAGE SKY COVER 0.1


WEATHER CONDITIONS
 THE FOLLOWING WEATHER WAS RECORDED YESTERDAY.
  NO SIGNIFICANT WEATHER WAS OBSERVED.


RELATIVE HUMIDITY (PERCENT)
 HIGHEST    37           500 AM
 LOWEST     11           300 PM
 AVERAGE    24

..........................................................


THE SALT LAKE CITY UT CLIMATE NORMALS FOR TODAY
                         NORMAL    RECORD    YEAR
 MAXIMUM TEMPERATURE (F)   89       100      1919
 MINIMUM TEMPERATURE (F)   62        40      1928


SUNRISE AND SUNSET
AUGUST 24 2016........SUNRISE   648 AM MDT   SUNSET   812 PM MDT
AUGUST 25 2016........SUNRISE   649 AM MDT   SUNSET   810 PM MDT


-  INDICATES NEGATIVE NUMBERS.
R  INDICATES RECORD WAS SET OR TIED.
MM INDICATES DATA IS MISSING.
T  INDICATES TRACE AMOUNT.




$$
