000
CDUS45 KSLC 221226
CLISLC


CLIMATE REPORT
NATIONAL WEATHER SERVICE SALT LAKE CITY UT
626 AM MDT TUE AUG 22 2017


...................................

...THE SALT LAKE CITY UT CLIMATE SUMMARY FOR AUGUST 21 2017...

CLIMATE NORMAL PERIOD 1981 TO 2010
CLIMATE RECORD PERIOD 1874 TO 2017


WEATHER ITEM   OBSERVED TIME   RECORD YEAR NORMAL DEPARTURE LAST
                VALUE   (LST)  VALUE       VALUE  FROM      YEAR
                                                  NORMAL
..................................................................
TEMPERATURE (F)
 YESTERDAY
  MAXIMUM         93    414 PM 102    1960  90      3       95
  MINIMUM         69    613 AM  43    1964  63      6       63
  AVERAGE         81                        76      5       79

PRECIPITATION (IN)
  YESTERDAY        0.00          1.05 1965   0.02  -0.02     0.00
  MONTH TO DATE    0.07                      0.43  -0.36     0.15
  SINCE OCT 1     16.47                     14.63   1.84    11.57
  SINCE JAN 1     11.83                     10.25   1.58     8.32

SNOWFALL (IN)
  YESTERDAY        0.0          MM      MM   0.0    0.0      0.0
  MONTH TO DATE    0.0                       0.0    0.0      0.0
  SINCE OCT 1     51.4                      56.2   -4.8     34.3
  SINCE JUL 1      0.0                       0.0    0.0      0.0
  SNOW DEPTH       0

DEGREE DAYS
 HEATING
  YESTERDAY        0                         0      0        0
  MONTH TO DATE    0                         0      0        0
  SINCE JUN 1      4                        48    -44        1
  SINCE JUL 1      0                         2     -2        1

 COOLING
  YESTERDAY       16                        11      5       14
  MONTH TO DATE  340                       278     62      347
  SINCE JUN 1   1317                       890    427     1298
  SINCE JAN 1   1392                       940    452     1345
..................................................................


WIND (MPH)
  RESULTANT WIND SPEED   0   RESULTANT WIND DIRECTION   E (70)
  HIGHEST WIND SPEED    14   HIGHEST WIND DIRECTION    NW (320)
  HIGHEST GUST SPEED    19   HIGHEST GUST DIRECTION     N (360)
  AVERAGE WIND SPEED     6.5


SKY COVER
  POSSIBLE SUNSHINE  MM
  AVERAGE SKY COVER 0.1


WEATHER CONDITIONS
 THE FOLLOWING WEATHER WAS RECORDED YESTERDAY.
  NO SIGNIFICANT WEATHER WAS OBSERVED.


RELATIVE HUMIDITY (PERCENT)
 HIGHEST    41           700 AM
 LOWEST     18           300 PM
 AVERAGE    30

..........................................................


THE SALT LAKE CITY UT CLIMATE NORMALS FOR TODAY
                         NORMAL    RECORD    YEAR
 MAXIMUM TEMPERATURE (F)   89       101      2009
 MINIMUM TEMPERATURE (F)   62        45      1933


SUNRISE AND SUNSET
AUGUST 22 2017........SUNRISE   645 AM MDT   SUNSET   815 PM MDT
AUGUST 23 2017........SUNRISE   646 AM MDT   SUNSET   814 PM MDT


-  INDICATES NEGATIVE NUMBERS.
R  INDICATES RECORD WAS SET OR TIED.
MM INDICATES DATA IS MISSING.
T  INDICATES TRACE AMOUNT.




$$
