000
CDUS45 KSLC 261226
CLISLC


CLIMATE REPORT
NATIONAL WEATHER SERVICE SALT LAKE CITY UT
526 AM MST SUN FEB 26 2017


...................................

...THE SALT LAKE CITY UT CLIMATE SUMMARY FOR FEBRUARY 25 2017...

CLIMATE NORMAL PERIOD 1981 TO 2010
CLIMATE RECORD PERIOD 1874 TO 2017


WEATHER ITEM   OBSERVED TIME   RECORD YEAR NORMAL DEPARTURE LAST
                VALUE   (LST)  VALUE       VALUE  FROM      YEAR
                                                  NORMAL
..................................................................
TEMPERATURE (F)
 YESTERDAY
  MAXIMUM         34    300 PM  68    1950  47    -13       55
  MINIMUM         21    438 AM   2    1933  28     -7       30
  AVERAGE         28                        38    -10       43

PRECIPITATION (IN)
  YESTERDAY        T             0.90 1969   0.05  -0.05     0.00
                                      1958
  MONTH TO DATE    1.49                      1.10   0.39     0.52
  SINCE OCT 1      8.10                      6.73   1.37     5.71
  SINCE JAN 1      3.46                      2.35   1.11     2.46

SNOWFALL (IN)
  YESTERDAY        T            10.8  1998   0.4   -0.4      0.0
  MONTH TO DATE    3.0                       9.7   -6.7      3.8
  SINCE OCT 1     43.0                      44.4   -1.4     31.6
  SINCE JUL 1     43.0                      44.4   -1.4     31.6
  SNOW DEPTH       1

DEGREE DAYS
 HEATING
  YESTERDAY       37                        27     10       22
  MONTH TO DATE  594                       782   -188      733
  SINCE DEC 1   2854                      2958   -104     2833
  SINCE JUL 1   3653                      4176   -523     3775

 COOLING
  YESTERDAY        0                         0      0        0
  MONTH TO DATE    0                         0      0        0
  SINCE DEC 1      0                         0      0        0
  SINCE JAN 1      0                         0      0        0
..................................................................


WIND (MPH)
  RESULTANT WIND SPEED   6   RESULTANT WIND DIRECTION  SE (130)
  HIGHEST WIND SPEED    18   HIGHEST WIND DIRECTION     N (340)
  HIGHEST GUST SPEED    22   HIGHEST GUST DIRECTION    NW (330)
  AVERAGE WIND SPEED     7.2


SKY COVER
  POSSIBLE SUNSHINE  MM
  AVERAGE SKY COVER 0.5


WEATHER CONDITIONS
 THE FOLLOWING WEATHER WAS RECORDED YESTERDAY.
  FOG
  HAZE


RELATIVE HUMIDITY (PERCENT)
 HIGHEST    81          1000 PM
 LOWEST     58          1100 AM
 AVERAGE    70

..........................................................


THE SALT LAKE CITY UT CLIMATE NORMALS FOR TODAY
                         NORMAL    RECORD    YEAR
 MAXIMUM TEMPERATURE (F)   48        67      1950
 MINIMUM TEMPERATURE (F)   29         3      1962


SUNRISE AND SUNSET
FEBRUARY 26 2017......SUNRISE   706 AM MST   SUNSET   616 PM MST
FEBRUARY 27 2017......SUNRISE   704 AM MST   SUNSET   617 PM MST


-  INDICATES NEGATIVE NUMBERS.
R  INDICATES RECORD WAS SET OR TIED.
MM INDICATES DATA IS MISSING.
T  INDICATES TRACE AMOUNT.




$$
