000
CDUS46 KPQR 221141
CLISLE


CLIMATE REPORT
NATIONAL WEATHER SERVICE PORTLAND OREGON
440 AM PDT MON SEP 22 2014


...................................

...THE SALEM OR CLIMATE SUMMARY FOR SEPTEMBER 21 2014...

CLIMATE NORMAL PERIOD 1981 TO 2010
CLIMATE RECORD PERIOD 1892 TO 2014


WEATHER ITEM   OBSERVED TIME   RECORD YEAR NORMAL DEPARTURE LAST
                VALUE   (LST)  VALUE       VALUE  FROM      YEAR
                                                  NORMAL
..................................................................
TEMPERATURE (F)
 YESTERDAY
  MAXIMUM         86    303 PM  97    1974  76     10       67
  MINIMUM         56    616 AM  33    1932  47      9       55
  AVERAGE         71                        61     10       61

PRECIPITATION (IN)
  YESTERDAY        0.00          1.01 1944   0.05  -0.05     0.05
  MONTH TO DATE    0.01                      0.78  -0.77     2.49
  SINCE OCT 1     27.41                     39.17 -11.76    36.71
  SINCE JAN 1     22.83                     22.78   0.05    14.45

DEGREE DAYS
 HEATING
  YESTERDAY        0                         4     -4        4
  MONTH TO DATE    3                        58    -55       14
  SINCE SEP 1      3                        58    -55       14
  SINCE JUL 1      7                       114   -107       19

 COOLING
  YESTERDAY        6                         1      5        0
  MONTH TO DATE   73                        32     41       75
  SINCE SEP 1     73                        32     41       75
  SINCE JAN 1    591                       284    307      502
..................................................................


WIND (MPH)
  HIGHEST WIND SPEED    16   HIGHEST WIND DIRECTION     W (260)
  HIGHEST GUST SPEED    18   HIGHEST GUST DIRECTION     W (260)
  AVERAGE WIND SPEED     6.5


SKY COVER
  POSSIBLE SUNSHINE  MM
  AVERAGE SKY COVER 0.0


WEATHER CONDITIONS
 THE FOLLOWING WEATHER WAS RECORDED YESTERDAY.
  NO SIGNIFICANT WEATHER WAS OBSERVED.


RELATIVE HUMIDITY (PERCENT)
 HIGHEST    86           600 AM
 LOWEST     32           200 PM
 AVERAGE    59

..........................................................


THE SALEM OR CLIMATE NORMALS FOR TODAY
                         NORMAL    RECORD    YEAR
 MAXIMUM TEMPERATURE (F)   75        95      1994
                                             1990
                                             1989
 MINIMUM TEMPERATURE (F)   47        32      1902


SUNRISE AND SUNSET
SEPTEMBER 22 2014.....SUNRISE   659 AM PDT   SUNSET   709 PM PDT
SEPTEMBER 23 2014.....SUNRISE   700 AM PDT   SUNSET   707 PM PDT


-  INDICATES NEGATIVE NUMBERS.
R  INDICATES RECORD WAS SET OR TIED.
MM INDICATES DATA IS MISSING.
T  INDICATES TRACE AMOUNT.




$$
