000
CDUS46 KPQR 101144
CLISLE


CLIMATE REPORT
NATIONAL WEATHER SERVICE PORTLAND OREGON
443 AM PDT THU JUL 10 2014


...................................

...THE SALEM OR CLIMATE SUMMARY FOR JULY 9 2014...

CLIMATE NORMAL PERIOD 1981 TO 2010
CLIMATE RECORD PERIOD 1892 TO 2014


WEATHER ITEM   OBSERVED TIME   RECORD YEAR NORMAL DEPARTURE LAST
                VALUE   (LST)  VALUE       VALUE  FROM      YEAR
                                                  NORMAL
..................................................................
TEMPERATURE (F)
 YESTERDAY
  MAXIMUM         89    435 PM 100    1926  81      8       92
  MINIMUM         60   1159 PM  39    1960  53      7       54
  AVERAGE         75                        67      8       73

PRECIPITATION (IN)
  YESTERDAY        0.00          0.23 1974   0.02  -0.02     0.00
  MONTH TO DATE    0.00                      0.20  -0.20     0.00
  SINCE OCT 1     26.59                     37.68 -11.09    33.87
  SINCE JAN 1     22.01                     21.29   0.72    11.61

DEGREE DAYS
 HEATING
  YESTERDAY        0                         1     -1        0
  MONTH TO DATE    0                        14    -14        0
  SINCE JUN 1     66                       144    -78       79
  SINCE JUL 1      0                        14    -14        0

 COOLING
  YESTERDAY       10                         3      7        8
  MONTH TO DATE   78                        21     57       56
  SINCE JUN 1     97                        49     48      109
  SINCE JAN 1    113                        58     55      119
..................................................................


WIND (MPH)
  HIGHEST WIND SPEED    15   HIGHEST WIND DIRECTION     N (350)
  HIGHEST GUST SPEED    24   HIGHEST GUST DIRECTION    NE (30)
  AVERAGE WIND SPEED     8.3


SKY COVER
  POSSIBLE SUNSHINE  MM
  AVERAGE SKY COVER 0.1


WEATHER CONDITIONS
 THE FOLLOWING WEATHER WAS RECORDED YESTERDAY.
  NO SIGNIFICANT WEATHER WAS OBSERVED.


RELATIVE HUMIDITY (PERCENT)
 HIGHEST    67           500 AM
 LOWEST     26           300 PM
 AVERAGE    47

..........................................................


THE SALEM OR CLIMATE NORMALS FOR TODAY
                         NORMAL    RECORD    YEAR
 MAXIMUM TEMPERATURE (F)   81       107      1926
 MINIMUM TEMPERATURE (F)   53        40      1972
                                             1893


SUNRISE AND SUNSET
JULY 10 2014..........SUNRISE   536 AM PDT   SUNSET   859 PM PDT
JULY 11 2014..........SUNRISE   537 AM PDT   SUNSET   858 PM PDT


-  INDICATES NEGATIVE NUMBERS.
R  INDICATES RECORD WAS SET OR TIED.
MM INDICATES DATA IS MISSING.
T  INDICATES TRACE AMOUNT.




$$
