000
CDUS46 KPQR 050221
CLISLE


CLIMATE REPORT
NATIONAL WEATHER SERVICE PORTLAND OREGON
721 PM PDT TUE AUG 4 2015


...................................

...THE SALEM OR CLIMATE SUMMARY FOR AUGUST 4 2015...
VALID TODAY AS OF 0700 PM LOCAL TIME.

CLIMATE NORMAL PERIOD 1981 TO 2010
CLIMATE RECORD PERIOD 1892 TO 2015


WEATHER ITEM   OBSERVED TIME   RECORD YEAR NORMAL DEPARTURE LAST
                VALUE   (LST)  VALUE       VALUE  FROM      YEAR
                                                  NORMAL
..................................................................
TEMPERATURE (F)
 TODAY
  MAXIMUM         85    456 PM 103    2012  84      1       94
  MINIMUM         58    519 AM  39    1931  54      4       61
  AVERAGE         72                        69      3       78

PRECIPITATION (IN)
  TODAY            0.00          0.22 1953   0.01  -0.01     0.00
  MONTH TO DATE    0.00                      0.03  -0.03     0.15
  SINCE OCT 1     32.82                     37.97  -5.15    27.20
  SINCE JAN 1     15.28                     21.58  -6.30    22.62

DEGREE DAYS
 HEATING
  TODAY            0                         1     -1        0
  MONTH TO DATE    0                         1     -1        0
  SINCE JUN 1     24                       161   -137       69
  SINCE JUL 1      2                        31    -29        3

 COOLING
  TODAY            7                         4      3       13
  MONTH TO DATE   39                        16     23       47
  SINCE JUN 1    460                       153    307      308
  SINCE JAN 1    473                       162    311      324
..................................................................


WIND (MPH)
  HIGHEST WIND SPEED    16   HIGHEST WIND DIRECTION    NW (310)
  HIGHEST GUST SPEED    20   HIGHEST GUST DIRECTION     N (360)
  AVERAGE WIND SPEED     7.9


SKY COVER
  POSSIBLE SUNSHINE  MM
  AVERAGE SKY COVER 0.0


WEATHER CONDITIONS
 THE FOLLOWING WEATHER WAS RECORDED TODAY.
  NO SIGNIFICANT WEATHER WAS OBSERVED.


RELATIVE HUMIDITY (PERCENT)
 HIGHEST    80           400 AM
 LOWEST     20           300 PM
 AVERAGE    50

..........................................................


THE SALEM OR CLIMATE NORMALS FOR TOMORROW
                         NORMAL    RECORD    YEAR
 MAXIMUM TEMPERATURE (F)   84       102      1945
 MINIMUM TEMPERATURE (F)   54        39      1935


SUNRISE AND SUNSET
AUGUST  4 2015........SUNRISE   601 AM PDT   SUNSET   835 PM PDT
AUGUST  5 2015........SUNRISE   602 AM PDT   SUNSET   833 PM PDT


-  INDICATES NEGATIVE NUMBERS.
R  INDICATES RECORD WAS SET OR TIED.
MM INDICATES DATA IS MISSING.
T  INDICATES TRACE AMOUNT.




$$
