048
CDUS46 KPQR 060023
CLISLE


CLIMATE REPORT
NATIONAL WEATHER SERVICE PORTLAND OREGON
423 PM PST MON DEC 5 2016


...................................

...THE SALEM OR CLIMATE SUMMARY FOR DECEMBER 5 2016...
VALID TODAY AS OF 0400 PM LOCAL TIME.

CLIMATE NORMAL PERIOD 1981 TO 2010
CLIMATE RECORD PERIOD 1892 TO 2016


WEATHER ITEM   OBSERVED TIME   RECORD YEAR NORMAL DEPARTURE LAST
                VALUE   (LST)  VALUE       VALUE  FROM      YEAR
                                                  NORMAL
..................................................................
TEMPERATURE (F)
 TODAY
  MAXIMUM         41    319 PM  59    1944  47     -6       57
  MINIMUM         35    217 AM  17    2013  35      0       39
  AVERAGE         38                        41     -3       48

PRECIPITATION (IN)
  TODAY            0.26          1.90 1981   0.24   0.02     0.14
  MONTH TO DATE    0.89                      1.23  -0.34     2.69
  SINCE OCT 1     19.04                     10.76   8.28    11.00
  SINCE JAN 1     42.74                     34.04   8.70    28.12

DEGREE DAYS
 HEATING
  TODAY           27                        24      3       17
  MONTH TO DATE  111                       117     -6      102
  SINCE DEC 1    111                       117     -6      102
  SINCE JUL 1    915                      1234   -319      982

 COOLING
  TODAY            0                         0      0        0
  MONTH TO DATE    0                         0      0        0
  SINCE DEC 1      0                         0      0        0
  SINCE JAN 1    465                       290    175      682
..................................................................


WIND (MPH)
  HIGHEST WIND SPEED    21   HIGHEST WIND DIRECTION     S (180)
  HIGHEST GUST SPEED    27   HIGHEST GUST DIRECTION     S (190)
  AVERAGE WIND SPEED    11.2


SKY COVER
  POSSIBLE SUNSHINE  MM
  AVERAGE SKY COVER 0.9


WEATHER CONDITIONS
 THE FOLLOWING WEATHER WAS RECORDED TODAY.
  LIGHT RAIN
  FOG


RELATIVE HUMIDITY (PERCENT)
 HIGHEST    92          1200 AM
 LOWEST     85           100 AM
 AVERAGE    89

..........................................................


THE SALEM OR CLIMATE NORMALS FOR TOMORROW
                         NORMAL    RECORD    YEAR
 MAXIMUM TEMPERATURE (F)   47        60      1988
                                             1965
 MINIMUM TEMPERATURE (F)   35        18      1956


SUNRISE AND SUNSET
DECEMBER  5 2016......SUNRISE   735 AM PST   SUNSET   431 PM PST
DECEMBER  6 2016......SUNRISE   736 AM PST   SUNSET   431 PM PST


-  INDICATES NEGATIVE NUMBERS.
R  INDICATES RECORD WAS SET OR TIED.
MM INDICATES DATA IS MISSING.
T  INDICATES TRACE AMOUNT.




$$
