000
CDUS46 KPQR 210228
CLISLE


CLIMATE REPORT
NATIONAL WEATHER SERVICE PORTLAND OREGON
728 PM PDT WED AUG 20 2014


...................................

...THE SALEM OR CLIMATE SUMMARY FOR AUGUST 20 2014...
VALID TODAY AS OF 0700 PM LOCAL TIME.

CLIMATE NORMAL PERIOD 1981 TO 2010
CLIMATE RECORD PERIOD 1892 TO 2014


WEATHER ITEM   OBSERVED TIME   RECORD YEAR NORMAL DEPARTURE LAST
                VALUE   (LST)  VALUE       VALUE  FROM      YEAR
                                                  NORMAL
..................................................................
TEMPERATURE (F)
 TODAY
  MAXIMUM         79    536 PM  98    1951  82     -3       86
  MINIMUM         63    747 AM  41    1973  53     10       52
  AVERAGE         71                        67      4       69

PRECIPITATION (IN)
  TODAY            0.00          0.50 1899   0.02  -0.02     0.00
  MONTH TO DATE    0.28                      0.22   0.06     0.02
  SINCE OCT 1     27.33                     38.16 -10.83    33.89
  SINCE JAN 1     22.75                     21.77   0.98    11.63

DEGREE DAYS
 HEATING
  TODAY            0                         1     -1        0
  MONTH TO DATE    0                        17    -17        2
  SINCE JUN 1     69                       177   -108       83
  SINCE JUL 1      3                        47    -44        4

 COOLING
  TODAY            6                         3      3        4
  MONTH TO DATE  179                        75    104      121
  SINCE JUN 1    440                       212    228      350
  SINCE JAN 1    456                       221    235      360
..................................................................


WIND (MPH)
  HIGHEST WIND SPEED    14   HIGHEST WIND DIRECTION     W (290)
  HIGHEST GUST SPEED    17   HIGHEST GUST DIRECTION     W (290)
  AVERAGE WIND SPEED     5.9


SKY COVER
  POSSIBLE SUNSHINE  MM
  AVERAGE SKY COVER 0.5


WEATHER CONDITIONS
 THE FOLLOWING WEATHER WAS RECORDED TODAY.
  NO SIGNIFICANT WEATHER WAS OBSERVED.


RELATIVE HUMIDITY (PERCENT)
 HIGHEST    78          1200 AM
 LOWEST     32           500 PM
 AVERAGE    55

..........................................................


THE SALEM OR CLIMATE NORMALS FOR TOMORROW
                         NORMAL    RECORD    YEAR
 MAXIMUM TEMPERATURE (F)   82        99      1961
 MINIMUM TEMPERATURE (F)   52        39      1980


SUNRISE AND SUNSET
AUGUST 20 2014........SUNRISE   620 AM PDT   SUNSET   810 PM PDT
AUGUST 21 2014........SUNRISE   621 AM PDT   SUNSET   808 PM PDT


-  INDICATES NEGATIVE NUMBERS.
R  INDICATES RECORD WAS SET OR TIED.
MM INDICATES DATA IS MISSING.
T  INDICATES TRACE AMOUNT.




$$
