484
CDUS46 KPQR 221141
CLISLE


CLIMATE REPORT
NATIONAL WEATHER SERVICE PORTLAND OREGON
441 AM PDT FRI MAY 22 2015


...................................

...THE SALEM OR CLIMATE SUMMARY FOR MAY 21 2015...

CLIMATE NORMAL PERIOD 1981 TO 2010
CLIMATE RECORD PERIOD 1892 TO 2015


WEATHER ITEM   OBSERVED TIME   RECORD YEAR NORMAL DEPARTURE LAST
                VALUE   (LST)  VALUE       VALUE  FROM      YEAR
                                                  NORMAL
..................................................................
TEMPERATURE (F)
 YESTERDAY
  MAXIMUM         74    421 PM  90    1958  69      5       73
  MINIMUM         56   1159 PM  32    1971  46     10       46
  AVERAGE         65                        57      8       60

PRECIPITATION (IN)
  YESTERDAY        0.04          0.96 2010   0.07  -0.03     0.00
  MONTH TO DATE    0.69                      1.48  -0.79     1.90
  SINCE OCT 1     32.11                     35.19  -3.08    25.78
  SINCE JAN 1     14.57                     18.80  -4.23    21.20

DEGREE DAYS
 HEATING
  YESTERDAY        0                         8     -8        5
  MONTH TO DATE  133                       208    -75      129
  SINCE MAR 1    960                      1211   -251      970
  SINCE JUL 1   3430                      4451  -1021     4256

 COOLING
  YESTERDAY        0                         0      0        0
  MONTH TO DATE    0                         0      0       13
  SINCE MAR 1      0                         0      0       14
  SINCE JAN 1      0                         0      0       14
..................................................................


WIND (MPH)
  HIGHEST WIND SPEED    13   HIGHEST WIND DIRECTION     W (290)
  HIGHEST GUST SPEED    16   HIGHEST GUST DIRECTION     W (290)
  AVERAGE WIND SPEED     4.2


SKY COVER
  POSSIBLE SUNSHINE  MM
  AVERAGE SKY COVER 0.9


WEATHER CONDITIONS
 THE FOLLOWING WEATHER WAS RECORDED YESTERDAY.
  LIGHT RAIN


RELATIVE HUMIDITY (PERCENT)
 HIGHEST    90          1200 AM
 LOWEST     57           400 PM
 AVERAGE    74

..........................................................


THE SALEM OR CLIMATE NORMALS FOR TODAY
                         NORMAL    RECORD    YEAR
 MAXIMUM TEMPERATURE (F)   69        93      2001
 MINIMUM TEMPERATURE (F)   46        31      1960


SUNRISE AND SUNSET
MAY 22 2015...........SUNRISE   536 AM PDT   SUNSET   842 PM PDT
MAY 23 2015...........SUNRISE   535 AM PDT   SUNSET   843 PM PDT


-  INDICATES NEGATIVE NUMBERS.
R  INDICATES RECORD WAS SET OR TIED.
MM INDICATES DATA IS MISSING.
T  INDICATES TRACE AMOUNT.




$$
