000
CDUS46 KPQR 252321
CLISLE


CLIMATE REPORT
NATIONAL WEATHER SERVICE PORTLAND OREGON
420 PM PDT MON JUL 25 2016


...................................

...THE SALEM OR CLIMATE SUMMARY FOR JULY 25 2016...
VALID TODAY AS OF 0400 PM LOCAL TIME.

CLIMATE NORMAL PERIOD 1981 TO 2010
CLIMATE RECORD PERIOD 1892 TO 2016


WEATHER ITEM   OBSERVED TIME   RECORD YEAR NORMAL DEPARTURE LAST
                VALUE   (LST)  VALUE       VALUE  FROM      YEAR
                                                  NORMAL
..................................................................
TEMPERATURE (F)
 TODAY
  MAXIMUM         88    259 PM 102    1988  84      4       74
  MINIMUM         59    540 AM  36    1920  54      5       61
  AVERAGE         74                        69      5       68

PRECIPITATION (IN)
  TODAY            0.00          0.08 1909   0.01  -0.01     0.01
  MONTH TO DATE    0.45                      0.40   0.05     0.01
  SINCE OCT 1     45.30                     37.88   7.42    32.82
  SINCE JAN 1     21.75                     21.49   0.26    15.28

DEGREE DAYS
 HEATING
  TODAY            0                         1     -1        0
  MONTH TO DATE    5                        30    -25        0
  SINCE JUN 1     83                       160    -77       22
  SINCE JUL 1      5                        30    -25        0

 COOLING
  TODAY            9                         4      5        3
  MONTH TO DATE   72                        81     -9      204
  SINCE JUN 1    163                       109     54      364
  SINCE JAN 1    184                       118     66      377
..................................................................


WIND (MPH)
  HIGHEST WIND SPEED    10   HIGHEST WIND DIRECTION    NW (330)
  HIGHEST GUST SPEED    14   HIGHEST GUST DIRECTION    NW (320)
  AVERAGE WIND SPEED     3.9


SKY COVER
  POSSIBLE SUNSHINE  MM
  AVERAGE SKY COVER 0.0


WEATHER CONDITIONS
 THE FOLLOWING WEATHER WAS RECORDED TODAY.
  NO SIGNIFICANT WEATHER WAS OBSERVED.


RELATIVE HUMIDITY (PERCENT)
 HIGHEST    84           300 AM
 LOWEST     34           300 PM
 AVERAGE    59

..........................................................


THE SALEM OR CLIMATE NORMALS FOR TOMORROW
                         NORMAL    RECORD    YEAR
 MAXIMUM TEMPERATURE (F)   84       103      1988
                                             1939
 MINIMUM TEMPERATURE (F)   54        38      1920


SUNRISE AND SUNSET
JULY 25 2016..........SUNRISE   551 AM PDT   SUNSET   846 PM PDT
JULY 26 2016..........SUNRISE   552 AM PDT   SUNSET   845 PM PDT


-  INDICATES NEGATIVE NUMBERS.
R  INDICATES RECORD WAS SET OR TIED.
MM INDICATES DATA IS MISSING.
T  INDICATES TRACE AMOUNT.




$$
