000
CDUS46 KPQR 191141
CLISLE


CLIMATE REPORT
NATIONAL WEATHER SERVICE PORTLAND OREGON
441 AM PDT THU OCT 19 2017


...................................

...THE SALEM OR CLIMATE SUMMARY FOR OCTOBER 18 2017...

CLIMATE NORMAL PERIOD 1981 TO 2010
CLIMATE RECORD PERIOD 1892 TO 2017


WEATHER ITEM   OBSERVED TIME   RECORD YEAR NORMAL DEPARTURE LAST
                VALUE   (LST)  VALUE       VALUE  FROM      YEAR
                                                  NORMAL
..................................................................
TEMPERATURE (F)
 YESTERDAY
  MAXIMUM         67    130 PM  84    1940  63      4       60
  MINIMUM         55    655 AM  28    1966  42     13       47
                                      1945
  AVERAGE         61                        52      9       54

PRECIPITATION (IN)
  YESTERDAY        T             1.53 1979   0.10  -0.10     0.18
  MONTH TO DATE    1.31                      1.35  -0.04     8.57
  SINCE OCT 1      1.31                      1.35  -0.04     8.57
  SINCE JAN 1     37.12                     24.63  12.49    32.28

DEGREE DAYS
 HEATING
  YESTERDAY        4                        13     -9       11
  MONTH TO DATE  203                       177     26      160
  SINCE SEP 1    284                       286     -2      250
  SINCE JUL 1    286                       342    -56      265

 COOLING
  YESTERDAY        0                         0      0        0
  MONTH TO DATE    0                         0      0        0
  SINCE SEP 1    127                        37     90       19
  SINCE JAN 1    647                       289    358      465
..................................................................


WIND (MPH)
  HIGHEST WIND SPEED    25   HIGHEST WIND DIRECTION     S (190)
  HIGHEST GUST SPEED    38   HIGHEST GUST DIRECTION     S (200)
  AVERAGE WIND SPEED    12.8


SKY COVER
  POSSIBLE SUNSHINE  MM
  AVERAGE SKY COVER 0.5


WEATHER CONDITIONS
 THE FOLLOWING WEATHER WAS RECORDED YESTERDAY.
  FOG


RELATIVE HUMIDITY (PERCENT)
 HIGHEST    93          1200 AM
 LOWEST     63          1200 PM
 AVERAGE    78

..........................................................


THE SALEM OR CLIMATE NORMALS FOR TODAY
                         NORMAL    RECORD    YEAR
 MAXIMUM TEMPERATURE (F)   63        81      1940
 MINIMUM TEMPERATURE (F)   42        27      1982


SUNRISE AND SUNSET
OCTOBER 19 2017.......SUNRISE   733 AM PDT   SUNSET   620 PM PDT
OCTOBER 20 2017.......SUNRISE   735 AM PDT   SUNSET   618 PM PDT


-  INDICATES NEGATIVE NUMBERS.
R  INDICATES RECORD WAS SET OR TIED.
MM INDICATES DATA IS MISSING.
T  INDICATES TRACE AMOUNT.




$$
