000
CDUS46 KPQR 230221
CLISLE


CLIMATE REPORT
NATIONAL WEATHER SERVICE PORTLAND OREGON
620 PM PST MON DEC 22 2014


...................................

...THE SALEM OR CLIMATE SUMMARY FOR DECEMBER 22 2014...
VALID TODAY AS OF 0600 PM LOCAL TIME.

CLIMATE NORMAL PERIOD 1981 TO 2010
CLIMATE RECORD PERIOD 1892 TO 2014


WEATHER ITEM   OBSERVED TIME   RECORD YEAR NORMAL DEPARTURE LAST
                VALUE   (LST)  VALUE       VALUE  FROM      YEAR
                                                  NORMAL
..................................................................
TEMPERATURE (F)
 TODAY
  MAXIMUM         57    203 PM  61    1964  45     12       56
  MINIMUM         47    558 PM   7    1990  33     14       40
  AVERAGE         52                        39     13       48

PRECIPITATION (IN)
  TODAY            T             1.98 1964   0.21  -0.21      T
  MONTH TO DATE    5.49                      4.98   0.51     1.23
  SINCE OCT 1     16.16                     14.51   1.65     4.54
  SINCE JAN 1     40.18                     37.79   2.39    23.54

DEGREE DAYS
 HEATING
  TODAY           13                        26    -13       17
  MONTH TO DATE  403                       543   -140      648
  SINCE DEC 1    403                       543   -140      648
  SINCE JUL 1   1169                      1660   -491     1691

 COOLING
  TODAY            0                         0      0        0
  MONTH TO DATE    0                         0      0        0
  SINCE DEC 1      0                         0      0        0
  SINCE JAN 1    605                       290    315      502
..................................................................


WIND (MPH)
  HIGHEST WIND SPEED     7   HIGHEST WIND DIRECTION    NE (40)
  HIGHEST GUST SPEED     9   HIGHEST GUST DIRECTION     S (190)
  AVERAGE WIND SPEED     2.1


SKY COVER
  POSSIBLE SUNSHINE  MM
  AVERAGE SKY COVER 0.9


WEATHER CONDITIONS
 THE FOLLOWING WEATHER WAS RECORDED TODAY.
  FOG


RELATIVE HUMIDITY (PERCENT)
 HIGHEST    93           700 AM
 LOWEST     72           100 PM
 AVERAGE    83

..........................................................


THE SALEM OR CLIMATE NORMALS FOR TOMORROW
                         NORMAL    RECORD    YEAR
 MAXIMUM TEMPERATURE (F)   45        64      1950
                                             1925
 MINIMUM TEMPERATURE (F)   33        11      1990
                                             1983


SUNRISE AND SUNSET
DECEMBER 22 2014......SUNRISE   747 AM PST   SUNSET   434 PM PST
DECEMBER 23 2014......SUNRISE   748 AM PST   SUNSET   435 PM PST


-  INDICATES NEGATIVE NUMBERS.
R  INDICATES RECORD WAS SET OR TIED.
MM INDICATES DATA IS MISSING.
T  INDICATES TRACE AMOUNT.




$$
