000
CDUS41 KBTV 120925
CLISLK


CLIMATE REPORT
NATIONAL WEATHER SERVICE BURLINGTON VT
423 AM EST TUE DEC 12 2017


...................................

...THE SARANAC LAKE NY CLIMATE SUMMARY FOR DECEMBER 11 2017...

CLIMATE NORMAL PERIOD 1981 TO 2010
CLIMATE RECORD PERIOD 9999 TO 9999


WEATHER ITEM   OBSERVED TIME   NORMAL DEPARTURE LAST
                VALUE   (LST)  VALUE  FROM      YEAR
                                      NORMAL
......................................................
TEMPERATURE (F)
 YESTERDAY
  MAXIMUM         23    403 AM  30     -7       22
  MINIMUM          3    825 PM  11     -8       -7
  AVERAGE         13            20     -7        8

PRECIPITATION (IN)
  YESTERDAY        0.03          0.08  -0.05      T
  MONTH TO DATE    0.65          0.97  -0.32     1.01
  SINCE DEC 1      0.65          0.97  -0.32     1.01
  SINCE JAN 1     42.38         36.20   6.18    31.74

DEGREE DAYS
 HEATING
  YESTERDAY       52            44      8       57
  MONTH TO DATE  420           464    -44      455
  SINCE DEC 1    420           464    -44      455
  SINCE JUL 1   2477          2739   -262     2297

 COOLING
  YESTERDAY        0             0      0        0
  MONTH TO DATE    0             0      0        0
  SINCE DEC 1      0             0      0        0
  SINCE JAN 1     69           114    -45      166
......................................................


WIND (MPH)
  HIGHEST WIND SPEED     9   HIGHEST WIND DIRECTION    NE (60)
  HIGHEST GUST SPEED    14   HIGHEST GUST DIRECTION    SW (230)
  AVERAGE WIND SPEED     4.5


SKY COVER
  AVERAGE SKY COVER 0.8


WEATHER CONDITIONS
 THE FOLLOWING WEATHER WAS RECORDED YESTERDAY.
  LIGHT SNOW
  FOG
  HAZE


RELATIVE HUMIDITY (PERCENT)
 HIGHEST   100           500 AM
 LOWEST     61           200 PM
 AVERAGE    81

..........................................................


THE SARANAC LAKE NY CLIMATE NORMALS FOR TODAY
                         NORMAL    RECORD    YEAR
 MAXIMUM TEMPERATURE (F)   30        46      2010
 MINIMUM TEMPERATURE (F)   11       -10      2013


SUNRISE AND SUNSET
DECEMBER 12 2017......SUNRISE   724 AM EST   SUNSET   417 PM EST
DECEMBER 13 2017......SUNRISE   725 AM EST   SUNSET   418 PM EST


-  INDICATES NEGATIVE NUMBERS.
R  INDICATES RECORD WAS SET OR TIED.
MM INDICATES DATA IS MISSING.
T  INDICATES TRACE AMOUNT.




$$
