000
CDUS41 KBTV 190612
CLISLK


CLIMATE REPORT
NATIONAL WEATHER SERVICE BURLINGTON VT
210 AM EDT SAT AUG 19 2017


...................................

...THE SARANAC LAKE NY CLIMATE SUMMARY FOR AUGUST 18 2017...

CLIMATE NORMAL PERIOD 1981 TO 2010
CLIMATE RECORD PERIOD 9999 TO 9999


WEATHER ITEM   OBSERVED TIME   NORMAL DEPARTURE LAST
                VALUE   (LST)  VALUE  FROM      YEAR
                                      NORMAL
......................................................
TEMPERATURE (F)
 YESTERDAY
  MAXIMUM         82    338 PM  74      8       79
  MINIMUM         61    359 AM  49     12       55
  AVERAGE         72            61     11       67

PRECIPITATION (IN)
  YESTERDAY        0.20          0.15   0.05     0.03
  MONTH TO DATE    2.44          2.36   0.08     2.46
  SINCE JUN 1     14.33         10.40   3.93     8.53
  SINCE JAN 1     30.42         22.75   7.67    21.04

DEGREE DAYS
 HEATING
  YESTERDAY        0             5     -5        0
  MONTH TO DATE   65            74     -9       17
  SINCE JUN 1    375           352     23      305
  SINCE JUL 1    157           168    -11       90

 COOLING
  YESTERDAY        7             1      6        2
  MONTH TO DATE   12            18     -6       48
  SINCE JUN 1     45            90    -45      112
  SINCE JAN 1     51            93    -42      130
......................................................


WIND (MPH)
  HIGHEST WIND SPEED    18   HIGHEST WIND DIRECTION    SW (210)
  HIGHEST GUST SPEED    25   HIGHEST GUST DIRECTION    SW (210)
  AVERAGE WIND SPEED     5.5


SKY COVER
  AVERAGE SKY COVER 0.7


WEATHER CONDITIONS
 THE FOLLOWING WEATHER WAS RECORDED YESTERDAY.
  HEAVY RAIN
  RAIN
  LIGHT RAIN
  FOG


RELATIVE HUMIDITY (PERCENT)
 HIGHEST   100           600 AM
 LOWEST     55           300 PM
 AVERAGE    78

..........................................................


THE SARANAC LAKE NY CLIMATE NORMALS FOR TODAY
                         NORMAL    RECORD    YEAR
 MAXIMUM TEMPERATURE (F)   74        86      2015
 MINIMUM TEMPERATURE (F)   49        34      2012


SUNRISE AND SUNSET
AUGUST 19 2017........SUNRISE   605 AM EDT   SUNSET   755 PM EDT
AUGUST 20 2017........SUNRISE   606 AM EDT   SUNSET   753 PM EDT


-  INDICATES NEGATIVE NUMBERS.
R  INDICATES RECORD WAS SET OR TIED.
MM INDICATES DATA IS MISSING.
T  INDICATES TRACE AMOUNT.




$$
