000
CDUS41 KBTV 220538
CLISLK


CLIMATE REPORT
NATIONAL WEATHER SERVICE BURLINGTON VT
137 AM EDT FRI MAY 22 2015


...................................

...THE SARANAC LAKE NY CLIMATE SUMMARY FOR MAY 21 2015...

CLIMATE NORMAL PERIOD 1981 TO 2010
CLIMATE RECORD PERIOD 9999 TO 9999


WEATHER ITEM   OBSERVED TIME   NORMAL DEPARTURE LAST
                VALUE   (LST)  VALUE  FROM      YEAR
                                      NORMAL
......................................................
TEMPERATURE (F)
 YESTERDAY
  MAXIMUM         64    234 PM  65     -1       72
  MINIMUM         32    215 AM  39     -7       31
  AVERAGE         48            52     -4       52

PRECIPITATION (IN)
  YESTERDAY        0.00          0.12  -0.12     0.00
  MONTH TO DATE    1.48          2.19  -0.71     3.11
  SINCE MAR 1      4.81          7.36  -2.55     8.80
  SINCE JAN 1      5.68         11.10  -5.42    11.42

DEGREE DAYS
 HEATING
  YESTERDAY       17            13      4       13
  MONTH TO DATE  230           349   -119      325
  SINCE MAR 1   2451          2415     36     2684
  SINCE JUL 1   9234          9120    114     9668

 COOLING
  YESTERDAY        0             0      0        0
  MONTH TO DATE    5             0      5        1
  SINCE MAR 1      5             0      5        1
  SINCE JAN 1      5             0      5        1
......................................................


WIND (MPH)
  HIGHEST WIND SPEED    17   HIGHEST WIND DIRECTION    SW (210)
  HIGHEST GUST SPEED    26   HIGHEST GUST DIRECTION    SW (220)
  AVERAGE WIND SPEED     7.0


SKY COVER
  AVERAGE SKY COVER 0.3


WEATHER CONDITIONS
 THE FOLLOWING WEATHER WAS RECORDED YESTERDAY.
  NO SIGNIFICANT WEATHER WAS OBSERVED.


RELATIVE HUMIDITY (PERCENT)
 HIGHEST    89           100 AM
 LOWEST     25           200 PM
 AVERAGE    57

..........................................................


THE SARANAC LAKE NY CLIMATE NORMALS FOR TODAY
                         NORMAL    RECORD    YEAR
 MAXIMUM TEMPERATURE (F)   66        82      2010
 MINIMUM TEMPERATURE (F)   39        25      2007


SUNRISE AND SUNSET
MAY 22 2015...........SUNRISE   523 AM EDT   SUNSET   825 PM EDT
MAY 23 2015...........SUNRISE   522 AM EDT   SUNSET   826 PM EDT


-  INDICATES NEGATIVE NUMBERS.
R  INDICATES RECORD WAS SET OR TIED.
MM INDICATES DATA IS MISSING.
T  INDICATES TRACE AMOUNT.




$$
