000
CDUS41 KBTV 230550
CLISLK


CLIMATE REPORT
NATIONAL WEATHER SERVICE BURLINGTON VT
147 AM EDT WED APR 23 2014


...................................

...THE SARANAC LAKE NY CLIMATE SUMMARY FOR APRIL 22 2014...

CLIMATE NORMAL PERIOD 1981 TO 2010
CLIMATE RECORD PERIOD 9999 TO 9999


WEATHER ITEM   OBSERVED TIME   NORMAL DEPARTURE LAST
                VALUE   (LST)  VALUE  FROM      YEAR
                                      NORMAL
......................................................
TEMPERATURE (F)
 YESTERDAY
  MAXIMUM         59   1049 AM  54      5       54
  MINIMUM         42    453 AM  28     14       14
  AVERAGE         51            41     10       34

PRECIPITATION (IN)
  YESTERDAY        0.16          0.09   0.07     0.00
  MONTH TO DATE    2.34          2.07   0.27     2.20
  SINCE MAR 1      3.97          4.35  -0.38     3.05
  SINCE JAN 1      6.59          8.09  -1.50     4.94

DEGREE DAYS
 HEATING
  YESTERDAY       14            24    -10       31
  MONTH TO DATE  607           632    -25      659
  SINCE MAR 1   2159          1889    270     1920
  SINCE JUL 1   9143          8594    549     8177

 COOLING
  YESTERDAY        0             0      0        0
  MONTH TO DATE    0             0      0        0
  SINCE MAR 1      0             0      0        0
  SINCE JAN 1      0             0      0        0
......................................................


WIND (MPH)
  HIGHEST WIND SPEED    18   HIGHEST WIND DIRECTION    SW (210)
  HIGHEST GUST SPEED    24   HIGHEST GUST DIRECTION    SW (210)
  AVERAGE WIND SPEED     5.6


SKY COVER
  AVERAGE SKY COVER 1.0


WEATHER CONDITIONS
 THE FOLLOWING WEATHER WAS RECORDED YESTERDAY.
  RAIN
  LIGHT RAIN
  FOG


RELATIVE HUMIDITY (PERCENT)
 HIGHEST   100           800 PM
 LOWEST     43           900 AM
 AVERAGE    72

..........................................................


THE SARANAC LAKE NY CLIMATE NORMALS FOR TODAY
                         NORMAL    RECORD    YEAR
 MAXIMUM TEMPERATURE (F)   54        MM        MM
 MINIMUM TEMPERATURE (F)   29        MM        MM


SUNRISE AND SUNSET
APRIL 23 2014.........SUNRISE   600 AM EDT   SUNSET   751 PM EDT
APRIL 24 2014.........SUNRISE   558 AM EDT   SUNSET   752 PM EDT


-  INDICATES NEGATIVE NUMBERS.
R  INDICATES RECORD WAS SET OR TIED.
MM INDICATES DATA IS MISSING.
T  INDICATES TRACE AMOUNT.




$$
