000
CDUS41 KBTV 210540
CLISLK


CLIMATE REPORT
NATIONAL WEATHER SERVICE BURLINGTON VT
1238 AM EST SUN DEC 21 2014


...................................

...THE SARANAC LAKE NY CLIMATE SUMMARY FOR DECEMBER 20 2014...

CLIMATE NORMAL PERIOD 1981 TO 2010
CLIMATE RECORD PERIOD 9999 TO 9999


WEATHER ITEM   OBSERVED TIME   NORMAL DEPARTURE LAST
                VALUE   (LST)  VALUE  FROM      YEAR
                                      NORMAL
......................................................
TEMPERATURE (F)
 YESTERDAY
  MAXIMUM         27    259 PM  27      0       40
  MINIMUM          3   1107 PM   7     -4       27
  AVERAGE         15            17     -2       34

PRECIPITATION (IN)
  YESTERDAY        0.00          0.07  -0.07     0.39
  MONTH TO DATE    0.85          1.59  -0.74     0.93
  SINCE DEC 1      0.85          1.59  -0.74     0.93
  SINCE JAN 1     34.07         36.82  -2.75    39.78

DEGREE DAYS
 HEATING
  YESTERDAY       50            48      2       31
  MONTH TO DATE  828           881    -53      957
  SINCE DEC 1    828           881    -53      957
  SINCE JUL 1   2992          3156   -164     3343

 COOLING
  YESTERDAY        0             0      0        0
  MONTH TO DATE    0             0      0        0
  SINCE DEC 1      0             0      0        0
  SINCE JAN 1     83           114    -31      187
......................................................


WIND (MPH)
  HIGHEST WIND SPEED     8   HIGHEST WIND DIRECTION    SW (210)
  HIGHEST GUST SPEED     9   HIGHEST GUST DIRECTION    SW (210)
  AVERAGE WIND SPEED     0.3


SKY COVER
  AVERAGE SKY COVER 0.3


WEATHER CONDITIONS
 THE FOLLOWING WEATHER WAS RECORDED YESTERDAY.
  FOG
  HAZE


RELATIVE HUMIDITY (PERCENT)
 HIGHEST    92          1000 AM
 LOWEST     75           300 PM
 AVERAGE    84

..........................................................


THE SARANAC LAKE NY CLIMATE NORMALS FOR TODAY
                         NORMAL    RECORD    YEAR
 MAXIMUM TEMPERATURE (F)   27        MM        MM
 MINIMUM TEMPERATURE (F)    7        MM        MM


SUNRISE AND SUNSET
DECEMBER 21 2014......SUNRISE   730 AM EST   SUNSET   420 PM EST
DECEMBER 22 2014......SUNRISE   730 AM EST   SUNSET   421 PM EST


-  INDICATES NEGATIVE NUMBERS.
R  INDICATES RECORD WAS SET OR TIED.
MM INDICATES DATA IS MISSING.
T  INDICATES TRACE AMOUNT.




$$
