000
CDUS41 KBTV 020530
CLISLK


CLIMATE REPORT
NATIONAL WEATHER SERVICE BURLINGTON VT
127 AM EDT MON MAY 2 2016


...................................

...THE SARANAC LAKE NY CLIMATE SUMMARY FOR MAY 1 2016...

CLIMATE NORMAL PERIOD 1981 TO 2010
CLIMATE RECORD PERIOD 9999 TO 9999


WEATHER ITEM   OBSERVED TIME   NORMAL DEPARTURE LAST
                VALUE   (LST)  VALUE  FROM      YEAR
                                      NORMAL
......................................................
TEMPERATURE (F)
 YESTERDAY
  MAXIMUM         45    307 PM  58    -13       60
  MINIMUM         38    449 AM  31      7       27
  AVERAGE         42            45     -3       44

PRECIPITATION (IN)
  YESTERDAY        0.25          0.09   0.16     0.00
  MONTH TO DATE    0.25          0.09   0.16     0.00
  SINCE MAR 1      5.95          5.26   0.69     3.33
  SINCE JAN 1      9.83          9.00   0.83     4.20

DEGREE DAYS
 HEATING
  YESTERDAY       23            20      3       21
  MONTH TO DATE   23            20      3       21
  SINCE MAR 1   1955          2086   -131     2242
  SINCE JUL 1   7550          8791  -1241     9025

 COOLING
  YESTERDAY        0             0      0        0
  MONTH TO DATE    0             0      0        0
  SINCE MAR 1      0             0      0        0
  SINCE JAN 1      0             0      0        0
......................................................


WIND (MPH)
  HIGHEST WIND SPEED    10   HIGHEST WIND DIRECTION     S (170)
  HIGHEST GUST SPEED    14   HIGHEST GUST DIRECTION     S (170)
  AVERAGE WIND SPEED     2.8


SKY COVER
  AVERAGE SKY COVER 0.8


WEATHER CONDITIONS
 THE FOLLOWING WEATHER WAS RECORDED YESTERDAY.
  LIGHT RAIN
  FOG


RELATIVE HUMIDITY (PERCENT)
 HIGHEST    92          1000 AM
 LOWEST     29           200 AM
 AVERAGE    61

..........................................................


THE SARANAC LAKE NY CLIMATE NORMALS FOR TODAY
                         NORMAL    RECORD    YEAR
 MAXIMUM TEMPERATURE (F)   59        81      2010
 MINIMUM TEMPERATURE (F)   32        27      2007


SUNRISE AND SUNSET
MAY  2 2016...........SUNRISE   545 AM EDT   SUNSET   803 PM EDT
MAY  3 2016...........SUNRISE   544 AM EDT   SUNSET   804 PM EDT


-  INDICATES NEGATIVE NUMBERS.
R  INDICATES RECORD WAS SET OR TIED.
MM INDICATES DATA IS MISSING.
T  INDICATES TRACE AMOUNT.




$$
