000
CDUS41 KBTV 090542
CLISLK


CLIMATE REPORT
NATIONAL WEATHER SERVICE BURLINGTON VT
1240 AM EST TUE FEB 9 2016


...................................

...THE SARANAC LAKE NY CLIMATE SUMMARY FOR FEBRUARY 8 2016...

CLIMATE NORMAL PERIOD 1981 TO 2010
CLIMATE RECORD PERIOD 9999 TO 9999


WEATHER ITEM   OBSERVED TIME   NORMAL DEPARTURE LAST
                VALUE   (LST)  VALUE  FROM      YEAR
                                      NORMAL
......................................................
TEMPERATURE (F)
 YESTERDAY
  MAXIMUM         30    143 PM  27      3        7
  MINIMUM         10    352 AM   1      9        2
  AVERAGE         20            14      6        5

PRECIPITATION (IN)
  YESTERDAY        0.03          0.06  -0.03     0.08
  MONTH TO DATE    0.64          0.47   0.17     0.16
  SINCE DEC 1      5.28          4.89   0.39     2.71
  SINCE JAN 1      1.33          2.60  -1.27     0.77

DEGREE DAYS
 HEATING
  YESTERDAY       45            51     -6       60
  MONTH TO DATE  294           414   -120      499
  SINCE DEC 1   2642          3441   -799     3341
  SINCE JUL 1   4592          5716  -1124     5505

 COOLING
  YESTERDAY        0             0      0        0
  MONTH TO DATE    0             0      0        0
  SINCE DEC 1      0             0      0        0
  SINCE JAN 1      0             0      0        0
......................................................


WIND (MPH)
  HIGHEST WIND SPEED    17   HIGHEST WIND DIRECTION     E (70)
  HIGHEST GUST SPEED    22   HIGHEST GUST DIRECTION    NE (60)
  AVERAGE WIND SPEED     6.7


SKY COVER
  AVERAGE SKY COVER 0.5


WEATHER CONDITIONS
 THE FOLLOWING WEATHER WAS RECORDED YESTERDAY.
  LIGHT SNOW
  FOG
  HAZE


RELATIVE HUMIDITY (PERCENT)
 HIGHEST    96           200 AM
 LOWEST     62           400 PM
 AVERAGE    79

..........................................................


THE SARANAC LAKE NY CLIMATE NORMALS FOR TODAY
                         NORMAL    RECORD    YEAR
 MAXIMUM TEMPERATURE (F)   27        45      2001
 MINIMUM TEMPERATURE (F)    1       -20      2013


SUNRISE AND SUNSET
FEBRUARY  9 2016......SUNRISE   706 AM EST   SUNSET   517 PM EST
FEBRUARY 10 2016......SUNRISE   704 AM EST   SUNSET   518 PM EST


-  INDICATES NEGATIVE NUMBERS.
R  INDICATES RECORD WAS SET OR TIED.
MM INDICATES DATA IS MISSING.
T  INDICATES TRACE AMOUNT.




$$
