987
CDUS41 KBTV 300523
CLISLK


CLIMATE REPORT
NATIONAL WEATHER SERVICE BURLINGTON VT
121 AM EDT SUN APR 30 2017


...................................

...THE SARANAC LAKE NY CLIMATE SUMMARY FOR APRIL 29 2017...

CLIMATE NORMAL PERIOD 1981 TO 2010
CLIMATE RECORD PERIOD 9999 TO 9999


WEATHER ITEM   OBSERVED TIME   NORMAL DEPARTURE LAST
                VALUE   (LST)  VALUE  FROM      YEAR
                                      NORMAL
......................................................
TEMPERATURE (F)
 YESTERDAY
  MAXIMUM         65    130 PM  57      8       58
  MINIMUM         34   1159 PM  31      3       25
  AVERAGE         50            44      6       42

PRECIPITATION (IN)
  YESTERDAY        0.00          0.11  -0.11     0.00
  MONTH TO DATE    2.98          2.77   0.21     2.88
  SINCE MAR 1      5.10          5.05   0.05     5.70
  SINCE JAN 1      9.64          8.79   0.85     9.58

DEGREE DAYS
 HEATING
  YESTERDAY       15            21     -6       23
  MONTH TO DATE  607           789   -182      879
  SINCE MAR 1   2001          2046    -45     1910
  SINCE JUL 1   7697          8751  -1054     7505

 COOLING
  YESTERDAY        0             0      0        0
  MONTH TO DATE    0             0      0        0
  SINCE MAR 1      0             0      0        0
  SINCE JAN 1      0             0      0        0
......................................................


WIND (MPH)
  HIGHEST WIND SPEED    22   HIGHEST WIND DIRECTION    SW (240)
  HIGHEST GUST SPEED    31   HIGHEST GUST DIRECTION    SW (240)
  AVERAGE WIND SPEED     8.8


SKY COVER
  AVERAGE SKY COVER 0.6


WEATHER CONDITIONS
 THE FOLLOWING WEATHER WAS RECORDED YESTERDAY.
  NO SIGNIFICANT WEATHER WAS OBSERVED.


RELATIVE HUMIDITY (PERCENT)
 HIGHEST    80           100 AM
 LOWEST     44          1100 AM
 AVERAGE    62

..........................................................


THE SARANAC LAKE NY CLIMATE NORMALS FOR TODAY
                         NORMAL    RECORD    YEAR
 MAXIMUM TEMPERATURE (F)   58        79      2004
 MINIMUM TEMPERATURE (F)   31        17      2012


SUNRISE AND SUNSET
APRIL 30 2017.........SUNRISE   549 AM EDT   SUNSET   800 PM EDT
MAY  1 2017...........SUNRISE   547 AM EDT   SUNSET   801 PM EDT


-  INDICATES NEGATIVE NUMBERS.
R  INDICATES RECORD WAS SET OR TIED.
MM INDICATES DATA IS MISSING.
T  INDICATES TRACE AMOUNT.




$$
