000
CDUS41 KBTV 090605
CLISLK


CLIMATE REPORT
NATIONAL WEATHER SERVICE BURLINGTON VT
105 AM EST FRI DEC 9 2016


...................................

...THE SARANAC LAKE NY CLIMATE SUMMARY FOR DECEMBER 8 2016...

CLIMATE NORMAL PERIOD 1981 TO 2010
CLIMATE RECORD PERIOD 9999 TO 9999


WEATHER ITEM   OBSERVED TIME   NORMAL DEPARTURE LAST
                VALUE   (LST)  VALUE  FROM      YEAR
                                      NORMAL
......................................................
TEMPERATURE (F)
 YESTERDAY
  MAXIMUM         31    414 AM  31      0       38
  MINIMUM         23   1159 PM  12     11       21
  AVERAGE         27            22      5       30

PRECIPITATION (IN)
  YESTERDAY        0.07          0.08  -0.01     0.00
  MONTH TO DATE    1.00          0.72   0.28     1.04
  SINCE DEC 1      1.00          0.72   0.28     1.04
  SINCE JAN 1     31.73         35.95  -4.22    33.17

DEGREE DAYS
 HEATING
  YESTERDAY       38            43     -5       35
  MONTH TO DATE  290           332    -42      260
  SINCE DEC 1    290           332    -42      260
  SINCE JUL 1   2132          2607   -475     2210

 COOLING
  YESTERDAY        0             0      0        0
  MONTH TO DATE    0             0      0        0
  SINCE DEC 1      0             0      0        0
  SINCE JAN 1    166           114     52      130
......................................................


WIND (MPH)
  HIGHEST WIND SPEED    16   HIGHEST WIND DIRECTION     W (250)
  HIGHEST GUST SPEED    24   HIGHEST GUST DIRECTION    NW (300)
  AVERAGE WIND SPEED     8.9


SKY COVER
  AVERAGE SKY COVER 1.0


WEATHER CONDITIONS
 THE FOLLOWING WEATHER WAS RECORDED YESTERDAY.
  SNOW
  LIGHT SNOW
  FOG
  FOG W/VISIBILITY <= 1/4 MILE
  HAZE


RELATIVE HUMIDITY (PERCENT)
 HIGHEST    92           600 AM
 LOWEST     74           800 PM
 AVERAGE    83

..........................................................


THE SARANAC LAKE NY CLIMATE NORMALS FOR TODAY
                         NORMAL    RECORD    YEAR
 MAXIMUM TEMPERATURE (F)   31        48      2015
 MINIMUM TEMPERATURE (F)   12       -24      2002


SUNRISE AND SUNSET
DECEMBER  9 2016......SUNRISE   721 AM EST   SUNSET   417 PM EST
DECEMBER 10 2016......SUNRISE   722 AM EST   SUNSET   417 PM EST


-  INDICATES NEGATIVE NUMBERS.
R  INDICATES RECORD WAS SET OR TIED.
MM INDICATES DATA IS MISSING.
T  INDICATES TRACE AMOUNT.




$$
