000
CDUS43 KICT 080649
CLISLN


CLIMATE REPORT
NATIONAL WEATHER SERVICE WICHITA KS
1249 AM CST THU DEC 8 2016


...................................

...THE SALINA KS CLIMATE SUMMARY FOR DECEMBER 7 2016...

CLIMATE NORMAL PERIOD 1981 TO 2010
CLIMATE RECORD PERIOD 1894 TO 2016


WEATHER ITEM   OBSERVED TIME   RECORD YEAR NORMAL DEPARTURE LAST
                VALUE   (LST)  VALUE       VALUE  FROM      YEAR
                                                  NORMAL
..................................................................
TEMPERATURE (F)
 YESTERDAY
  MAXIMUM         33    205 AM  68    1933  44    -11       62
  MINIMUM         16   1159 PM  -4    1908  24     -8       31
  AVERAGE         25                        34     -9       47

PRECIPITATION (IN)
  YESTERDAY        T             1.36 1980   0.04  -0.04     0.00
  MONTH TO DATE    0.53                      0.26   0.27      T
  SINCE DEC 1      0.53                      0.26   0.27      T
  SINCE JAN 1     27.05                     30.82  -3.77    28.35

DEGREE DAYS
 HEATING
  YESTERDAY       40                        31      9       18
  MONTH TO DATE  203                       210     -7      158
  SINCE DEC 1    203                       210     -7      158
  SINCE JUL 1    746                      1162   -416      790

 COOLING
  YESTERDAY        0                         0      0        0
  MONTH TO DATE    0                         0      0        0
  SINCE DEC 1      0                         0      0        0
  SINCE JAN 1   2009                      1647    362     1869
..................................................................


WIND (MPH)
  HIGHEST WIND SPEED    20   HIGHEST WIND DIRECTION     N (360)
  HIGHEST GUST SPEED    23   HIGHEST GUST DIRECTION     N (360)
  AVERAGE WIND SPEED    10.2


SKY COVER
  POSSIBLE SUNSHINE  MM
  AVERAGE SKY COVER 0.6


WEATHER CONDITIONS
 THE FOLLOWING WEATHER WAS RECORDED YESTERDAY.
  LIGHT SNOW
  FOG
  HAZE


RELATIVE HUMIDITY (PERCENT)
 HIGHEST    88          1200 PM
 LOWEST     50           500 AM
 AVERAGE    69

..........................................................


THE SALINA KS CLIMATE NORMALS FOR TODAY
                         NORMAL    RECORD    YEAR
 MAXIMUM TEMPERATURE (F)   44        70      1908
 MINIMUM TEMPERATURE (F)   23        -8      1917


SUNRISE AND SUNSET
DECEMBER  8 2016......SUNRISE   737 AM CST   SUNSET   509 PM CST
DECEMBER  9 2016......SUNRISE   738 AM CST   SUNSET   509 PM CST


-  INDICATES NEGATIVE NUMBERS.
R  INDICATES RECORD WAS SET OR TIED.
MM INDICATES DATA IS MISSING.
T  INDICATES TRACE AMOUNT.




$$
