000
CDUS46 KLOX 240858
CLISMX


CLIMATE REPORT
NATIONAL WEATHER SERVICE LOS ANGELES/OXNARD CA
158 AM PDT SUN JUL 24 2016


...................................

...THE SANTA MARIA AIRPORT CA CLIMATE SUMMARY FOR JULY 23 2016...

CLIMATE NORMAL PERIOD 1981 TO 2010
CLIMATE RECORD PERIOD 1906 TO 2016


WEATHER ITEM   OBSERVED TIME   RECORD YEAR NORMAL DEPARTURE LAST
                VALUE   (LST)  VALUE       VALUE  FROM      YEAR
                                                  NORMAL
..................................................................
TEMPERATURE (F)
 YESTERDAY
  MAXIMUM         74    216 PM  90    2006  73      1       77
  MINIMUM         51    431 AM  44    1926  54     -3       57
                                      1919
  AVERAGE         63                        64     -1       67

PRECIPITATION (IN)
  YESTERDAY        0.00          T    1984   0.00   0.00     0.00
                                      1981
                                      1979
  MONTH TO DATE    T                         0.02  -0.02     0.14
  SINCE OCT 1      9.00                     13.78  -4.78     7.78
  SINCE JAN 1      7.12                      9.73  -2.61     2.22

SNOWFALL (IN)
  YESTERDAY        0.0
  MONTH TO DATE    0.0
  SINCE JUN 1      0.0
  SINCE JUL 1      0.0

DEGREE DAYS
 HEATING
  YESTERDAY        2                         2      0
  MONTH TO DATE   50                        57     -7
  SINCE JUN 1    128                       198    -70
  SINCE JUL 1     50                        57     -7

 COOLING
  YESTERDAY        0                         1     -1
  MONTH TO DATE    1                        18    -17
  SINCE JUN 1      7                        24    -17
  SINCE JAN 1     45                        34     11
..................................................................


WIND (MPH)
  HIGHEST WIND SPEED    20   HIGHEST WIND DIRECTION    NW (310)
  HIGHEST GUST SPEED    24   HIGHEST GUST DIRECTION    NW (310)
  AVERAGE WIND SPEED     6.9


SKY COVER
  POSSIBLE SUNSHINE  MM
  AVERAGE SKY COVER 0.3


WEATHER CONDITIONS
 THE FOLLOWING WEATHER WAS RECORDED YESTERDAY.
  FOG
  HAZE


RELATIVE HUMIDITY (PERCENT)
 HIGHEST   100           300 AM
 LOWEST     46           200 PM
 AVERAGE    73

..........................................................


THE SANTA MARIA AIRPORT CA CLIMATE NORMALS FOR TODAY
                         NORMAL    RECORD    YEAR
 MAXIMUM TEMPERATURE (F)   73        84      2006
 MINIMUM TEMPERATURE (F)   54        43      1923
                                             1922


SUNRISE AND SUNSET
JULY 24 2016..........SUNRISE   606 AM PDT   SUNSET   810 PM PDT
JULY 25 2016..........SUNRISE   607 AM PDT   SUNSET   809 PM PDT


-  INDICATES NEGATIVE NUMBERS.
R  INDICATES RECORD WAS SET OR TIED.
MM INDICATES DATA IS MISSING.
T  INDICATES TRACE AMOUNT.




$$
