550
CDUS46 KLOX 220110
CLISMX


CLIMATE REPORT
NATIONAL WEATHER SERVICE LOS ANGELES/OXNARD CA
510 PM PST WED FEB 21 2018


...................................

...THE SANTA MARIA AIRPORT CA CLIMATE SUMMARY FOR FEBRUARY 21 2018...
VALID TODAY AS OF 0500 PM LOCAL TIME.

CLIMATE NORMAL PERIOD 1981 TO 2010
CLIMATE RECORD PERIOD 1906 TO 2018


WEATHER ITEM   OBSERVED TIME   RECORD YEAR NORMAL DEPARTURE LAST
                VALUE   (LST)  VALUE       VALUE  FROM      YEAR
                                                  NORMAL
..................................................................
TEMPERATURE (F)
 TODAY
  MAXIMUM         60    115 PM  85    2014  64     -4       62
  MINIMUM         30    609 AM  29    1987  42    -12       51
  AVERAGE         45                        53     -8       57

PRECIPITATION (IN)
  TODAY            0.00          2.24 1918   0.12  -0.12     0.30
  MONTH TO DATE    T                         2.24  -2.24     5.31
  SINCE OCT 1      2.02                      9.04  -7.02    15.95
  SINCE JAN 1      1.90                      4.99  -3.09    11.15

SNOWFALL (IN)
  TODAY            0.0
  MONTH TO DATE    0.0
  SINCE DEC 1      0.0
  SINCE JUL 1      0.0

DEGREE DAYS
 HEATING
  TODAY           20                        12      8
  MONTH TO DATE  188                       260    -72
  SINCE DEC 1    716                      1106   -390
  SINCE JUL 1    989                      1752   -763

 COOLING
  TODAY            0                         0      0
  MONTH TO DATE    0                         0      0
  SINCE DEC 1      0                         0      0
  SINCE JAN 1      0                         0      0
..................................................................


WIND (MPH)
  HIGHEST WIND SPEED    21   HIGHEST WIND DIRECTION    NW (300)
  HIGHEST GUST SPEED    24   HIGHEST GUST DIRECTION    NW (310)
  AVERAGE WIND SPEED     5.9


SKY COVER
  POSSIBLE SUNSHINE  MM
  AVERAGE SKY COVER 0.1


WEATHER CONDITIONS
 THE FOLLOWING WEATHER WAS RECORDED TODAY.
  NO SIGNIFICANT WEATHER WAS OBSERVED.


RELATIVE HUMIDITY (PERCENT)
 HIGHEST    82           300 AM
 LOWEST     23          1200 PM
 AVERAGE    53

..........................................................


THE SANTA MARIA AIRPORT CA CLIMATE NORMALS FOR TOMORROW
                         NORMAL    RECORD    YEAR
 MAXIMUM TEMPERATURE (F)   64        86      2002
 MINIMUM TEMPERATURE (F)   42        29      1975


SUNRISE AND SUNSET
FEBRUARY 21 2018......SUNRISE   641 AM PST   SUNSET   550 PM PST
FEBRUARY 22 2018......SUNRISE   640 AM PST   SUNSET   551 PM PST


-  INDICATES NEGATIVE NUMBERS.
R  INDICATES RECORD WAS SET OR TIED.
MM INDICATES DATA IS MISSING.
T  INDICATES TRACE AMOUNT.




$$
