000
CDUS46 KLOX 200116
CLISMX


CLIMATE REPORT
NATIONAL WEATHER SERVICE LOS ANGELES/OXNARD CA
616 PM PDT FRI SEP 19 2014


...................................

...THE SANTA MARIA AIRPORT CA CLIMATE SUMMARY FOR SEPTEMBER 19 2014...
VALID TODAY AS OF 0600 PM LOCAL TIME.

CLIMATE NORMAL PERIOD 1981 TO 2010
CLIMATE RECORD PERIOD 1906 TO 2014


WEATHER ITEM   OBSERVED TIME   RECORD YEAR NORMAL DEPARTURE LAST
                VALUE   (LST)  VALUE       VALUE  FROM      YEAR
                                                  NORMAL
..................................................................
TEMPERATURE (F)
 TODAY
  MAXIMUM         81   1110 AM  96    1939  74      7       85
  MINIMUM         62    117 AM  41    1920  53      9       51
  AVERAGE         72                        63      9       68

PRECIPITATION (IN)
  TODAY            0.00          0.16 1959   0.01  -0.01     0.00
  MONTH TO DATE    0.00                      0.07  -0.07     0.00
  SINCE JUL 1      T                         0.12  -0.12     0.01
  SINCE JAN 1      4.01                      9.83  -5.82     2.50

SNOWFALL (IN)
  TODAY            0.0
  MONTH TO DATE    0.0
  SINCE SEP 1      0.0
  SINCE JUL 1      0.0

DEGREE DAYS
 HEATING
  TODAY            0                         3     -3
  MONTH TO DATE    0                        47    -47
  SINCE SEP 1      0                        47    -47
  SINCE JUL 1      0                       183   -183

 COOLING
  TODAY            7                         1      6
  MONTH TO DATE   61                        19     42
  SINCE SEP 1     61                        19     42
  SINCE JAN 1    406                        74    332
..................................................................


WIND (MPH)
  HIGHEST WIND SPEED    18   HIGHEST WIND DIRECTION    NW (310)
  HIGHEST GUST SPEED    21   HIGHEST GUST DIRECTION    NW (320)
  AVERAGE WIND SPEED     7.2


SKY COVER
  POSSIBLE SUNSHINE  MM
  AVERAGE SKY COVER 0.6


WEATHER CONDITIONS
 THE FOLLOWING WEATHER WAS RECORDED TODAY.
  FOG
  HAZE


RELATIVE HUMIDITY (PERCENT)
 HIGHEST    90           100 AM
 LOWEST     52          1100 AM
 AVERAGE    71

..........................................................


THE SANTA MARIA AIRPORT CA CLIMATE NORMALS FOR TOMORROW
                         NORMAL    RECORD    YEAR
 MAXIMUM TEMPERATURE (F)   74       102      1943
 MINIMUM TEMPERATURE (F)   52        41      1954


SUNRISE AND SUNSET
SEPTEMBER 19 2014.....SUNRISE   648 AM PDT   SUNSET   703 PM PDT
SEPTEMBER 20 2014.....SUNRISE   648 AM PDT   SUNSET   701 PM PDT


-  INDICATES NEGATIVE NUMBERS.
R  INDICATES RECORD WAS SET OR TIED.
MM INDICATES DATA IS MISSING.
T  INDICATES TRACE AMOUNT.




$$
