000
CDUS46 KSGX 281417
CLISNA


CLIMATE REPORT
NATIONAL WEATHER SERVICE SAN DIEGO, CA
617 AM PST FRI NOV 28 2014


...................................

...THE JOHN WAYNE AIRPORT CA CLIMATE SUMMARY FOR NOVEMBER 27 2014...

CLIMATE NORMAL PERIOD 1981 TO 2010
CLIMATE RECORD PERIOD 1999 TO 2014


WEATHER ITEM   OBSERVED TIME   RECORD YEAR NORMAL DEPARTURE LAST
                VALUE   (LST)  VALUE       VALUE  FROM      YEAR
                                                  NORMAL
..................................................................
TEMPERATURE (F)
 YESTERDAY
  MAXIMUM         89R   208 PM  83    2011  68     21       74
  MINIMUM         53    652 AM  44    2003  49      4       52
  AVERAGE         71                        59     12       63

PRECIPITATION (IN)
  YESTERDAY        0.00          0.34 2008   0.04  -0.04     0.00
  MONTH TO DATE    0.19                      1.16  -0.97     0.27
  SINCE JUL 1      0.22                      2.20  -1.98     0.59
  SINCE JAN 1      2.81                     11.16  -8.35     2.56

SNOWFALL (IN)
  YESTERDAY        0.0
  MONTH TO DATE    0.0
  SINCE JAN 1      0.0
  SINCE JUL 1      0.0
  SNOW DEPTH       0

DEGREE DAYS
 HEATING
  YESTERDAY        0                         6     -6        2
  MONTH TO DATE    3                       105   -102       53
  SINCE SEP 1      3                       132   -129       71
  SINCE JUL 1      3                       132   -129       71

 COOLING
  YESTERDAY        6                         0      6        0
  MONTH TO DATE   93                        22     71       26
  SINCE SEP 1    792                       305    487      453
  SINCE JAN 1   2036                       876   1160     1157
..................................................................


WIND (MPH)
  RESULTANT WIND SPEED   1   RESULTANT WIND DIRECTION  SW (230)
  HIGHEST WIND SPEED     8   HIGHEST WIND DIRECTION    SW (210)
  HIGHEST GUST SPEED     9   HIGHEST GUST DIRECTION    SW (210)
  AVERAGE WIND SPEED     1.4


SKY COVER
  POSSIBLE SUNSHINE  MM
  AVERAGE SKY COVER 0.1


WEATHER CONDITIONS
 THE FOLLOWING WEATHER WAS RECORDED YESTERDAY.
  NO SIGNIFICANT WEATHER WAS OBSERVED.


RELATIVE HUMIDITY (PERCENT)
 HIGHEST    64           500 AM
 LOWEST      8           300 PM
 AVERAGE    36

..........................................................


THE JOHN WAYNE AIRPORT CA CLIMATE NORMALS FOR TODAY
                         NORMAL    RECORD    YEAR
 MAXIMUM TEMPERATURE (F)   68        79      2007
                                             2002
 MINIMUM TEMPERATURE (F)   49        40      2001


SUNRISE AND SUNSET
NOVEMBER 28 2014......SUNRISE   635 AM PST   SUNSET   443 PM PST
NOVEMBER 29 2014......SUNRISE   636 AM PST   SUNSET   443 PM PST


-  INDICATES NEGATIVE NUMBERS.
R  INDICATES RECORD WAS SET OR TIED.
MM INDICATES DATA IS MISSING.
T  INDICATES TRACE AMOUNT.




$$
