000
CDUS46 KSGX 271132
CLISNA


CLIMATE REPORT
NATIONAL WEATHER SERVICE SAN DIEGO, CA
431 AM PDT SAT MAY 27 2017


...................................

...THE JOHN WAYNE AIRPORT CA CLIMATE SUMMARY FOR MAY 26 2017...

CLIMATE NORMAL PERIOD 1981 TO 2010
CLIMATE RECORD PERIOD 1999 TO 2017


WEATHER ITEM   OBSERVED TIME   RECORD YEAR NORMAL DEPARTURE LAST
                VALUE   (LST)  VALUE       VALUE  FROM      YEAR
                                                  NORMAL
..................................................................
TEMPERATURE (F)
 YESTERDAY
  MAXIMUM         71    241 PM  78    2014  72     -1       71
  MINIMUM         61   1159 PM  56    2008  60      1       58
  AVERAGE         66                        66      0       65

PRECIPITATION (IN)
  YESTERDAY        0.00          T    2008   0.00   0.00     0.00
  MONTH TO DATE    0.08                      0.23  -0.15     0.09
  SINCE OCT 1     15.88                     12.96   2.92     4.97
  SINCE JAN 1      9.69                      8.88   0.81     3.75

DEGREE DAYS
 HEATING
  YESTERDAY        0                         1     -1        0
  MONTH TO DATE   24                        37    -13       27
  SINCE MAR 1    138                       338   -200      197
  SINCE JUL 1    879                      1244   -365      969

 COOLING
  YESTERDAY        1                         1      0        0
  MONTH TO DATE   46                        26     20        8
  SINCE MAR 1    107                        47     60       55
  SINCE JAN 1    107                        55     52       93
..................................................................


WIND (MPH)
  RESULTANT WIND SPEED   4   RESULTANT WIND DIRECTION   S (200)
  HIGHEST WIND SPEED    15   HIGHEST WIND DIRECTION    SW (210)
  HIGHEST GUST SPEED    22   HIGHEST GUST DIRECTION    SW (220)
  AVERAGE WIND SPEED     6.9


SKY COVER
  POSSIBLE SUNSHINE  MM
  AVERAGE SKY COVER 0.7


WEATHER CONDITIONS
 THE FOLLOWING WEATHER WAS RECORDED YESTERDAY.
  NO SIGNIFICANT WEATHER WAS OBSERVED.


RELATIVE HUMIDITY (PERCENT)
 HIGHEST    84          1100 PM
 LOWEST     47          1000 AM
 AVERAGE    66

..........................................................


THE JOHN WAYNE AIRPORT CA CLIMATE NORMALS FOR TODAY
                         NORMAL    RECORD    YEAR
 MAXIMUM TEMPERATURE (F)   72        85      2000
 MINIMUM TEMPERATURE (F)   60        54      2008


SUNRISE AND SUNSET
MAY 27 2017...........SUNRISE   544 AM PDT   SUNSET   754 PM PDT
MAY 28 2017...........SUNRISE   543 AM PDT   SUNSET   755 PM PDT


-  INDICATES NEGATIVE NUMBERS.
R  INDICATES RECORD WAS SET OR TIED.
MM INDICATES DATA IS MISSING.
T  INDICATES TRACE AMOUNT.




$$
