000
CDUS46 KSGX 230025
CLISNA


CLIMATE REPORT
NATIONAL WEATHER SERVICE SAN DIEGO, CA
425 PM PST WED FEB 22 2017


...................................

...THE JOHN WAYNE AIRPORT CA CLIMATE SUMMARY FOR FEBRUARY 22 2017...
VALID TODAY AS OF 0400 PM LOCAL TIME.

CLIMATE NORMAL PERIOD 1981 TO 2010
CLIMATE RECORD PERIOD 1999 TO 2017


WEATHER ITEM   OBSERVED TIME   RECORD YEAR NORMAL DEPARTURE LAST
                VALUE   (LST)  VALUE       VALUE  FROM      YEAR
                                                  NORMAL
..................................................................
TEMPERATURE (F)
 TODAY
  MAXIMUM         62    217 PM  88    2002  66     -4       74
  MINIMUM         55    655 AM  41    2013  49      6       51
  AVERAGE         59                        58      1       63

PRECIPITATION (IN)
  TODAY            0.00          1.12 2005   0.13  -0.13     0.00
  MONTH TO DATE    3.49                      2.24   1.25     0.32
  SINCE OCT 1     15.42                      9.23   6.19     3.58
  SINCE JAN 1      9.23                      5.15   4.08     2.36

DEGREE DAYS
 HEATING
  TODAY            6                         7     -1        2
  MONTH TO DATE  117                       173    -56       85
  SINCE DEC 1    595                       712   -117      634
  SINCE JUL 1    673                       865   -192      764

 COOLING
  TODAY            0                         0      0        0
  MONTH TO DATE    0                         0      0       37
  SINCE DEC 1      0                         6     -6       37
  SINCE JAN 1      0                         5     -5       37
..................................................................


WIND (MPH)
  RESULTANT WIND SPEED   4   RESULTANT WIND DIRECTION  SW (240)
  HIGHEST WIND SPEED    13   HIGHEST WIND DIRECTION    SW (230)
  HIGHEST GUST SPEED    19   HIGHEST GUST DIRECTION    SW (240)
  AVERAGE WIND SPEED     5.4


SKY COVER
  POSSIBLE SUNSHINE  MM
  AVERAGE SKY COVER 0.6


WEATHER CONDITIONS
 THE FOLLOWING WEATHER WAS RECORDED TODAY.
  FOG


RELATIVE HUMIDITY (PERCENT)
 HIGHEST    93           100 AM
 LOWEST     55           200 PM
 AVERAGE    74

..........................................................


THE JOHN WAYNE AIRPORT CA CLIMATE NORMALS FOR TOMORROW
                         NORMAL    RECORD    YEAR
 MAXIMUM TEMPERATURE (F)   66        79      2016
 MINIMUM TEMPERATURE (F)   49        43      2013
                                             2006


SUNRISE AND SUNSET
FEBRUARY 22 2017......SUNRISE   628 AM PST   SUNSET   542 PM PST
FEBRUARY 23 2017......SUNRISE   627 AM PST   SUNSET   543 PM PST


-  INDICATES NEGATIVE NUMBERS.
R  INDICATES RECORD WAS SET OR TIED.
MM INDICATES DATA IS MISSING.
T  INDICATES TRACE AMOUNT.




$$
