000
CDAK48 PASN 271157
CLISNP

CLIMATE REPORT
NATIONAL WEATHER SERVICE ST PAUL, AK
257 AM AKST TUE JAN 27 2015

...................................
...THE ST PAUL AIRPORT CLIMATE SUMMARY FOR JANUARY 26 2015...

CLIMATE NORMAL PERIOD  1981 TO  2010
CLIMATE RECORD PERIOD  1949 TO  2015

WEATHER ITEM   OBSERVED TIME    RECORD YEAR NORMAL DEPARTURE LAST
               VALUE    (LST)   VALUE       VALUE  FROM      YEAR
                                                   NORMAL
...................................................................
TEMPERATURE
YESTERDAY
 MAXIMUM            29  0143 AM    41  1963     28       1     37
 MINIMUM            22  1127 AM    -4  2012     20       2     32
 AVERAGE            26                          24       2     35

PRECIPITATION
(INCHES)
 YESTERDAY        0.03           0.33  2002   0.05   -0.02   0.26
 MONTH TO DATE    1.08                        1.35   -0.27   2.80
 SINCE DEC 1      4.04                        3.60    0.44   5.99
 SINCE JAN 1      1.08                        1.35   -0.27   2.80

SNOWFALL
(INCHES)
 YESTERDAY         2.7            3.7  2007    0.4     2.3    0.7
 MONTH TO DATE     8.0                        10.7    -2.7   16.7
 SINCE DEC 1      12.3                        22.8   -10.5   22.2
 SINCE JUL 1      13.0                        33.1   -20.1   24.9
 SNOW DEPTH (IN)     3                                         12

DEGREE DAYS
 HEATING
  YESTERDAY         39                          41      -2     30
  MONTH TO DATE    880                        1033    -153    916
  SINCE DEC 1     1844                        2154    -310   1899
  SINCE JUL 1     4749                        5574    -825   5181

 COOLING
  YESTERDAY          0                           0       0      0
  MONTH TO DATE      0                           0       0      0
  SINCE DEC 1        0                           0       0      0
  SINCE JAN 1        0                           0       0      0
...................................................................

WIND (MPH)
 HIGHEST WIND SPEED    39     HIGHEST WIND DIRECTION     40
 HIGHEST GUST SPEED    47     HIGHEST GUST DIRECTION     70
 AVERAGE WIND SPEED  30.4

SKY COVER
  POSSIBLE SUNSHINE    MM          AVERAGE SKY COVER     MM

WEATHER CONDITIONS
 THE FOLLOWING WEATHER WAS RECORDED YESTERDAY.
  FOG
BLOWING SNOW
SNOW


RELATIVE HUMIDITY
 HIGHEST RH     MM PERCENT       MM
 LOWEST  RH     MM PERCENT       MM
 AVERAGE RH     MM PERCENT       MM
...................................................................

THE ST PAUL CLIMATE NORMALS FOR TODAY
                           NORMAL    RECORD   YEAR
 MAXIMUM TEMPERATURE (F)     28        43     1963
 MINIMUM TEMPERATURE (F)     20        -5     1989

SUNRISE AND SUNSET
 JAN 27 2015..........SUNRISE 10:31 AM      SUNSET  6:38 PM
 JAN 28 2015..........SUNRISE 10:29 AM      SUNSET  6:41 PM

-  INDICATES NEGATIVE NUMBERS.
R  INDICATES RECORD HAS BEEN SET OR TIED.
MM INDICATES DATA IS MISSING.
T  INDICATES TRACE OF PRECIPITATION.

&&
-------------------------------------------------------------------

AMOUNT OF DAYLIGHT TODAY  (HOUR:MIN)........8 HOURS 7 MINUTES
GAIN/LOSS SINCE YESTERDAY (HOUR:MIN:SEC)....+0:04:02

$$
HCH JAN 15
