322
CDAK48 PAFC 060047
CLISNP


CLIMATE REPORT
NATIONAL WEATHER SERVICE ANCHORAGE, AK
347 PM AKST MON DEC 5 2016


...................................

...THE SAINT PAUL ISLAND CLIMATE SUMMARY FOR DECEMBER 5 2016...
VALID TODAY AS OF 0300 PM LOCAL TIME.

CLIMATE NORMAL PERIOD 1981 TO 2010
CLIMATE RECORD PERIOD 1892 TO 2016


WEATHER ITEM   OBSERVED TIME   RECORD YEAR NORMAL DEPARTURE LAST
                VALUE   (LST)  VALUE       VALUE  FROM      YEAR
                                                  NORMAL
..................................................................
TEMPERATURE (F)
 TODAY
  MAXIMUM         38    100 PM  42    2002  35      3       40
                                      1972
  MINIMUM         29        MM   5    1988  26      3       17
  AVERAGE         34                        30      4       29

PRECIPITATION (IN)
  TODAY            T             0.30 1950   0.07  -0.07     0.13
  MONTH TO DATE    0.42                      0.40   0.02     0.27
  SINCE DEC 1      0.42                      0.40   0.02     0.27
  SINCE JAN 1     24.49                     21.82   2.67    23.28

SNOWFALL (IN)
  TODAY            0.0           2.1  1986   0.4   -0.4       T
  MONTH TO DATE    1.6                       1.8   -0.2      1.4
  SINCE DEC 1      1.6                       1.8   -0.2      1.4
  SINCE JUL 1      8.2                      12.1   -3.9     13.4
  SNOW DEPTH       0

DEGREE DAYS
 HEATING
  TODAY           31                        35     -4       36
  MONTH TO DATE  173                       173      0      181
  SINCE DEC 1    173                       173      0      181
  SINCE JUL 1   2742                      3594   -852     2729

 COOLING
  TODAY            0                         0      0        0
  MONTH TO DATE    0                         0      0        0
  SINCE DEC 1      0                         0      0        0
  SINCE JAN 1      0                         0      0        0
..................................................................


WIND (MPH)
  RESULTANT WIND SPEED   6   RESULTANT WIND DIRECTION   W (280)
  HIGHEST WIND SPEED    13   HIGHEST WIND DIRECTION    SW (240)
  HIGHEST GUST SPEED    MM   HIGHEST GUST DIRECTION    MM
  AVERAGE WIND SPEED     7.4



WEATHER CONDITIONS
 THE FOLLOWING WEATHER WAS RECORDED TODAY.
  LIGHT RAIN


..........................................................


THE SAINT PAUL ISLAND CLIMATE NORMALS FOR TOMORROW
                         NORMAL    RECORD    YEAR
 MAXIMUM TEMPERATURE (F)   34        42      2002
 MINIMUM TEMPERATURE (F)   26         0      1999


SUNRISE AND SUNSET
DECEMBER  5 2016......SUNRISE  1043 AM AKST  SUNSET   541 PM AKST
DECEMBER  6 2016......SUNRISE  1044 AM AKST  SUNSET   540 PM AKST


-  INDICATES NEGATIVE NUMBERS.
R  INDICATES RECORD WAS SET OR TIED.
MM INDICATES DATA IS MISSING.
T  INDICATES TRACE AMOUNT.




$$
