874
CDAK48 PAFC 211305 RRA
CLISNP

CLIMATE REPORT
NATIONAL WEATHER SERVICE ANCHORAGE, AK
403 AM AKST TUE FEB 21 2017


...................................

...THE SAINT PAUL ISLAND CLIMATE SUMMARY FOR FEBRUARY 20 2017...

CLIMATE NORMAL PERIOD 1981 TO 2010
CLIMATE RECORD PERIOD 1892 TO 2017


WEATHER ITEM   OBSERVED TIME   RECORD YEAR NORMAL DEPARTURE LAST
                VALUE   (LST)  VALUE       VALUE  FROM      YEAR
                                                  NORMAL
..................................................................
TEMPERATURE (F)
 YESTERDAY
  MAXIMUM         28   1159 PM  40    1994  29     -1       29
  MINIMUM          9   1200 AM -10    1988  20    -11       26
                                      1964
  AVERAGE         19                        24     -5       28

PRECIPITATION (IN)
  YESTERDAY        0.13          0.74 1996   0.04   0.09     0.00
  MONTH TO DATE    0.38                      0.97  -0.59     0.84
  SINCE DEC 1      5.09                      4.80   0.29     7.19
  SINCE JAN 1      1.89                      2.55  -0.66     2.46

SNOWFALL (IN)
  YESTERDAY        1.0          MM      MM   0.4    0.6      0.0
  MONTH TO DATE    7.4                       7.5   -0.1      0.0
  SINCE DEC 1     38.9                      32.2    6.7     11.7
  SINCE JUL 1     45.5                      42.5    3.0     23.7
  SNOW DEPTH      10

DEGREE DAYS
 HEATING
  YESTERDAY       46                        41      5       37
  MONTH TO DATE  862                       820     42      501
  SINCE DEC 1   3037                      3178   -141     2375
  SINCE JUL 1   5606                      6599   -993     4923

 COOLING
  YESTERDAY        0                         0      0        0
  MONTH TO DATE    0                         0      0        0
  SINCE DEC 1      0                         0      0        0
  SINCE JAN 1      0                         0      0        0
..................................................................


WIND (MPH)
  RESULTANT WIND SPEED  17   RESULTANT WIND DIRECTION   E (100)
  HIGHEST WIND SPEED    39   HIGHEST WIND DIRECTION     E (90)
  HIGHEST GUST SPEED    44   HIGHEST GUST DIRECTION     E (90)
  AVERAGE WIND SPEED    23.0



WEATHER CONDITIONS
 THE FOLLOWING WEATHER WAS RECORDED YESTERDAY.
  SNOW
  LIGHT SNOW
  FOG
  FOG W/VISIBILITY <= 1/4 MILE
  BLOWING SNOW


..........................................................


THE SAINT PAUL ISLAND CLIMATE NORMALS FOR TODAY
                         NORMAL    RECORD    YEAR
 MAXIMUM TEMPERATURE (F)   29        39      1996
                                             1979
 MINIMUM TEMPERATURE (F)   20       -11      1971


SUNRISE AND SUNSET
FEBRUARY 21 2017......SUNRISE   933 AM AKST  SUNSET   737 PM AKST
FEBRUARY 22 2017......SUNRISE   931 AM AKST  SUNSET   739 PM AKST

CIVIL TWILIGHT
FEBRUARY 21 2017        START    855 AM GMT     END    816 PM GMT
FEBRUARY 22 2017        START    852 AM GMT     END    819 PM GMT



-  INDICATES NEGATIVE NUMBERS.
R  INDICATES RECORD WAS SET OR TIED.
MM INDICATES DATA IS MISSING.
T  INDICATES TRACE AMOUNT.




$$
&&
------------------------------------------------------
AMOUNT OF DAYLIGHT TODAY  (HOUR:MIN)........10:03
GAIN/LOSS SINCE YESTERDAY (HOUR:MIN:SEC)....+0:04:47
