000
CDAK48 PASN 051048
CLISNP

CLIMATE REPORT
NATIONAL WEATHER SERVICE ST PAUL, AK
248 AM AKDT SUN JUL 5 2015

...................................
...THE ST PAUL AIRPORT CLIMATE SUMMARY FOR JULY 4 2015...

CLIMATE NORMAL PERIOD  1981 TO  2010
CLIMATE RECORD PERIOD  1892 TO  2015

WEATHER ITEM   OBSERVED TIME    RECORD YEAR NORMAL DEPARTURE LAST
               VALUE    (LST)   VALUE       VALUE  FROM      YEAR
                                                   NORMAL
...................................................................
TEMPERATURE
YESTERDAY
 MAXIMUM            54  0339 PM    60  1996     50       4     51
 MINIMUM            46  0136 AM    29  1960     42       4     46
 AVERAGE            50                          46       4     49

PRECIPITATION
(INCHES)
 YESTERDAY        0.07           1.08  1951   0.04    0.03   0.14
 MONTH TO DATE    0.07                        0.19   -0.12   0.41
 SINCE JUN 1      0.99                        1.54   -0.55   1.43
 SINCE JAN 1      7.27                        7.70   -0.43   8.57

SNOWFALL
(INCHES)
 YESTERDAY         0.0            0.0  2015    0.0     0.0    0.0
 MONTH TO DATE     0.0                         0.0     0.0    0.0
 SINCE JUN 1       0.0                         0.0     0.0    0.0
 SINCE JUL 1       0.0                         0.0     0.0    0.0
 SNOW DEPTH (IN)     0                                          0

DEGREE DAYS
 HEATING
  YESTERDAY         15                          19      -4     16
  MONTH TO DATE     65                          77     -12     70
  SINCE JUN 1      685                         756     -71    698
  SINCE JUL 1       65                          77     -12     70

 COOLING
  YESTERDAY          0                           0       0      0
  MONTH TO DATE      0                           0       0      0
  SINCE JUN 1        0                           0       0      0
  SINCE JAN 1        0                           0       0      0
...................................................................

WIND (MPH)
 HIGHEST WIND SPEED    28     HIGHEST WIND DIRECTION     40
 HIGHEST GUST SPEED    33     HIGHEST GUST DIRECTION     50
 AVERAGE WIND SPEED  17.5

SKY COVER
  POSSIBLE SUNSHINE    MM          AVERAGE SKY COVER     MM

WEATHER CONDITIONS
 THE FOLLOWING WEATHER WAS RECORDED YESTERDAY.
  SMOKE OR HAZE
  FOG
  RAIN


RELATIVE HUMIDITY
 HIGHEST RH     MM PERCENT       MM
 LOWEST  RH     MM PERCENT       MM
 AVERAGE RH     MM PERCENT       MM
...................................................................

THE ST PAUL CLIMATE NORMALS FOR TODAY
                           NORMAL    RECORD   YEAR
 MAXIMUM TEMPERATURE (F)     50        59     2007
 MINIMUM TEMPERATURE (F)     42        32     1982

SUNRISE AND SUNSET
 JUL 5 2015..........SUNRISE  6:35 AM      SUNSET 12:17 AM
 JUL 6 2015..........SUNRISE  6:36 AM      SUNSET 12:16 AM

-  INDICATES NEGATIVE NUMBERS.
R  INDICATES RECORD HAS BEEN SET OR TIED.
MM INDICATES DATA IS MISSING.
T  INDICATES TRACE OF PRECIPITATION.

&&
-------------------------------------------------------------------

AMOUNT OF DAYLIGHT TODAY  (HOUR:MIN)........17 HOURS 42 MINUTES
GAIN/LOSS SINCE YESTERDAY (HOUR:MIN:SEC)....-0:01:48

$$
HCH JUL 15
