399
CDAK48 PAFC 231311
CLISNP


CLIMATE REPORT
NATIONAL WEATHER SERVICE ANCHORAGE, AK
511 AM AKDT MON OCT 23 2017


...................................

...THE SAINT PAUL ISLAND CLIMATE SUMMARY FOR OCTOBER 22 2017...

CLIMATE NORMAL PERIOD 1981 TO 2010
CLIMATE RECORD PERIOD 1892 TO 2017


WEATHER ITEM   OBSERVED TIME   RECORD YEAR NORMAL DEPARTURE LAST
                VALUE   (LST)  VALUE       VALUE  FROM      YEAR
                                                  NORMAL
..................................................................
TEMPERATURE (F)
 YESTERDAY
  MAXIMUM         36        MM  47    1989  41     -5       46
                                      1978
  MINIMUM         25        MM  18    1962  33     -8       40
  AVERAGE         31                        37     -6       43

PRECIPITATION (IN)
  YESTERDAY        0.05          1.43 1987   0.10  -0.05      T
  MONTH TO DATE    1.61                      2.21  -0.60     2.42
  SINCE SEP 1      3.32                      5.20  -1.88     6.87
  SINCE JAN 1     15.99                     17.63  -1.64    17.61

SNOWFALL (IN)
  YESTERDAY        1.5           1.7  1961   0.0    1.5      0.0
  MONTH TO DATE    1.8                       0.9    0.9       T
  SINCE SEP 1      1.8                       0.9    0.9       T
  SINCE JUL 1      1.8                       0.9    0.9       T
  SNOW DEPTH       2

DEGREE DAYS
 HEATING
  YESTERDAY       34                        28      6       22
  MONTH TO DATE  515                       560    -45      429
  SINCE SEP 1   1083                      1150    -67      847
  SINCE JUL 1   2074                      2203   -129     1460

 COOLING
  YESTERDAY        0                         0      0        0
  MONTH TO DATE    0                         0      0        0
  SINCE SEP 1      0                         0      0        0
  SINCE JAN 1      0                         0      0        0
..................................................................


WIND (MPH)
  RESULTANT WIND SPEED   7   RESULTANT WIND DIRECTION  NW (330)
  HIGHEST WIND SPEED    15   HIGHEST WIND DIRECTION    NW (330)
  HIGHEST GUST SPEED    MM   HIGHEST GUST DIRECTION    MM
  AVERAGE WIND SPEED     8.3



WEATHER CONDITIONS
 THE FOLLOWING WEATHER WAS RECORDED YESTERDAY.
  LIGHT SNOW
  FOG


..........................................................


THE SAINT PAUL ISLAND CLIMATE NORMALS FOR TODAY
                         NORMAL    RECORD    YEAR
 MAXIMUM TEMPERATURE (F)   41        48      2016
 MINIMUM TEMPERATURE (F)   33        21      2008


SUNRISE AND SUNSET
OCTOBER 23 2017.......SUNRISE  1013 AM AKDT  SUNSET   756 PM AKDT
OCTOBER 24 2017.......SUNRISE  1015 AM AKDT  SUNSET   754 PM AKDT


-  INDICATES NEGATIVE NUMBERS.
R  INDICATES RECORD WAS SET OR TIED.
MM INDICATES DATA IS MISSING.
T  INDICATES TRACE AMOUNT.




$$
