000
CDAK48 PASN 281157
CLISNP


CLIMATE REPORT
NATIONAL WEATHER SERVICE ANCHORAGE, AK
357 AM AKDT WED JUN 28 2017


...................................

...THE SAINT PAUL ISLAND CLIMATE SUMMARY FOR JUNE 27 2017...

CLIMATE NORMAL PERIOD 1981 TO 2010
CLIMATE RECORD PERIOD 1892 TO 2017


WEATHER ITEM   OBSERVED TIME   RECORD YEAR NORMAL DEPARTURE LAST
                VALUE   (LST)  VALUE       VALUE  FROM      YEAR
                                                  NORMAL
..................................................................
TEMPERATURE (F)
 YESTERDAY
  MAXIMUM         49        MM  61    2016  49      0       61
                                      2005
                                      2004
  MINIMUM         42        MM  29    1988  41      1       42
  AVERAGE         46                        45      1       52

PRECIPITATION (IN)
  YESTERDAY        0.05          0.31 1992   0.05   0.00     0.00
  MONTH TO DATE    0.92                      1.20  -0.28     1.47
  SINCE JUN 1      0.92                      1.20  -0.28     1.47
  SINCE JAN 1      6.73                      7.36  -0.63     7.16

SNOWFALL (IN)
  YESTERDAY        0.0          MM      MM   0.0    0.0      0.0
  MONTH TO DATE    0.0                       0.0    0.0      0.0
  SINCE JUN 1      0.0                       0.0    0.0      0.0
  SINCE JUL 1     48.8                      59.8  -11.0     23.7
  SNOW DEPTH       0

DEGREE DAYS
 HEATING
  YESTERDAY       19                        20     -1       13
  MONTH TO DATE  499                       619   -120      416
  SINCE JUN 1    499                       619   -120      416
  SINCE JUL 1   9367                     10748  -1381     7936

 COOLING
  YESTERDAY        0                         0      0        0
  MONTH TO DATE    0                         0      0        0
  SINCE JUN 1      0                         0      0        0
  SINCE JAN 1      0                         0      0        0
..................................................................


WIND (MPH)
  RESULTANT WIND SPEED   9   RESULTANT WIND DIRECTION  SE (140)
  HIGHEST WIND SPEED    13   HIGHEST WIND DIRECTION     S (190)
  HIGHEST GUST SPEED    MM   HIGHEST GUST DIRECTION    MM
  AVERAGE WIND SPEED    10.1



WEATHER CONDITIONS
 THE FOLLOWING WEATHER WAS RECORDED YESTERDAY.
  LIGHT RAIN
  FOG


..........................................................


THE SAINT PAUL ISLAND CLIMATE NORMALS FOR TODAY
                         NORMAL    RECORD    YEAR
 MAXIMUM TEMPERATURE (F)   49        57      2005
 MINIMUM TEMPERATURE (F)   41        32      1972


SUNRISE AND SUNSET
JUNE 28 2017..........SUNRISE   628 AM AKDT  SUNSET  1220 AM AKDT
JUNE 29 2017..........SUNRISE   629 AM AKDT  SUNSET  1220 AM AKDT


-  INDICATES NEGATIVE NUMBERS.
R  INDICATES RECORD WAS SET OR TIED.
MM INDICATES DATA IS MISSING.
T  INDICATES TRACE AMOUNT.




$$
