000
CDUS46 KMTR 230027
CLISNS


CLIMATE REPORT
NATIONAL WEATHER SERVICE SAN FRANCISCO BAY AREA
427 PM PST WED FEB 22 2017


...................................

...THE SALINAS AIRPORT CLIMATE SUMMARY FOR FEBRUARY 22 2017...
VALID TODAY AS OF 0400 PM LOCAL TIME.

CLIMATE NORMAL PERIOD 1981 TO 2010
CLIMATE RECORD PERIOD 1930 TO 2017


WEATHER ITEM   OBSERVED TIME   RECORD YEAR NORMAL DEPARTURE LAST
                VALUE   (LST)  VALUE       VALUE  FROM      YEAR
                                                  NORMAL
..................................................................
TEMPERATURE (F)
 TODAY
  MAXIMUM         56    319 PM  82    1947  63     -7       73
  MINIMUM         40    659 AM  30    1975  44     -4       40
  AVERAGE         48                        54     -6       57

PRECIPITATION (IN)
  TODAY            0.00          1.84 2001   0.09  -0.09     0.00
  MONTH TO DATE    4.34                      1.97   2.37     0.45
  SINCE OCT 1     14.20                      8.48   5.72     9.39
  SINCE JAN 1     10.20                      4.57   5.63     4.49

DEGREE DAYS
 HEATING
  TODAY           17                        12      5        8
  MONTH TO DATE  191                       270    -79      157
  SINCE DEC 1   1082                      1130    -48      997
  SINCE JUL 1   1652                      1748    -96     1357

 COOLING
  TODAY            0                         0      0        0
  MONTH TO DATE    0                         0      0        3
  SINCE DEC 1      0                         0      0        3
  SINCE JAN 1      0                         0      0        3
..................................................................


WIND (MPH)
  RESULTANT WIND SPEED   6   RESULTANT WIND DIRECTION   W (260)
  HIGHEST WIND SPEED    22   HIGHEST WIND DIRECTION     W (250)
  HIGHEST GUST SPEED    30   HIGHEST GUST DIRECTION     W (260)
  AVERAGE WIND SPEED     6.1


SKY COVER
  POSSIBLE SUNSHINE  MM
  AVERAGE SKY COVER 0.3


WEATHER CONDITIONS
 THE FOLLOWING WEATHER WAS RECORDED TODAY.
  FOG
  FOG W/VISIBILITY <= 1/4 MILE


RELATIVE HUMIDITY (PERCENT)
 HIGHEST   100           500 AM
 LOWEST     51           300 PM
 AVERAGE    76

..........................................................


THE SALINAS AIRPORT CLIMATE NORMALS FOR TOMORROW
                         NORMAL    RECORD    YEAR
 MAXIMUM TEMPERATURE (F)   63        85      1954
 MINIMUM TEMPERATURE (F)   44        33      1997


SUNRISE AND SUNSET
FEBRUARY 22 2017......SUNRISE   646 AM PST   SUNSET   554 PM PST
FEBRUARY 23 2017......SUNRISE   644 AM PST   SUNSET   555 PM PST


-  INDICATES NEGATIVE NUMBERS.
R  INDICATES RECORD WAS SET OR TIED.
MM INDICATES DATA IS MISSING.
T  INDICATES TRACE AMOUNT.




$$
