767
CDUS46 KMTR 040837
CLISNS


CLIMATE REPORT
NATIONAL WEATHER SERVICE SAN FRANCISCO BAY AREA
137 AM PDT WED MAY 4 2016


...................................

...THE SALINAS AIRPORT CLIMATE SUMMARY FOR MAY 3 2016...

CLIMATE NORMAL PERIOD 1981 TO 2010
CLIMATE RECORD PERIOD 1930 TO 2016


WEATHER ITEM   OBSERVED TIME   RECORD YEAR NORMAL DEPARTURE LAST
                VALUE   (LST)  VALUE       VALUE  FROM      YEAR
                                                  NORMAL
..................................................................
TEMPERATURE (F)
 YESTERDAY
  MAXIMUM         67   1044 AM  88    2013  68     -1       66
  MINIMUM         51    403 AM  34    1933  49      2       56
  AVERAGE         59                        58      1       61

PRECIPITATION (IN)
  YESTERDAY        0.00          0.45 1932   0.01  -0.01     0.00
  MONTH TO DATE    0.00                      0.05  -0.05     0.00
  SINCE OCT 1     13.34                     12.24   1.10     9.46
  SINCE JAN 1      8.44                      8.33   0.11     1.47

DEGREE DAYS
 HEATING
  YESTERDAY        6                         7     -1        4
  MONTH TO DATE   11                        21    -10       12
  SINCE MAR 1    415                       596   -181      302
  SINCE JUL 1   1806                      2410   -604     1151

 COOLING
  YESTERDAY        0                         0      0        0
  MONTH TO DATE    0                         0      0        0
  SINCE MAR 1     18                         7     11       23
  SINCE JAN 1     21                         7     14       31
..................................................................


WIND (MPH)
  RESULTANT WIND SPEED   4   RESULTANT WIND DIRECTION   W (280)
  HIGHEST WIND SPEED    16   HIGHEST WIND DIRECTION     W (270)
  HIGHEST GUST SPEED    20   HIGHEST GUST DIRECTION     W (270)
  AVERAGE WIND SPEED     7.9


SKY COVER
  POSSIBLE SUNSHINE  MM
  AVERAGE SKY COVER 0.4


WEATHER CONDITIONS
 THE FOLLOWING WEATHER WAS RECORDED YESTERDAY.
  FOG
  HAZE


RELATIVE HUMIDITY (PERCENT)
 HIGHEST    89           100 AM
 LOWEST     58          1200 PM
 AVERAGE    74

..........................................................


THE SALINAS AIRPORT CLIMATE NORMALS FOR TODAY
                         NORMAL    RECORD    YEAR
 MAXIMUM TEMPERATURE (F)   68        90      1935
 MINIMUM TEMPERATURE (F)   49        37      1952


SUNRISE AND SUNSET
MAY  4 2016...........SUNRISE   509 AM PST   SUNSET   658 PM PST
MAY  5 2016...........SUNRISE   508 AM PST   SUNSET   659 PM PST


-  INDICATES NEGATIVE NUMBERS.
R  INDICATES RECORD WAS SET OR TIED.
MM INDICATES DATA IS MISSING.
T  INDICATES TRACE AMOUNT.




$$
