000
CDUS46 KMTR 240825
CLISNS


CLIMATE REPORT
NATIONAL WEATHER SERVICE SAN FRANCISCO BAY AREA
1225 AM PST TUE JAN 24 2017


...................................

...THE SALINAS AIRPORT CLIMATE SUMMARY FOR JANUARY 23 2017...

CLIMATE NORMAL PERIOD 1981 TO 2010
CLIMATE RECORD PERIOD 1930 TO 2017


WEATHER ITEM   OBSERVED TIME   RECORD YEAR NORMAL DEPARTURE LAST
                VALUE   (LST)  VALUE       VALUE  FROM      YEAR
                                                  NORMAL
..................................................................
TEMPERATURE (F)
 YESTERDAY
  MAXIMUM         52    315 PM  82    1948  62    -10       60
  MINIMUM         43   1159 PM  24    1937  42      1       48
  AVERAGE         48                        52     -4       54

PRECIPITATION (IN)
  YESTERDAY        0.12          2.66 2000   0.08   0.04     0.03
  MONTH TO DATE    5.86                      1.90   3.96     3.59
  SINCE OCT 1      9.86                      5.81   4.05     8.49
  SINCE JAN 1      5.86                      1.90   3.96     3.59

DEGREE DAYS
 HEATING
  YESTERDAY       17                        13      4       11
  MONTH TO DATE  337                       319     18      266
  SINCE DEC 1    782                       754     28      749
  SINCE JUL 1   1352                      1372    -20     1109

 COOLING
  YESTERDAY        0                         0      0        0
  MONTH TO DATE    0                         0      0        0
  SINCE DEC 1      0                         0      0        0
  SINCE JAN 1      0                         0      0        0
..................................................................


WIND (MPH)
  RESULTANT WIND SPEED   5   RESULTANT WIND DIRECTION   E (110)
  HIGHEST WIND SPEED    14   HIGHEST WIND DIRECTION     E (100)
  HIGHEST GUST SPEED    17   HIGHEST GUST DIRECTION     E (100)
  AVERAGE WIND SPEED     6.8


SKY COVER
  POSSIBLE SUNSHINE  MM
  AVERAGE SKY COVER 0.7


WEATHER CONDITIONS
 THE FOLLOWING WEATHER WAS RECORDED YESTERDAY.
  RAIN


RELATIVE HUMIDITY (PERCENT)
 HIGHEST    92           100 AM
 LOWEST     66           400 PM
 AVERAGE    79

..........................................................


THE SALINAS AIRPORT CLIMATE NORMALS FOR TODAY
                         NORMAL    RECORD    YEAR
 MAXIMUM TEMPERATURE (F)   62        80      1948
 MINIMUM TEMPERATURE (F)   42        29      1937


SUNRISE AND SUNSET
JANUARY 24 2017.......SUNRISE   714 AM PST   SUNSET   524 PM PST
JANUARY 25 2017.......SUNRISE   713 AM PST   SUNSET   525 PM PST


-  INDICATES NEGATIVE NUMBERS.
R  INDICATES RECORD WAS SET OR TIED.
MM INDICATES DATA IS MISSING.
T  INDICATES TRACE AMOUNT.




$$
