304
CDUS46 KMTR 060026
CLISNS


CLIMATE REPORT
NATIONAL WEATHER SERVICE SAN FRANCISCO BAY AREA
426 PM PST MON DEC 5 2016


...................................

...THE SALINAS AIRPORT CLIMATE SUMMARY FOR DECEMBER 5 2016...
VALID TODAY AS OF 0400 PM LOCAL TIME.

CLIMATE NORMAL PERIOD 1981 TO 2010
CLIMATE RECORD PERIOD 1930 TO 2016


WEATHER ITEM   OBSERVED TIME   RECORD YEAR NORMAL DEPARTURE LAST
                VALUE   (LST)  VALUE       VALUE  FROM      YEAR
                                                  NORMAL
..................................................................
TEMPERATURE (F)
 TODAY
  MAXIMUM         58    254 PM  81    1962  62     -4       62
  MINIMUM         43    732 AM  27    2013  42      1       39
  AVERAGE         51                        52     -1       51

PRECIPITATION (IN)
  TODAY            0.00          1.17 1997   0.06  -0.06     0.00
  MONTH TO DATE    0.00                      0.27  -0.27      T
  SINCE OCT 1      2.56                      2.25   0.31     2.94
  SINCE JAN 1     11.13                     11.17  -0.04     5.05

DEGREE DAYS
 HEATING
  TODAY           14                        13      1       14
  MONTH TO DATE   73                        65      8       64
  SINCE DEC 1     73                        65      8       64
  SINCE JUL 1    643                       683    -40      424

 COOLING
  TODAY            0                         0      0        0
  MONTH TO DATE    0                         0      0        0
  SINCE DEC 1      0                         0      0        0
  SINCE JAN 1    113                       130    -17      386
..................................................................


WIND (MPH)
  RESULTANT WIND SPEED   4   RESULTANT WIND DIRECTION   W (290)
  HIGHEST WIND SPEED    13   HIGHEST WIND DIRECTION     W (250)
  HIGHEST GUST SPEED    17   HIGHEST GUST DIRECTION     W (250)
  AVERAGE WIND SPEED     4.1


SKY COVER
  POSSIBLE SUNSHINE  MM
  AVERAGE SKY COVER 0.5


WEATHER CONDITIONS
 THE FOLLOWING WEATHER WAS RECORDED TODAY.
  FOG
  FOG W/VISIBILITY <= 1/4 MILE


RELATIVE HUMIDITY (PERCENT)
 HIGHEST   100           300 AM
 LOWEST     67           300 PM
 AVERAGE    84

..........................................................


THE SALINAS AIRPORT CLIMATE NORMALS FOR TOMORROW
                         NORMAL    RECORD    YEAR
 MAXIMUM TEMPERATURE (F)   62        79      1937
 MINIMUM TEMPERATURE (F)   41        30      2013
                                             1934


SUNRISE AND SUNSET
DECEMBER  5 2016......SUNRISE   704 AM PST   SUNSET   450 PM PST
DECEMBER  6 2016......SUNRISE   705 AM PST   SUNSET   450 PM PST


-  INDICATES NEGATIVE NUMBERS.
R  INDICATES RECORD WAS SET OR TIED.
MM INDICATES DATA IS MISSING.
T  INDICATES TRACE AMOUNT.




$$
