000
CDUS46 KMTR 070038
CLISNS


CLIMATE REPORT
NATIONAL WEATHER SERVICE SAN FRANCISCO BAY AREA
438 PM PST FRI MAR 6 2015


...................................

...THE SALINAS AIRPORT CLIMATE SUMMARY FOR MARCH 6 2015...
VALID TODAY AS OF 0400 PM LOCAL TIME.

CLIMATE NORMAL PERIOD 1981 TO 2010
CLIMATE RECORD PERIOD 1930 TO 2015


WEATHER ITEM   OBSERVED TIME   RECORD YEAR NORMAL DEPARTURE LAST
                VALUE   (LST)  VALUE       VALUE  FROM      YEAR
                                                  NORMAL
..................................................................
TEMPERATURE (F)
 TODAY
  MAXIMUM         81        MM  83    1953  64     17       67
  MINIMUM         42        MM  32    1971  45     -3       54
  AVERAGE         62                        54      8       61

PRECIPITATION (IN)
  TODAY            0.00          0.78 1952   0.08  -0.08     0.04
  MONTH TO DATE    0.04                      0.50  -0.46     0.46
  SINCE OCT 1      8.67                      9.50  -0.83     4.49
  SINCE JAN 1      0.68                      5.59  -4.91     3.66

DEGREE DAYS
 HEATING
  TODAY            3                        11     -8        4
  MONTH TO DATE   44                        66    -22       34
  SINCE MAR 1     44                        66    -22       34
  SINCE JUL 1    893                      1880   -987     1466

 COOLING
  TODAY            0                         0      0        0
  MONTH TO DATE    0                         0      0        0
  SINCE MAR 1      0                         0      0        0
  SINCE JAN 1      8                         0      8        2
..................................................................


WIND (MPH)
  RESULTANT WIND SPEED   5   RESULTANT WIND DIRECTION   E (110)
  HIGHEST WIND SPEED    12   HIGHEST WIND DIRECTION    SE (120)
  HIGHEST GUST SPEED    MM   HIGHEST GUST DIRECTION    MM
  AVERAGE WIND SPEED     5.2


SKY COVER
  POSSIBLE SUNSHINE  MM
  AVERAGE SKY COVER 0.0


WEATHER CONDITIONS
 THE FOLLOWING WEATHER WAS RECORDED TODAY.
  NO SIGNIFICANT WEATHER WAS OBSERVED.


RELATIVE HUMIDITY (PERCENT)
 HIGHEST    76           100 AM
 LOWEST     15           100 PM
 AVERAGE    46

..........................................................


THE SALINAS AIRPORT CLIMATE NORMALS FOR TOMORROW
                         NORMAL    RECORD    YEAR
 MAXIMUM TEMPERATURE (F)   64        86      1953
 MINIMUM TEMPERATURE (F)   45        31      1971


SUNRISE AND SUNSET
MARCH  6 2015.........SUNRISE   630 AM PST   SUNSET   605 PM PST
MARCH  7 2015.........SUNRISE   629 AM PST   SUNSET   606 PM PST


-  INDICATES NEGATIVE NUMBERS.
R  INDICATES RECORD WAS SET OR TIED.
MM INDICATES DATA IS MISSING.
T  INDICATES TRACE AMOUNT.




$$
