829
CDUS46 KMTR 280829
CLISNS


CLIMATE REPORT
NATIONAL WEATHER SERVICE SAN FRANCISCO BAY AREA
129 AM PDT WED SEP 28 2016


...................................

...THE SALINAS AIRPORT CLIMATE SUMMARY FOR SEPTEMBER 27 2016...

CLIMATE NORMAL PERIOD 1981 TO 2010
CLIMATE RECORD PERIOD 1930 TO 2016


WEATHER ITEM   OBSERVED TIME   RECORD YEAR NORMAL DEPARTURE LAST
                VALUE   (LST)  VALUE       VALUE  FROM      YEAR
                                                  NORMAL
..................................................................
TEMPERATURE (F)
 YESTERDAY
  MAXIMUM         90   1126 AM 102    2010  74     16       76
  MINIMUM         54   1159 PM  41    1945  53      1       56
  AVERAGE         72                        64      8       66

PRECIPITATION (IN)
  YESTERDAY        0.00          0.47 1986   0.01  -0.01     0.00
  MONTH TO DATE    0.00                      0.14  -0.14     0.03
  SINCE OCT 1     13.47                     12.80   0.67     9.91
  SINCE JAN 1      8.57                      8.89  -0.32     1.92

DEGREE DAYS
 HEATING
  YESTERDAY        0                         3     -3        0
  MONTH TO DATE   63                        55      8       11
  SINCE SEP 1     63                        55      8       11
  SINCE JUL 1    211                       190     21       14

 COOLING
  YESTERDAY        7                         1      6        1
  MONTH TO DATE   50                        27     23      104
  SINCE SEP 1     50                        27     23      104
  SINCE JAN 1     83                        96    -13      315
..................................................................


WIND (MPH)
  RESULTANT WIND SPEED   1   RESULTANT WIND DIRECTION  NW (300)
  HIGHEST WIND SPEED    17   HIGHEST WIND DIRECTION     E (110)
  HIGHEST GUST SPEED    20   HIGHEST GUST DIRECTION     E (110)
  AVERAGE WIND SPEED     8.5


SKY COVER
  POSSIBLE SUNSHINE  MM
  AVERAGE SKY COVER 0.1


WEATHER CONDITIONS
 THE FOLLOWING WEATHER WAS RECORDED YESTERDAY.
  FOG
  HAZE


RELATIVE HUMIDITY (PERCENT)
 HIGHEST    93           800 PM
 LOWEST     21          1100 AM
 AVERAGE    57

..........................................................


THE SALINAS AIRPORT CLIMATE NORMALS FOR TODAY
                         NORMAL    RECORD    YEAR
 MAXIMUM TEMPERATURE (F)   74        99      1970
 MINIMUM TEMPERATURE (F)   53        44      1971


SUNRISE AND SUNSET
SEPTEMBER 28 2016.....SUNRISE   700 AM PDT   SUNSET   653 PM PDT
SEPTEMBER 29 2016.....SUNRISE   700 AM PDT   SUNSET   652 PM PDT


-  INDICATES NEGATIVE NUMBERS.
R  INDICATES RECORD WAS SET OR TIED.
MM INDICATES DATA IS MISSING.
T  INDICATES TRACE AMOUNT.




$$
