000
CDUS46 KMTR 290829
CLISNS


CLIMATE REPORT
NATIONAL WEATHER SERVICE SAN FRANCISCO BAY AREA
129 AM PDT FRI MAY 29 2015


...................................

...THE SALINAS AIRPORT CLIMATE SUMMARY FOR MAY 28 2015...

CLIMATE NORMAL PERIOD 1981 TO 2010
CLIMATE RECORD PERIOD 1930 TO 2015


WEATHER ITEM   OBSERVED TIME   RECORD YEAR NORMAL DEPARTURE LAST
                VALUE   (LST)  VALUE       VALUE  FROM      YEAR
                                                  NORMAL
..................................................................
TEMPERATURE (F)
 YESTERDAY
  MAXIMUM         66   1250 PM  90    2003  69     -3       72
  MINIMUM         53   1156 PM  40    1982  52      1       50
  AVERAGE         60                        60      0       61

PRECIPITATION (IN)
  YESTERDAY        0.00          0.51 1990   0.01  -0.01     0.00
  MONTH TO DATE    0.20                      0.33  -0.13      T
  SINCE OCT 1      9.66                     12.52  -2.86     5.78
  SINCE JAN 1      1.67                      8.61  -6.94     4.95

DEGREE DAYS
 HEATING
  YESTERDAY        5                         5      0        4
  MONTH TO DATE  151                       168    -17      113
  SINCE MAR 1    441                       743   -302      495
  SINCE JUL 1   1290                      2557  -1267     1927

 COOLING
  YESTERDAY        0                         0      0        0
  MONTH TO DATE    0                         0      0       34
  SINCE MAR 1     23                         7     16       48
  SINCE JAN 1     31                         7     24       50
..................................................................


WIND (MPH)
  RESULTANT WIND SPEED   9   RESULTANT WIND DIRECTION   W (270)
  HIGHEST WIND SPEED    18   HIGHEST WIND DIRECTION     W (260)
  HIGHEST GUST SPEED    24   HIGHEST GUST DIRECTION     W (260)
  AVERAGE WIND SPEED     9.4


SKY COVER
  POSSIBLE SUNSHINE  MM
  AVERAGE SKY COVER 0.6


WEATHER CONDITIONS
 THE FOLLOWING WEATHER WAS RECORDED YESTERDAY.
  NO SIGNIFICANT WEATHER WAS OBSERVED.


RELATIVE HUMIDITY (PERCENT)
 HIGHEST    93           100 AM
 LOWEST     63          1200 PM
 AVERAGE    78

..........................................................


THE SALINAS AIRPORT CLIMATE NORMALS FOR TODAY
                         NORMAL    RECORD    YEAR
 MAXIMUM TEMPERATURE (F)   69        87      1984
 MINIMUM TEMPERATURE (F)   52        39      1940


SUNRISE AND SUNSET
MAY 29 2015...........SUNRISE   450 AM PST   SUNSET   717 PM PST
MAY 30 2015...........SUNRISE   450 AM PST   SUNSET   718 PM PST


-  INDICATES NEGATIVE NUMBERS.
R  INDICATES RECORD WAS SET OR TIED.
MM INDICATES DATA IS MISSING.
T  INDICATES TRACE AMOUNT.




$$
