000
CDUS46 KMTR 220826
CLISNS


CLIMATE REPORT
NATIONAL WEATHER SERVICE SAN FRANCISCO BAY AREA
126 AM PDT WED OCT 22 2014


...................................

...THE SALINAS AIRPORT CLIMATE SUMMARY FOR OCTOBER 21 2014...

CLIMATE NORMAL PERIOD 1981 TO 2010
CLIMATE RECORD PERIOD 1930 TO 2014


WEATHER ITEM   OBSERVED TIME   RECORD YEAR NORMAL DEPARTURE LAST
                VALUE   (LST)  VALUE       VALUE  FROM      YEAR
                                                  NORMAL
..................................................................
TEMPERATURE (F)
 YESTERDAY
  MAXIMUM         72   1252 PM  97    1937  72      0       67
  MINIMUM         50    600 AM  36    1949  49      1       47
  AVERAGE         61                        61      0       57

PRECIPITATION (IN)
  YESTERDAY        0.00          0.48 1941   0.02  -0.02     0.00
  MONTH TO DATE    T                         0.33  -0.33     0.00
  SINCE JUL 1      0.11                      0.53  -0.42     0.11
  SINCE JAN 1      5.08                      9.25  -4.17     2.44

DEGREE DAYS
 HEATING
  YESTERDAY        4                         5     -1        8
  MONTH TO DATE   12                        81    -69       81
  SINCE SEP 1     23                       141   -118       99
  SINCE JUL 1     64                       276   -212      204

 COOLING
  YESTERDAY        0                         1     -1        0
  MONTH TO DATE   74                        21     53       17
  SINCE SEP 1    121                        57     64       71
  SINCE JAN 1    254                       126    128      155
..................................................................


WIND (MPH)
  RESULTANT WIND SPEED   5   RESULTANT WIND DIRECTION   W (270)
  HIGHEST WIND SPEED    18   HIGHEST WIND DIRECTION     W (250)
  HIGHEST GUST SPEED    23   HIGHEST GUST DIRECTION     W (250)
  AVERAGE WIND SPEED     6.4


SKY COVER
  POSSIBLE SUNSHINE  MM
  AVERAGE SKY COVER 0.0


WEATHER CONDITIONS
 THE FOLLOWING WEATHER WAS RECORDED YESTERDAY.
  NO SIGNIFICANT WEATHER WAS OBSERVED.


RELATIVE HUMIDITY (PERCENT)
 HIGHEST    89           700 AM
 LOWEST     31          1200 PM
 AVERAGE    60

..........................................................


THE SALINAS AIRPORT CLIMATE NORMALS FOR TODAY
                         NORMAL    RECORD    YEAR
 MAXIMUM TEMPERATURE (F)   72        98      1965
 MINIMUM TEMPERATURE (F)   49        30      1935


SUNRISE AND SUNSET
OCTOBER 22 2014.......SUNRISE   620 AM PST   SUNSET   521 PM PST
OCTOBER 23 2014.......SUNRISE   621 AM PST   SUNSET   520 PM PST


-  INDICATES NEGATIVE NUMBERS.
R  INDICATES RECORD WAS SET OR TIED.
MM INDICATES DATA IS MISSING.
T  INDICATES TRACE AMOUNT.




$$
