000
CDUS46 KMTR 020826
CLISNS


CLIMATE REPORT
NATIONAL WEATHER SERVICE SAN FRANCISCO BAY AREA
125 AM PDT TUE SEP 2 2014


...................................

...THE SALINAS AIRPORT CLIMATE SUMMARY FOR SEPTEMBER 1 2014...

CLIMATE NORMAL PERIOD 1981 TO 2010
CLIMATE RECORD PERIOD 1930 TO 2014


WEATHER ITEM   OBSERVED TIME   RECORD YEAR NORMAL DEPARTURE LAST
                VALUE   (LST)  VALUE       VALUE  FROM      YEAR
                                                  NORMAL
..................................................................
TEMPERATURE (F)
 YESTERDAY
  MAXIMUM         78   1150 AM  96    1952  74      4       78
  MINIMUM         58    627 AM  45    2008  56      2       60
  AVERAGE         68                        65      3       69

PRECIPITATION (IN)
  YESTERDAY        0.00          0.01 1983   0.00   0.00     0.00
  MONTH TO DATE    0.00                      0.00   0.00     0.00
  SINCE JUL 1      0.01                      0.03  -0.02     0.02
  SINCE JAN 1      4.98                      8.75  -3.77     2.35

DEGREE DAYS
 HEATING
  YESTERDAY        0                         2     -2        0
  MONTH TO DATE    0                         2     -2        0
  SINCE SEP 1      0                         2     -2        0
  SINCE JUL 1     41                       137    -96      105

 COOLING
  YESTERDAY        3                         1      2        4
  MONTH TO DATE    3                         1      2        4
  SINCE SEP 1      3                         1      2        4
  SINCE JAN 1    136                        70     66       88
..................................................................


WIND (MPH)
  RESULTANT WIND SPEED   6   RESULTANT WIND DIRECTION   W (290)
  HIGHEST WIND SPEED    20   HIGHEST WIND DIRECTION    NW (330)
  HIGHEST GUST SPEED    28   HIGHEST GUST DIRECTION    NW (330)
  AVERAGE WIND SPEED     6.5


SKY COVER
  POSSIBLE SUNSHINE  MM
  AVERAGE SKY COVER 0.5


WEATHER CONDITIONS
 THE FOLLOWING WEATHER WAS RECORDED YESTERDAY.
  FOG
  HAZE


RELATIVE HUMIDITY (PERCENT)
 HIGHEST    90          1000 PM
 LOWEST     50          1200 PM
 AVERAGE    70

..........................................................


THE SALINAS AIRPORT CLIMATE NORMALS FOR TODAY
                         NORMAL    RECORD    YEAR
 MAXIMUM TEMPERATURE (F)   74        90      2008
                                             1955
 MINIMUM TEMPERATURE (F)   56        47      1964


SUNRISE AND SUNSET
SEPTEMBER  2 2014.....SUNRISE   538 AM PST   SUNSET   633 PM PST
SEPTEMBER  3 2014.....SUNRISE   539 AM PST   SUNSET   631 PM PST


-  INDICATES NEGATIVE NUMBERS.
R  INDICATES RECORD WAS SET OR TIED.
MM INDICATES DATA IS MISSING.
T  INDICATES TRACE AMOUNT.




$$
