000
CDUS45 KPIH 312323
CLISNT


CLIMATE REPORT
NATIONAL WEATHER SERVICE POCATELLO ID
522 PM MDT FRI JUL 31 2015


...................................

...THE STANLEY ID CLIMATE SUMMARY FOR JULY 31 2015...
VALID TODAY AS OF 0500 PM LOCAL TIME.

CLIMATE NORMAL PERIOD 1981 TO 2010
CLIMATE RECORD PERIOD 1916 TO 2015


WEATHER ITEM   OBSERVED TIME   RECORD YEAR NORMAL DEPARTURE LAST
                VALUE   (LST)  VALUE       VALUE  FROM      YEAR
                                                  NORMAL
..................................................................
TEMPERATURE (F)
 TODAY
  MAXIMUM         87    334 PM  92    2000  80      7       83
  MINIMUM         35    601 AM  24    1981  38     -3       43
  AVERAGE         61                        59      2       63

PRECIPITATION (IN)
  TODAY            0.00          0.35 2011   0.02  -0.02     0.00
  MONTH TO DATE    1.14                      0.69   0.45     0.36
  SINCE OCT 1     16.66                     15.46   1.20    17.23
  SINCE JAN 1      9.95                     10.61  -0.66    13.62

SNOWFALL (IN)
  TODAY           MM
  MONTH TO DATE   MM
  SINCE JUN 1     MM
  SINCE JUL 1     MM
  SNOW DEPTH      MM

DEGREE DAYS
 HEATING
  TODAY            4                         6     -2        2
  MONTH TO DATE  217                       239    -22      112
  SINCE JUN 1    451                       695   -244      582
  SINCE JUL 1    217                       241    -24      112

 COOLING
  TODAY            0                         0      0        0
  MONTH TO DATE    1                         3     -2       12
  SINCE JUN 1     18                         3     15       12
  SINCE JAN 1     18                         3     15       12
..................................................................


WIND (MPH)
  HIGHEST WIND SPEED    12   HIGHEST WIND DIRECTION     N (360)
  HIGHEST GUST SPEED    19   HIGHEST GUST DIRECTION     N (340)
  AVERAGE WIND SPEED     2.8


SKY COVER
  POSSIBLE SUNSHINE  MM
  AVERAGE SKY COVER 0.0


WEATHER CONDITIONS
 THE FOLLOWING WEATHER WAS RECORDED TODAY.
  NO SIGNIFICANT WEATHER WAS OBSERVED.


RELATIVE HUMIDITY (PERCENT)
 HIGHEST    82           500 AM
 LOWEST      8           300 PM
 AVERAGE    45

..........................................................


THE STANLEY ID CLIMATE NORMALS FOR TOMORROW
                         NORMAL    RECORD    YEAR
 MAXIMUM TEMPERATURE (F)   80        90      2000
 MINIMUM TEMPERATURE (F)   38        22      1923


SUNRISE AND SUNSET
JULY 31 2015..........SUNRISE   626 AM MDT   SUNSET   905 PM MDT
AUGUST  1 2015........SUNRISE   627 AM MDT   SUNSET   904 PM MDT


-  INDICATES NEGATIVE NUMBERS.
R  INDICATES RECORD WAS SET OR TIED.
MM INDICATES DATA IS MISSING.
T  INDICATES TRACE AMOUNT.




$$
