000
CDUS45 KPIH 260733
CLISNT


CLIMATE REPORT
NATIONAL WEATHER SERVICE POCATELLO ID
131 AM MDT WED JUL 26 2017


...................................

...THE STANLEY ID CLIMATE SUMMARY FOR JULY 25 2017...

CLIMATE NORMAL PERIOD 1981 TO 2010
CLIMATE RECORD PERIOD 1916 TO 2017


WEATHER ITEM   OBSERVED TIME   RECORD YEAR NORMAL DEPARTURE LAST
                VALUE   (LST)  VALUE       VALUE  FROM      YEAR
                                                  NORMAL
..................................................................
TEMPERATURE (F)
 YESTERDAY
  MAXIMUM         83    400 PM  88    1968  80      3       86
  MINIMUM         54   1159 PM  25    2014  38     16       35
  AVERAGE         69                        59     10       61

PRECIPITATION (IN)
  YESTERDAY        0.00          0.40 2007   0.02  -0.02     0.00
  MONTH TO DATE    0.19                      0.58  -0.39     0.10
  SINCE OCT 1     28.32                     15.35  12.97    17.13
  SINCE JAN 1     16.99                     10.50   6.49     9.56

SNOWFALL (IN)
  YESTERDAY       MM
  MONTH TO DATE   MM
  SINCE JUN 1     MM
  SINCE JUL 1     MM
  SNOW DEPTH      MM

DEGREE DAYS
 HEATING
  YESTERDAY        0                         6     -6        4
  MONTH TO DATE   62                       203   -141      218
  SINCE JUN 1    406                       657   -251      522
  SINCE JUL 1     62                       203   -141      218

 COOLING
  YESTERDAY        4                         0      4        0
  MONTH TO DATE   19                         0     19        0
  SINCE JUN 1     21                         0     21        3
  SINCE JAN 1     21                         0     21        3
..................................................................


WIND (MPH)
  HIGHEST WIND SPEED    13   HIGHEST WIND DIRECTION    NE (30)
  HIGHEST GUST SPEED    18   HIGHEST GUST DIRECTION    SE (130)
  AVERAGE WIND SPEED     4.8


SKY COVER
  POSSIBLE SUNSHINE  MM
  AVERAGE SKY COVER 0.0


WEATHER CONDITIONS
 THE FOLLOWING WEATHER WAS RECORDED YESTERDAY.
  NO SIGNIFICANT WEATHER WAS OBSERVED.


RELATIVE HUMIDITY (PERCENT)
 HIGHEST    72           700 AM
 LOWEST     23           400 PM
 AVERAGE    48

..........................................................


THE STANLEY ID CLIMATE NORMALS FOR TODAY
                         NORMAL    RECORD    YEAR
 MAXIMUM TEMPERATURE (F)   80        90      1978
 MINIMUM TEMPERATURE (F)   38        21      1968


SUNRISE AND SUNSET
JULY 26 2017..........SUNRISE   621 AM MDT   SUNSET   911 PM MDT
JULY 27 2017..........SUNRISE   622 AM MDT   SUNSET   909 PM MDT


-  INDICATES NEGATIVE NUMBERS.
R  INDICATES RECORD WAS SET OR TIED.
MM INDICATES DATA IS MISSING.
T  INDICATES TRACE AMOUNT.




$$
