000
CDUS45 KPIH 230731
CLISNT


CLIMATE REPORT
NATIONAL WEATHER SERVICE POCATELLO ID
130 AM MDT TUE MAY 23 2017


...................................

...THE STANLEY ID CLIMATE SUMMARY FOR MAY 22 2017...

CLIMATE NORMAL PERIOD 1981 TO 2010
CLIMATE RECORD PERIOD 1916 TO 2017


WEATHER ITEM   OBSERVED TIME   RECORD YEAR NORMAL DEPARTURE LAST
                VALUE   (LST)  VALUE       VALUE  FROM      YEAR
                                                  NORMAL
..................................................................
TEMPERATURE (F)
 YESTERDAY
  MAXIMUM         71    340 PM  79    1919  60     11       48
  MINIMUM         29    508 AM  20    1987  30     -1       32
  AVERAGE         50                        45      5       40

PRECIPITATION (IN)
  YESTERDAY        0.00          0.65 1990   0.05  -0.05     0.03
  MONTH TO DATE    1.14                      1.24  -0.10     0.99
  SINCE OCT 1     26.66                     12.93  13.73    16.41
  SINCE JAN 1     15.33                      8.08   7.25     8.84

SNOWFALL (IN)
  YESTERDAY       MM
  MONTH TO DATE   MM
  SINCE MAR 1     MM
  SINCE JUL 1     MM
  SNOW DEPTH      MM

DEGREE DAYS
 HEATING
  YESTERDAY       15                        20     -5       25
  MONTH TO DATE  457                       510    -53      433
  SINCE MAR 1   2409                      2636   -227     2249
  SINCE JUL 1   9666                     10170   -504     9199

 COOLING
  YESTERDAY        0                         0      0        0
  MONTH TO DATE    0                         0      0        0
  SINCE MAR 1      0                         0      0        0
  SINCE JAN 1      0                         0      0        0
..................................................................


WIND (MPH)
  HIGHEST WIND SPEED    14   HIGHEST WIND DIRECTION     W (270)
  HIGHEST GUST SPEED    22   HIGHEST GUST DIRECTION     N (360)
  AVERAGE WIND SPEED     4.4


SKY COVER
  POSSIBLE SUNSHINE  MM
  AVERAGE SKY COVER 0.0


WEATHER CONDITIONS
 THE FOLLOWING WEATHER WAS RECORDED YESTERDAY.
  NO SIGNIFICANT WEATHER WAS OBSERVED.


RELATIVE HUMIDITY (PERCENT)
 HIGHEST    92           300 AM
 LOWEST     11           500 PM
 AVERAGE    52

..........................................................


THE STANLEY ID CLIMATE NORMALS FOR TODAY
                         NORMAL    RECORD    YEAR
 MAXIMUM TEMPERATURE (F)   60        78      2001
 MINIMUM TEMPERATURE (F)   30        14      1966


SUNRISE AND SUNSET
MAY 23 2017...........SUNRISE   605 AM MDT   SUNSET   908 PM MDT
MAY 24 2017...........SUNRISE   604 AM MDT   SUNSET   909 PM MDT


-  INDICATES NEGATIVE NUMBERS.
R  INDICATES RECORD WAS SET OR TIED.
MM INDICATES DATA IS MISSING.
T  INDICATES TRACE AMOUNT.




$$
