000
CDUS45 KPIH 230733
CLISNT


CLIMATE REPORT
NATIONAL WEATHER SERVICE POCATELLO ID
133 AM MDT TUE SEP 23 2014


...................................

...THE STANLEY ID CLIMATE SUMMARY FOR SEPTEMBER 22 2014...

CLIMATE NORMAL PERIOD 1981 TO 2010
CLIMATE RECORD PERIOD 1916 TO 2014


WEATHER ITEM   OBSERVED TIME   RECORD YEAR NORMAL DEPARTURE LAST
                VALUE   (LST)  VALUE       VALUE  FROM      YEAR
                                                  NORMAL
..................................................................
TEMPERATURE (F)
 YESTERDAY
  MAXIMUM         66    352 PM  84    1987  65      1       56
  MINIMUM         42   1159 PM  12    1993  27     15       29
  AVERAGE         54                        46      8       43

PRECIPITATION (IN)
  YESTERDAY        0.07          0.40 1918   0.02   0.05     0.00
  MONTH TO DATE    0.08                      0.73  -0.65     0.59
  SINCE OCT 1     18.40                     16.87   1.53    15.23
  SINCE JAN 1     14.79                     12.02   2.77     7.04

SNOWFALL (IN)
  YESTERDAY       MM
  MONTH TO DATE   MM
  SINCE SEP 1     MM
  SINCE JUL 1     MM
  SNOW DEPTH      MM

DEGREE DAYS
 HEATING
  YESTERDAY       11                        19     -8       22
  MONTH TO DATE  310                       359    -49      228
  SINCE SEP 1    310                       359    -49      228
  SINCE JUL 1    649                       879   -230      555

 COOLING
  YESTERDAY        0                         0      0        0
  MONTH TO DATE    0                         0      0        0
  SINCE SEP 1      0                         0      0        0
  SINCE JAN 1     16                         3     13       19
..................................................................


WIND (MPH)
  HIGHEST WIND SPEED    10   HIGHEST WIND DIRECTION     S (180)
  HIGHEST GUST SPEED    15   HIGHEST GUST DIRECTION     S (180)
  AVERAGE WIND SPEED     2.9


SKY COVER
  POSSIBLE SUNSHINE  MM
  AVERAGE SKY COVER 0.0


WEATHER CONDITIONS
 THE FOLLOWING WEATHER WAS RECORDED YESTERDAY.
  NO SIGNIFICANT WEATHER WAS OBSERVED.


RELATIVE HUMIDITY (PERCENT)
 HIGHEST    93           500 AM
 LOWEST     48           400 PM
 AVERAGE    71

..........................................................


THE STANLEY ID CLIMATE NORMALS FOR TODAY
                         NORMAL    RECORD    YEAR
 MAXIMUM TEMPERATURE (F)   64        84      1987
 MINIMUM TEMPERATURE (F)   27        10      1926


SUNRISE AND SUNSET
SEPTEMBER 23 2014.....SUNRISE   728 AM MDT   SUNSET   735 PM MDT
SEPTEMBER 24 2014.....SUNRISE   729 AM MDT   SUNSET   733 PM MDT


-  INDICATES NEGATIVE NUMBERS.
R  INDICATES RECORD WAS SET OR TIED.
MM INDICATES DATA IS MISSING.
T  INDICATES TRACE AMOUNT.




$$
