000
CDUS45 KPIH 250741
CLISNT


CLIMATE REPORT
NATIONAL WEATHER SERVICE POCATELLO ID
1234 AM MST SAT FEB 25 2017


...................................

...THE STANLEY ID CLIMATE SUMMARY FOR FEBRUARY 24 2017...

CLIMATE NORMAL PERIOD 1981 TO 2010
CLIMATE RECORD PERIOD 1916 TO 2017


WEATHER ITEM   OBSERVED TIME   RECORD YEAR NORMAL DEPARTURE LAST
                VALUE   (LST)  VALUE       VALUE  FROM      YEAR
                                                  NORMAL
..................................................................
TEMPERATURE (F)
 YESTERDAY
  MAXIMUM         25    149 PM  48    2015  36    -11       41
                                      1981
  MINIMUM          6   1107 PM -35    1982   6      0       -5
  AVERAGE         16                        21     -5       18

PRECIPITATION (IN)
  YESTERDAY        0.05          0.96 1917   0.06  -0.01     0.00
  MONTH TO DATE    6.74                      1.52   5.22     1.03
  SINCE OCT 1     18.33                      7.89  10.44    11.05
  SINCE JAN 1      7.00                      3.04   3.96     3.48

SNOWFALL (IN)
  YESTERDAY       MM
  MONTH TO DATE   MM
  SINCE DEC 1     MM
  SINCE JUL 1     MM
  SNOW DEPTH      MM

DEGREE DAYS
 HEATING
  YESTERDAY       49                        44      5       47
  MONTH TO DATE  916                      1133   -217      998
  SINCE DEC 1   4442                      4265    177     3991
  SINCE JUL 1   7059                      7362   -303     6763

 COOLING
  YESTERDAY        0                         0      0        0
  MONTH TO DATE    0                         0      0        0
  SINCE DEC 1      0                         0      0        0
  SINCE JAN 1      0                         0      0        0
..................................................................


WIND (MPH)
  HIGHEST WIND SPEED     9   HIGHEST WIND DIRECTION     N (340)
  HIGHEST GUST SPEED    14   HIGHEST GUST DIRECTION     N (350)
  AVERAGE WIND SPEED     3.8


SKY COVER
  POSSIBLE SUNSHINE  MM
  AVERAGE SKY COVER 0.0


WEATHER CONDITIONS
 THE FOLLOWING WEATHER WAS RECORDED YESTERDAY.
  NO SIGNIFICANT WEATHER WAS OBSERVED.


RELATIVE HUMIDITY (PERCENT)
 HIGHEST    92           800 AM
 LOWEST     45           400 PM
 AVERAGE    69

..........................................................


THE STANLEY ID CLIMATE NORMALS FOR TODAY
                         NORMAL    RECORD    YEAR
 MAXIMUM TEMPERATURE (F)   37        53      1986
 MINIMUM TEMPERATURE (F)    6       -29      1975


SUNRISE AND SUNSET
FEBRUARY 25 2017......SUNRISE   723 AM MST   SUNSET   623 PM MST
FEBRUARY 26 2017......SUNRISE   721 AM MST   SUNSET   624 PM MST


-  INDICATES NEGATIVE NUMBERS.
R  INDICATES RECORD WAS SET OR TIED.
MM INDICATES DATA IS MISSING.
T  INDICATES TRACE AMOUNT.




$$
