000
CDUS45 KPIH 250742
CLISNT


CLIMATE REPORT
NATIONAL WEATHER SERVICE POCATELLO ID
131 AM MDT MON SEP 25 2017


...................................

...THE STANLEY ID CLIMATE SUMMARY FOR SEPTEMBER 24 2017...

CLIMATE NORMAL PERIOD 1981 TO 2010
CLIMATE RECORD PERIOD 1916 TO 2017


WEATHER ITEM   OBSERVED TIME   RECORD YEAR NORMAL DEPARTURE LAST
                VALUE   (LST)  VALUE       VALUE  FROM      YEAR
                                                  NORMAL
..................................................................
TEMPERATURE (F)
 YESTERDAY
  MAXIMUM         51    408 PM  86    1922  64    -13       62
  MINIMUM         24    230 AM   2    1926  27     -3       32
  AVERAGE         38                        45     -7       47

PRECIPITATION (IN)
  YESTERDAY        0.00          0.42 1977   0.03  -0.03     0.00
  MONTH TO DATE    2.24                      0.78   1.46     1.40
  SINCE OCT 1     31.22                     16.92  14.30    18.55
  SINCE JAN 1     19.89                     12.07   7.82    10.98

SNOWFALL (IN)
  YESTERDAY       MM
  MONTH TO DATE   MM
  SINCE SEP 1     MM
  SINCE JUL 1     MM
  SNOW DEPTH      MM

DEGREE DAYS
 HEATING
  YESTERDAY       27                        20      7       18
  MONTH TO DATE  303                       398    -95      390
  SINCE SEP 1    303                       398    -95      390
  SINCE JUL 1    518                       918   -400      868

 COOLING
  YESTERDAY        0                         0      0        0
  MONTH TO DATE    0                         0      0        0
  SINCE SEP 1      0                         0      0        0
  SINCE JAN 1     25                         3     22        4
..................................................................


WIND (MPH)
  HIGHEST WIND SPEED    10   HIGHEST WIND DIRECTION     N (20)
  HIGHEST GUST SPEED    16   HIGHEST GUST DIRECTION     N (10)
  AVERAGE WIND SPEED     2.6


SKY COVER
  POSSIBLE SUNSHINE  MM
  AVERAGE SKY COVER 0.0


WEATHER CONDITIONS
 THE FOLLOWING WEATHER WAS RECORDED YESTERDAY.
  NO SIGNIFICANT WEATHER WAS OBSERVED.


RELATIVE HUMIDITY (PERCENT)
 HIGHEST   100           600 AM
 LOWEST     34           300 PM
 AVERAGE    67

..........................................................


THE STANLEY ID CLIMATE NORMALS FOR TODAY
                         NORMAL    RECORD    YEAR
 MAXIMUM TEMPERATURE (F)   64        85      1922
 MINIMUM TEMPERATURE (F)   27         1      1926


SUNRISE AND SUNSET
SEPTEMBER 25 2017.....SUNRISE   731 AM MDT   SUNSET   731 PM MDT
SEPTEMBER 26 2017.....SUNRISE   732 AM MDT   SUNSET   729 PM MDT


-  INDICATES NEGATIVE NUMBERS.
R  INDICATES RECORD WAS SET OR TIED.
MM INDICATES DATA IS MISSING.
T  INDICATES TRACE AMOUNT.




$$
