000
CDUS45 KPIH 250738
CLISNT


CLIMATE REPORT
NATIONAL WEATHER SERVICE POCATELLO ID
1237 AM MST THU DEC 25 2014


...................................

...THE STANLEY ID CLIMATE SUMMARY FOR DECEMBER 24 2014...

CLIMATE NORMAL PERIOD 1981 TO 2010
CLIMATE RECORD PERIOD 1916 TO 2014


WEATHER ITEM   OBSERVED TIME   RECORD YEAR NORMAL DEPARTURE LAST
                VALUE   (LST)  VALUE       VALUE  FROM      YEAR
                                                  NORMAL
..................................................................
TEMPERATURE (F)
 YESTERDAY
  MAXIMUM         36   1128 AM  54    1919  25     11       33
  MINIMUM         14    836 AM -53    1983   3     11       -4
  AVERAGE         25                        14     11       15

PRECIPITATION (IN)
  YESTERDAY        0.44          0.72 1964   0.04   0.40     0.03
  MONTH TO DATE    2.34                      0.97   1.37     1.47
  SINCE OCT 1      6.53                      4.55   1.98     3.56
  SINCE JAN 1     22.44                     16.76   5.68    14.06

SNOWFALL (IN)
  YESTERDAY       MM
  MONTH TO DATE   MM
  SINCE DEC 1     MM
  SINCE JUL 1     MM
  SNOW DEPTH      MM

DEGREE DAYS
 HEATING
  YESTERDAY       40                        51    -11       50
  MONTH TO DATE  940                      1206   -266     1281
  SINCE DEC 1    940                      1206   -266     1281
  SINCE JUL 1   3533                      4303   -770     4070

 COOLING
  YESTERDAY        0                         0      0        0
  MONTH TO DATE    0                         0      0        0
  SINCE DEC 1      0                         0      0        0
  SINCE JAN 1     16                         3     13       19
..................................................................


WIND (MPH)
  HIGHEST WIND SPEED    18   HIGHEST WIND DIRECTION    NW (310)
  HIGHEST GUST SPEED    27   HIGHEST GUST DIRECTION    NW (310)
  AVERAGE WIND SPEED     6.5


SKY COVER
  POSSIBLE SUNSHINE  MM
  AVERAGE SKY COVER 0.0


WEATHER CONDITIONS
 THE FOLLOWING WEATHER WAS RECORDED YESTERDAY.
  NO SIGNIFICANT WEATHER WAS OBSERVED.


RELATIVE HUMIDITY (PERCENT)
 HIGHEST    92           900 PM
 LOWEST     59          1100 AM
 AVERAGE    76

..........................................................


THE STANLEY ID CLIMATE NORMALS FOR TODAY
                         NORMAL    RECORD    YEAR
 MAXIMUM TEMPERATURE (F)   25        40      1980
 MINIMUM TEMPERATURE (F)    3       -33      1987


SUNRISE AND SUNSET
DECEMBER 25 2014......SUNRISE   814 AM MST   SUNSET   506 PM MST
DECEMBER 26 2014......SUNRISE   814 AM MST   SUNSET   507 PM MST


-  INDICATES NEGATIVE NUMBERS.
R  INDICATES RECORD WAS SET OR TIED.
MM INDICATES DATA IS MISSING.
T  INDICATES TRACE AMOUNT.




$$
