000
CDUS45 KPIH 302324
CLISNT


CLIMATE REPORT
NATIONAL WEATHER SERVICE POCATELLO ID
522 PM MDT THU MAR 30 2017


...................................

...THE STANLEY ID CLIMATE SUMMARY FOR MARCH 30 2017...
VALID TODAY AS OF 0500 PM LOCAL TIME.

CLIMATE NORMAL PERIOD 1981 TO 2010
CLIMATE RECORD PERIOD 1916 TO 2017


WEATHER ITEM   OBSERVED TIME   RECORD YEAR NORMAL DEPARTURE LAST
                VALUE   (LST)  VALUE       VALUE  FROM      YEAR
                                                  NORMAL
..................................................................
TEMPERATURE (F)
 TODAY
  MAXIMUM         36    213 PM  64    2015  44     -8       52
  MINIMUM         31    611 AM -30    1924  16     15       21
  AVERAGE         34                        30      4       37

PRECIPITATION (IN)
  TODAY            0.44          0.97 2012   0.07   0.37     0.00
  MONTH TO DATE    4.91                      1.74   3.17     3.02
  SINCE OCT 1     23.34                      9.90  13.44    14.20
  SINCE JAN 1     12.01                      5.05   6.96     6.63

SNOWFALL (IN)
  TODAY           MM
  MONTH TO DATE   MM
  SINCE MAR 1     MM
  SINCE JUL 1     MM
  SNOW DEPTH      MM

DEGREE DAYS
 HEATING
  TODAY           31                        35     -4       28
  MONTH TO DATE  974                      1148   -174     1044
  SINCE MAR 1    974                      1148   -174     1044
  SINCE JUL 1   8231                      8682   -451     7994

 COOLING
  TODAY            0                         0      0        0
  MONTH TO DATE    0                         0      0        0
  SINCE MAR 1      0                         0      0        0
  SINCE JAN 1      0                         0      0        0
..................................................................


WIND (MPH)
  HIGHEST WIND SPEED    13   HIGHEST WIND DIRECTION    NW (320)
  HIGHEST GUST SPEED    20   HIGHEST GUST DIRECTION    NW (310)
  AVERAGE WIND SPEED     2.9


SKY COVER
  POSSIBLE SUNSHINE  MM
  AVERAGE SKY COVER 0.0


WEATHER CONDITIONS
 THE FOLLOWING WEATHER WAS RECORDED TODAY.
  NO SIGNIFICANT WEATHER WAS OBSERVED.


RELATIVE HUMIDITY (PERCENT)
 HIGHEST   100           100 AM
 LOWEST     89           400 PM
 AVERAGE    95

..........................................................


THE STANLEY ID CLIMATE NORMALS FOR TOMORROW
                         NORMAL    RECORD    YEAR
 MAXIMUM TEMPERATURE (F)   44        61      1994
 MINIMUM TEMPERATURE (F)   16       -18      1924


SUNRISE AND SUNSET
MARCH 30 2017.........SUNRISE   724 AM MDT   SUNSET   805 PM MDT
MARCH 31 2017.........SUNRISE   722 AM MDT   SUNSET   806 PM MDT


-  INDICATES NEGATIVE NUMBERS.
R  INDICATES RECORD WAS SET OR TIED.
MM INDICATES DATA IS MISSING.
T  INDICATES TRACE AMOUNT.




$$
