000
CDUS45 KPIH 192324
CLISNT


CLIMATE REPORT
NATIONAL WEATHER SERVICE POCATELLO ID
423 PM MST SUN NOV 19 2017


...................................

...THE STANLEY ID CLIMATE SUMMARY FOR NOVEMBER 19 2017...
VALID TODAY AS OF 0400 PM LOCAL TIME.

CLIMATE NORMAL PERIOD 1981 TO 2010
CLIMATE RECORD PERIOD 1916 TO 2017


WEATHER ITEM   OBSERVED TIME   RECORD YEAR NORMAL DEPARTURE LAST
                VALUE   (LST)  VALUE       VALUE  FROM      YEAR
                                                  NORMAL
..................................................................
TEMPERATURE (F)
 TODAY
  MAXIMUM         23    347 PM  51    1976  33    -10       48
  MINIMUM          4    130 AM -19    1979  11     -7       25
  AVERAGE         14                        22     -8       37

PRECIPITATION (IN)
  TODAY            0.00          0.61 1926   0.07  -0.07     0.00
  MONTH TO DATE    3.83                      1.56   2.27     0.78
  SINCE OCT 1      5.22                      3.03   2.19     5.09
  SINCE JAN 1     25.27                     15.24  10.03    16.08

SNOWFALL (IN)
  TODAY           MM
  MONTH TO DATE   MM
  SINCE SEP 1     MM
  SINCE JUL 1     MM
  SNOW DEPTH      MM

DEGREE DAYS
 HEATING
  TODAY           51                        43      8       28
  MONTH TO DATE  764                       729     35      521
  SINCE SEP 1   2044                      2073    -29     1720
  SINCE JUL 1   2259                      2593   -334     2198

 COOLING
  TODAY            0                         0      0        0
  MONTH TO DATE    0                         0      0        0
  SINCE SEP 1      0                         0      0        0
  SINCE JAN 1     25                         3     22        4
..................................................................


WIND (MPH)
  HIGHEST WIND SPEED     6   HIGHEST WIND DIRECTION     N (340)
  HIGHEST GUST SPEED     8   HIGHEST GUST DIRECTION    NW (320)
  AVERAGE WIND SPEED     1.2


SKY COVER
  POSSIBLE SUNSHINE  MM
  AVERAGE SKY COVER 0.0


WEATHER CONDITIONS
 THE FOLLOWING WEATHER WAS RECORDED TODAY.
  NO SIGNIFICANT WEATHER WAS OBSERVED.


RELATIVE HUMIDITY (PERCENT)
 HIGHEST    88           300 AM
 LOWEST     71           300 PM
 AVERAGE    80

..........................................................


THE STANLEY ID CLIMATE NORMALS FOR TOMORROW
                         NORMAL    RECORD    YEAR
 MAXIMUM TEMPERATURE (F)   32        55      2008
 MINIMUM TEMPERATURE (F)   10       -19      1979


SUNRISE AND SUNSET
NOVEMBER 19 2017......SUNRISE   741 AM MST   SUNSET   509 PM MST
NOVEMBER 20 2017......SUNRISE   742 AM MST   SUNSET   508 PM MST


-  INDICATES NEGATIVE NUMBERS.
R  INDICATES RECORD WAS SET OR TIED.
MM INDICATES DATA IS MISSING.
T  INDICATES TRACE AMOUNT.




$$
