000
CDUS45 KCYS 250726
CLISNY


CLIMATE REPORT
NATIONAL WEATHER SERVICE CHEYENNE WY
126 AM MDT MON JUL 25 2016


...................................

...THE SIDNEY NE AIRPORT CLIMATE SUMMARY FOR JULY 24 2016...

CLIMATE NORMAL PERIOD 1981 TO 2010
CLIMATE RECORD PERIOD 1948 TO 2016


WEATHER ITEM   OBSERVED TIME   RECORD YEAR NORMAL DEPARTURE LAST
                VALUE   (LST)  VALUE       VALUE  FROM      YEAR
                                                  NORMAL
..................................................................
TEMPERATURE (F)
 YESTERDAY
  MAXIMUM         88    205 PM 104    2014  91     -3       92
  MINIMUM         53   1159 PM  47    1988  61     -8       61
  AVERAGE         71                        76     -5       77

PRECIPITATION (IN)
  YESTERDAY        0.01          1.44 1983   0.09  -0.08     0.00
  MONTH TO DATE    0.39                      2.32  -1.93     1.58
  SINCE JAN 1      8.18                     12.26  -4.08    18.67

DEGREE DAYS
 HEATING
  YESTERDAY        0                         0      0        0
  MONTH TO DATE    0                         0      0        7
  SINCE JUN 1     10                        59    -49        7
  SINCE JUL 1      0                         0      0        7

 COOLING
  YESTERDAY        6                        11     -5       12
  MONTH TO DATE  245                       244      1      181
  SINCE JUN 1    455                       381     74      290
  SINCE JAN 1    459                       403     56      290
..................................................................


WIND (MPH)
  HIGHEST WIND SPEED    36   HIGHEST WIND DIRECTION    SE (140)
  HIGHEST GUST SPEED    45   HIGHEST GUST DIRECTION    SE (140)
  AVERAGE WIND SPEED    11.5


SKY COVER
  AVERAGE SKY COVER 0.1


WEATHER CONDITIONS
 THE FOLLOWING WEATHER WAS RECORDED YESTERDAY.
  THUNDERSTORM
  LIGHT RAIN


RELATIVE HUMIDITY (PERCENT)
 HIGHEST    86          1100 PM
 LOWEST     32           200 PM
 AVERAGE    59

..........................................................


THE SIDNEY NE AIRPORT CLIMATE NORMALS FOR TODAY
                         NORMAL    RECORD    YEAR
 MAXIMUM TEMPERATURE (F)   91       105      2003
 MINIMUM TEMPERATURE (F)   61        50      2004
                                             1996


SUNRISE AND SUNSET
JULY 25 2016..........SUNRISE   542 AM MDT   SUNSET   815 PM MDT
JULY 26 2016..........SUNRISE   542 AM MDT   SUNSET   814 PM MDT


-  INDICATES NEGATIVE NUMBERS.
R  INDICATES RECORD WAS SET OR TIED.
MM INDICATES DATA IS MISSING.
T  INDICATES TRACE AMOUNT.




$$
