000
CDUS45 KCYS 290735
CLISNY


CLIMATE REPORT
NATIONAL WEATHER SERVICE CHEYENNE WY
135 AM MDT TUE JUL 29 2014


...................................

...THE SIDNEY NE AIRPORT CLIMATE SUMMARY FOR JULY 28 2014...

CLIMATE NORMAL PERIOD 1981 TO 2010
CLIMATE RECORD PERIOD 1948 TO 2014


WEATHER ITEM   OBSERVED TIME   RECORD YEAR NORMAL DEPARTURE LAST
                VALUE   (LST)  VALUE       VALUE  FROM      YEAR
                                                  NORMAL
..................................................................
TEMPERATURE (F)
 YESTERDAY
  MAXIMUM         91    240 PM 100    1959  91      0       70
  MINIMUM         56    503 AM  46    1971  61     -5       56
  AVERAGE         74                        76     -2       63

PRECIPITATION (IN)
  YESTERDAY        0.00          1.79 1961   0.09  -0.09     0.01
  MONTH TO DATE    0.21                      2.69  -2.48     1.44
  SINCE JAN 1      8.63                     12.63  -4.00     7.47

DEGREE DAYS
 HEATING
  YESTERDAY        0                         0      0        2
  MONTH TO DATE    9                         0      9        8
  SINCE JUN 1     64                        59      5       45
  SINCE JUL 1      9                         0      9        8

 COOLING
  YESTERDAY        9                        11     -2        0
  MONTH TO DATE  246                       288    -42      249
  SINCE JUN 1    314                       425   -111      417
  SINCE JAN 1    330                       447   -117      450
..................................................................


WIND (MPH)
  HIGHEST WIND SPEED    18   HIGHEST WIND DIRECTION     S (160)
  HIGHEST GUST SPEED    24   HIGHEST GUST DIRECTION     S (170)
  AVERAGE WIND SPEED     9.2


SKY COVER
  AVERAGE SKY COVER 0.1


WEATHER CONDITIONS
 THE FOLLOWING WEATHER WAS RECORDED YESTERDAY.
  THUNDERSTORM


RELATIVE HUMIDITY (PERCENT)
 HIGHEST    72           500 AM
 LOWEST     29           200 PM
 AVERAGE    51

..........................................................


THE SIDNEY NE AIRPORT CLIMATE NORMALS FOR TODAY
                         NORMAL    RECORD    YEAR
 MAXIMUM TEMPERATURE (F)   90        99      2006
                                             2001
                                             1986
 MINIMUM TEMPERATURE (F)   61        44      1971


SUNRISE AND SUNSET
JULY 29 2014..........SUNRISE   545 AM MDT   SUNSET   811 PM MDT
JULY 30 2014..........SUNRISE   546 AM MDT   SUNSET   810 PM MDT


-  INDICATES NEGATIVE NUMBERS.
R  INDICATES RECORD WAS SET OR TIED.
MM INDICATES DATA IS MISSING.
T  INDICATES TRACE AMOUNT.




$$
