000
CDUS45 KCYS 240728
CLISNY


CLIMATE REPORT
NATIONAL WEATHER SERVICE CHEYENNE WY
1227 AM MST MON NOV 24 2014


...................................

...THE SIDNEY NE AIRPORT CLIMATE SUMMARY FOR NOVEMBER 23 2014...

CLIMATE NORMAL PERIOD 1981 TO 2010
CLIMATE RECORD PERIOD 1948 TO 2014


WEATHER ITEM   OBSERVED TIME   RECORD YEAR NORMAL DEPARTURE LAST
                VALUE   (LST)  VALUE       VALUE  FROM      YEAR
                                                  NORMAL
..................................................................
TEMPERATURE (F)
 YESTERDAY
  MAXIMUM         46    110 AM  67    2011  47     -1       32
                                      1974
  MINIMUM         24   1126 PM  -6    1952  21      3       10
  AVERAGE         35                        34      1       21

PRECIPITATION (IN)
  YESTERDAY        0.00          0.25 2001   0.01  -0.01     0.00
  MONTH TO DATE    0.35                      0.44  -0.09     0.45
  SINCE JAN 1     15.88                     17.87  -1.99    16.92

DEGREE DAYS
 HEATING
  YESTERDAY       30                        31     -1       44
  MONTH TO DATE  758                       593    165      615
  SINCE SEP 1   1252                      1185     67     1267
  SINCE JUL 1   1264                      1196     68     1276

 COOLING
  YESTERDAY        0                         0      0        0
  MONTH TO DATE    0                         0      0        0
  SINCE SEP 1     79                        88     -9      155
  SINCE JAN 1    637                       830   -193      918
..................................................................


WIND (MPH)
  HIGHEST WIND SPEED    37   HIGHEST WIND DIRECTION     N (340)
  HIGHEST GUST SPEED    47   HIGHEST GUST DIRECTION     N (350)
  AVERAGE WIND SPEED    20.4


SKY COVER
  AVERAGE SKY COVER 0.3


WEATHER CONDITIONS
 THE FOLLOWING WEATHER WAS RECORDED YESTERDAY.
  NO SIGNIFICANT WEATHER WAS OBSERVED.


RELATIVE HUMIDITY (PERCENT)
 HIGHEST    75          1000 PM
 LOWEST     27           100 PM
 AVERAGE    51

..........................................................


THE SIDNEY NE AIRPORT CLIMATE NORMALS FOR TODAY
                         NORMAL    RECORD    YEAR
 MAXIMUM TEMPERATURE (F)   47        74      2011
 MINIMUM TEMPERATURE (F)   21        -5      1993


SUNRISE AND SUNSET
NOVEMBER 24 2014......SUNRISE   650 AM MST   SUNSET   427 PM MST
NOVEMBER 25 2014......SUNRISE   651 AM MST   SUNSET   426 PM MST


-  INDICATES NEGATIVE NUMBERS.
R  INDICATES RECORD WAS SET OR TIED.
MM INDICATES DATA IS MISSING.
T  INDICATES TRACE AMOUNT.




$$
