000
CDUS43 KILX 230709
CLISPI


CLIMATE REPORT
NATIONAL WEATHER SERVICE LINCOLN IL
109 AM CST SUN NOV 23 2014


...................................

...THE SPRINGFIELD IL CLIMATE SUMMARY FOR NOVEMBER 22 2014...

CLIMATE NORMAL PERIOD 1981 TO 2010
CLIMATE RECORD PERIOD 1879 TO 2014


WEATHER ITEM   OBSERVED TIME   RECORD YEAR NORMAL DEPARTURE LAST
                VALUE   (LST)  VALUE       VALUE  FROM      YEAR
                                                  NORMAL
..................................................................
TEMPERATURE (F)
 YESTERDAY
  MAXIMUM         59    113 PM  74    2010  49     10       46
  MINIMUM         38   1222 AM   6    1880  31      7       27
  AVERAGE         49                        40      9       37

PRECIPITATION (IN)
  YESTERDAY        T             2.31 1942   0.11  -0.11     0.07
  MONTH TO DATE    0.55                      2.34  -1.79     1.23
  SINCE SEP 1      9.85                      8.39   1.46     6.08
  SINCE JAN 1     42.18                     34.04   8.14    36.75

SNOWFALL (IN)
  YESTERDAY        0.0           0.6  1950   0.0    0.0      0.0
  MONTH TO DATE    0.6                       0.3    0.3      0.7
  SINCE SEP 1      0.6                       0.3    0.3      0.7
  SINCE JUL 1      0.6                       0.3    0.3      0.7
  SNOW DEPTH       0

DEGREE DAYS
 HEATING
  YESTERDAY       16                        25     -9       28
  MONTH TO DATE  628                       440    188      474
  SINCE SEP 1   1006                       845    161      870
  SINCE JUL 1   1009                       850    159      881

 COOLING
  YESTERDAY        0                         0      0        0
  MONTH TO DATE    0                         0      0        0
  SINCE SEP 1    129                       151    -22      205
  SINCE JAN 1   1162                      1121     41     1145
..................................................................


WIND (MPH)
  HIGHEST WIND SPEED    26   HIGHEST WIND DIRECTION     S (200)
  HIGHEST GUST SPEED    33   HIGHEST GUST DIRECTION     S (200)
  AVERAGE WIND SPEED    15.6


SKY COVER
  POSSIBLE SUNSHINE  MM
  AVERAGE SKY COVER 0.9


WEATHER CONDITIONS
 THE FOLLOWING WEATHER WAS RECORDED YESTERDAY.
  LIGHT RAIN


RELATIVE HUMIDITY (PERCENT)
 HIGHEST    89          1100 PM
 LOWEST     62           100 PM
 AVERAGE    76

..........................................................


THE SPRINGFIELD IL CLIMATE NORMALS FOR TODAY
                         NORMAL    RECORD    YEAR
 MAXIMUM TEMPERATURE (F)   48        72      1931
 MINIMUM TEMPERATURE (F)   31         0      1950


SUNRISE AND SUNSET
NOVEMBER 23 2014......SUNRISE   652 AM CST   SUNSET   438 PM CST
NOVEMBER 24 2014......SUNRISE   654 AM CST   SUNSET   437 PM CST


-  INDICATES NEGATIVE NUMBERS.
R  INDICATES RECORD WAS SET OR TIED.
MM INDICATES DATA IS MISSING.
T  INDICATES TRACE AMOUNT.




$$
