000
CDUS43 KILX 010639
CLISPI


CLIMATE REPORT
NATIONAL WEATHER SERVICE LINCOLN IL
137 AM CDT SAT OCT 1 2016


...................................

...THE SPRINGFIELD IL CLIMATE SUMMARY FOR SEPTEMBER 30 2016...

CLIMATE NORMAL PERIOD 1981 TO 2010
CLIMATE RECORD PERIOD 1879 TO 2016


WEATHER ITEM   OBSERVED TIME   RECORD YEAR NORMAL DEPARTURE LAST
                VALUE   (LST)  VALUE       VALUE  FROM      YEAR
                                                  NORMAL
..................................................................
TEMPERATURE (F)
 YESTERDAY
  MAXIMUM         68    332 PM  92    1971  73     -5       72
                                      1952
  MINIMUM         57   1220 AM  31    1899  48      9       49
  AVERAGE         63                        61      2       61

PRECIPITATION (IN)
  YESTERDAY        0.17          2.74 1881   0.09   0.08     0.00
  MONTH TO DATE    1.85                      2.90  -1.05     4.29
  SINCE SEP 1      1.85                      2.90  -1.05     4.29
  SINCE JAN 1     37.70                     28.55   9.15    32.07

SNOWFALL (IN)
  YESTERDAY        0.0           0.0    MM   0.0    0.0      0.0
  MONTH TO DATE    0.0                       0.0    0.0      0.0
  SINCE SEP 1      0.0                       0.0    0.0      0.0
  SINCE JUL 1      0.0                       0.0    0.0      0.0
  SNOW DEPTH       0

DEGREE DAYS
 HEATING
  YESTERDAY        2                         6     -4        4
  MONTH TO DATE   12                        77    -65       22
  SINCE SEP 1     12                        76    -64       22
  SINCE JUL 1     13                        81    -68       28

 COOLING
  YESTERDAY        0                         2     -2        0
  MONTH TO DATE  258                       129    129      261
  SINCE SEP 1    258                       129    129      261
  SINCE JAN 1   1534                      1099    435     1356
..................................................................


WIND (MPH)
  HIGHEST WIND SPEED    14   HIGHEST WIND DIRECTION     N (350)
  HIGHEST GUST SPEED    19   HIGHEST GUST DIRECTION     N (340)
  AVERAGE WIND SPEED     9.7


SKY COVER
  POSSIBLE SUNSHINE  MM
  AVERAGE SKY COVER 0.9


WEATHER CONDITIONS
 THE FOLLOWING WEATHER WAS RECORDED YESTERDAY.
  RAIN
  LIGHT RAIN
  FOG
  HAZE


RELATIVE HUMIDITY (PERCENT)
 HIGHEST    93          1200 AM
 LOWEST     87          1200 PM
 AVERAGE    90

..........................................................


THE SPRINGFIELD IL CLIMATE NORMALS FOR TODAY
                         NORMAL    RECORD    YEAR
 MAXIMUM TEMPERATURE (F)   73        91      1897
 MINIMUM TEMPERATURE (F)   48        32      2003


SUNRISE AND SUNSET
OCTOBER  1 2016.......SUNRISE   655 AM CDT   SUNSET   640 PM CDT
OCTOBER  2 2016.......SUNRISE   656 AM CDT   SUNSET   639 PM CDT


-  INDICATES NEGATIVE NUMBERS.
R  INDICATES RECORD WAS SET OR TIED.
MM INDICATES DATA IS MISSING.
T  INDICATES TRACE AMOUNT.




$$
