000
CDUS43 KILX 190659
CLISPI


CLIMATE REPORT
NATIONAL WEATHER SERVICE LINCOLN IL
1258 AM CST THU JAN 19 2017


...................................

...THE SPRINGFIELD IL CLIMATE SUMMARY FOR JANUARY 18 2017...

CLIMATE NORMAL PERIOD 1981 TO 2010
CLIMATE RECORD PERIOD 1879 TO 2017


WEATHER ITEM   OBSERVED TIME   RECORD YEAR NORMAL DEPARTURE LAST
                VALUE   (LST)  VALUE       VALUE  FROM      YEAR
                                                  NORMAL
..................................................................
TEMPERATURE (F)
 YESTERDAY
  MAXIMUM         46    334 PM  62    1880  35     11       13
  MINIMUM         36    855 AM -18    1930  18     18        1
  AVERAGE         41                        26     15        7

PRECIPITATION (IN)
  YESTERDAY        0.00          1.74 1907   0.06  -0.06     0.00
  MONTH TO DATE    0.85                      1.11  -0.26     0.73
  SINCE DEC 1      1.76                      3.63  -1.87     7.29
  SINCE JAN 1      0.85                      1.11  -0.26     0.73

SNOWFALL (IN)
  YESTERDAY        0.0           3.5  1886   0.2   -0.2      0.0
  MONTH TO DATE    0.9                       3.7   -2.8      2.7
  SINCE DEC 1      3.6                       9.3   -5.7      2.8
  SINCE JUL 1      3.6                       9.9   -6.3      3.3
  SNOW DEPTH       0

DEGREE DAYS
 HEATING
  YESTERDAY       24                        39    -15       58
  MONTH TO DATE  622                       691    -69      666
  SINCE DEC 1   1670                      1763    -93     1358
  SINCE JUL 1   2321                      2831   -510     2128

 COOLING
  YESTERDAY        0                         0      0        0
  MONTH TO DATE    0                         0      0        0
  SINCE DEC 1      0                         0      0        0
  SINCE JAN 1      0                         0      0        0
..................................................................


WIND (MPH)
  HIGHEST WIND SPEED    15   HIGHEST WIND DIRECTION     S (190)
  HIGHEST GUST SPEED    20   HIGHEST GUST DIRECTION     W (290)
  AVERAGE WIND SPEED     8.1


SKY COVER
  POSSIBLE SUNSHINE  MM
  AVERAGE SKY COVER 0.6


WEATHER CONDITIONS
 THE FOLLOWING WEATHER WAS RECORDED YESTERDAY.
  FOG


RELATIVE HUMIDITY (PERCENT)
 HIGHEST    92          1100 PM
 LOWEST     70           100 PM
 AVERAGE    81

..........................................................


THE SPRINGFIELD IL CLIMATE NORMALS FOR TODAY
                         NORMAL    RECORD    YEAR
 MAXIMUM TEMPERATURE (F)   35        69      1952
 MINIMUM TEMPERATURE (F)   18       -18      1985


SUNRISE AND SUNSET
JANUARY 19 2017.......SUNRISE   716 AM CST   SUNSET   503 PM CST
JANUARY 20 2017.......SUNRISE   716 AM CST   SUNSET   504 PM CST


-  INDICATES NEGATIVE NUMBERS.
R  INDICATES RECORD WAS SET OR TIED.
MM INDICATES DATA IS MISSING.
T  INDICATES TRACE AMOUNT.




$$
