000
CDUS43 KILX 162137
CLISPI


CLIMATE REPORT
NATIONAL WEATHER SERVICE LINCOLN IL
436 PM CDT MON OCT 16 2017


...................................

...THE SPRINGFIELD IL CLIMATE SUMMARY FOR OCTOBER 16 2017...
VALID TODAY AS OF 0400 PM LOCAL TIME.

CLIMATE NORMAL PERIOD 1981 TO 2010
CLIMATE RECORD PERIOD 1879 TO 2017


WEATHER ITEM   OBSERVED TIME   RECORD YEAR NORMAL DEPARTURE LAST
                VALUE   (LST)  VALUE       VALUE  FROM      YEAR
                                                  NORMAL
..................................................................
TEMPERATURE (F)
 TODAY
  MAXIMUM         69    228 PM  85    1963  66      3       83
                                      1956
                                      1950
  MINIMUM         38    608 AM  30    1976  44     -6       66
                                      1970
  AVERAGE         54                        55     -1       75

PRECIPITATION (IN)
  TODAY            0.00          1.44 1993   0.11  -0.11     0.50
  MONTH TO DATE    5.01                      1.58   3.43     1.61
  SINCE SEP 1      5.02                      4.48   0.54     3.46
  SINCE JAN 1     30.06                     30.13  -0.07    39.31

SNOWFALL (IN)
  TODAY            0.0           T    1943   0.0    0.0      0.0
  MONTH TO DATE    0.0                       0.0    0.0      0.0
  SINCE SEP 1      0.0                       0.0    0.0      0.0
  SINCE JUL 1      0.0                       0.0    0.0      0.0
  SNOW DEPTH       0

DEGREE DAYS
 HEATING
  TODAY           11                        11      0        0
  MONTH TO DATE   38                       136    -98       54
  SINCE SEP 1     74                       212   -138       66
  SINCE JUL 1     74                       217   -143       67

 COOLING
  TODAY            0                         1     -1       10
  MONTH TO DATE   70                        18     52       45
  SINCE SEP 1    279                       147    132      303
  SINCE JAN 1   1391                      1117    274     1579
..................................................................


WIND (MPH)
  HIGHEST WIND SPEED    15   HIGHEST WIND DIRECTION     W (250)
  HIGHEST GUST SPEED    21   HIGHEST GUST DIRECTION     W (270)
  AVERAGE WIND SPEED     5.4


SKY COVER
  POSSIBLE SUNSHINE  MM
  AVERAGE SKY COVER 0.0


WEATHER CONDITIONS
 THE FOLLOWING WEATHER WAS RECORDED TODAY.
  NO SIGNIFICANT WEATHER WAS OBSERVED.


RELATIVE HUMIDITY (PERCENT)
 HIGHEST   100           100 AM
 LOWEST     32           100 PM
 AVERAGE    66

..........................................................


THE SPRINGFIELD IL CLIMATE NORMALS FOR TOMORROW
                         NORMAL    RECORD    YEAR
 MAXIMUM TEMPERATURE (F)   66        88      2016
 MINIMUM TEMPERATURE (F)   43        26      1948


SUNRISE AND SUNSET
OCTOBER 16 2017.......SUNRISE   710 AM CDT   SUNSET   617 PM CDT
OCTOBER 17 2017.......SUNRISE   711 AM CDT   SUNSET   616 PM CDT


-  INDICATES NEGATIVE NUMBERS.
R  INDICATES RECORD WAS SET OR TIED.
MM INDICATES DATA IS MISSING.
T  INDICATES TRACE AMOUNT.




$$
