000
CDUS43 KILX 020627
CLISPI


CLIMATE REPORT
NATIONAL WEATHER SERVICE LINCOLN IL
127 AM CDT SUN AUG 2 2015


...................................

...THE SPRINGFIELD IL CLIMATE SUMMARY FOR AUGUST 1 2015...

CLIMATE NORMAL PERIOD 1981 TO 2010
CLIMATE RECORD PERIOD 1879 TO 2015


WEATHER ITEM   OBSERVED TIME   RECORD YEAR NORMAL DEPARTURE LAST
                VALUE   (LST)  VALUE       VALUE  FROM      YEAR
                                                  NORMAL
..................................................................
TEMPERATURE (F)
 YESTERDAY
  MAXIMUM         88    325 PM  99    1987  86      2       85
                                      1964
                                      1935
  MINIMUM         62    518 AM  52    1962  65     -3       59
  AVERAGE         75                        75      0       72

PRECIPITATION (IN)
  YESTERDAY        0.00          2.84 1921   0.11  -0.11     0.67
  MONTH TO DATE    0.00                      0.11  -0.11     0.67
  SINCE JUN 1     13.30                      8.51   4.79    12.07
  SINCE JAN 1     26.21                     22.52   3.69    26.36

SNOWFALL (IN)
  YESTERDAY        0.0           0.0    MM   0.0    0.0      0.0
  MONTH TO DATE    0.0                       0.0    0.0      0.0
  SINCE JUN 1      0.0                       0.0    0.0      0.0
  SINCE JUL 1      0.0                       0.0    0.0      0.0
  SNOW DEPTH       0

DEGREE DAYS
 HEATING
  YESTERDAY        0                         0      0        0
  MONTH TO DATE    0                         0      0        0
  SINCE JUN 1      7                        16     -9        3
  SINCE JUL 1      4                         1      3        3

 COOLING
  YESTERDAY       10                        10      0        7
  MONTH TO DATE   10                        10      0        7
  SINCE JUN 1    672                       585     87      525
  SINCE JAN 1    838                       689    149      701
..................................................................


WIND (MPH)
  HIGHEST WIND SPEED    10   HIGHEST WIND DIRECTION    SW (220)
  HIGHEST GUST SPEED    16   HIGHEST GUST DIRECTION    SW (210)
  AVERAGE WIND SPEED     4.0


SKY COVER
  POSSIBLE SUNSHINE  MM
  AVERAGE SKY COVER 0.1


WEATHER CONDITIONS
 THE FOLLOWING WEATHER WAS RECORDED YESTERDAY.
  NO SIGNIFICANT WEATHER WAS OBSERVED.


RELATIVE HUMIDITY (PERCENT)
 HIGHEST    90           100 AM
 LOWEST     31          1200 PM
 AVERAGE    61

..........................................................


THE SPRINGFIELD IL CLIMATE NORMALS FOR TODAY
                         NORMAL    RECORD    YEAR
 MAXIMUM TEMPERATURE (F)   86       101      1964
                                             1947
 MINIMUM TEMPERATURE (F)   65        53      1948
                                             1927


SUNRISE AND SUNSET
AUGUST  2 2015........SUNRISE   558 AM CDT   SUNSET   811 PM CDT
AUGUST  3 2015........SUNRISE   559 AM CDT   SUNSET   810 PM CDT


-  INDICATES NEGATIVE NUMBERS.
R  INDICATES RECORD WAS SET OR TIED.
MM INDICATES DATA IS MISSING.
T  INDICATES TRACE AMOUNT.




$$
