000
CDUS43 KILX 270657
CLISPI


CLIMATE REPORT
NATIONAL WEATHER SERVICE LINCOLN IL
151 AM CDT SAT AUG 27 2016


...................................

...THE SPRINGFIELD IL CLIMATE SUMMARY FOR AUGUST 26 2016...

CLIMATE NORMAL PERIOD 1981 TO 2010
CLIMATE RECORD PERIOD 1879 TO 2016


WEATHER ITEM   OBSERVED TIME   RECORD YEAR NORMAL DEPARTURE LAST
                VALUE   (LST)  VALUE       VALUE  FROM      YEAR
                                                  NORMAL
..................................................................
TEMPERATURE (F)
 YESTERDAY
  MAXIMUM         83    238 PM 103    1936  84     -1       79
  MINIMUM         71    645 AM  48    1885  62      9       51
  AVERAGE         77                        73      4       65

PRECIPITATION (IN)
  YESTERDAY        T             1.88 1944   0.10  -0.10     0.00
  MONTH TO DATE    8.47                      2.72   5.75     1.54
  SINCE JUN 1     19.91                     11.12   8.79    14.84
  SINCE JAN 1     33.50                     25.13   8.37    27.75

SNOWFALL (IN)
  YESTERDAY        0.0           0.0    MM   0.0    0.0      0.0
  MONTH TO DATE    0.0                       0.0    0.0      0.0
  SINCE JUN 1      0.0                       0.0    0.0      0.0
  SINCE JUL 1      0.0                       0.0    0.0      0.0
  SNOW DEPTH       0

DEGREE DAYS
 HEATING
  YESTERDAY        0                         0      0        0
  MONTH TO DATE    0                         0      0        2
  SINCE JUN 1      1                        16    -15        9
  SINCE JUL 1      1                         1      0        6

 COOLING
  YESTERDAY       12                         9      3        0
  MONTH TO DATE  320                       251     69      224
  SINCE JUN 1   1080                       826    254      886
  SINCE JAN 1   1205                       930    275     1052
..................................................................


WIND (MPH)
  HIGHEST WIND SPEED    14   HIGHEST WIND DIRECTION    SE (130)
  HIGHEST GUST SPEED    19   HIGHEST GUST DIRECTION     N (350)
  AVERAGE WIND SPEED     6.9


SKY COVER
  POSSIBLE SUNSHINE  MM
  AVERAGE SKY COVER 0.4


WEATHER CONDITIONS
 THE FOLLOWING WEATHER WAS RECORDED YESTERDAY.
  THUNDERSTORM
  LIGHT RAIN


RELATIVE HUMIDITY (PERCENT)
 HIGHEST    93           600 AM
 LOWEST     69          1200 PM
 AVERAGE    81

..........................................................


THE SPRINGFIELD IL CLIMATE NORMALS FOR TODAY
                         NORMAL    RECORD    YEAR
 MAXIMUM TEMPERATURE (F)   84        97      1983
 MINIMUM TEMPERATURE (F)   62        51      2015
                                             1967
                                             1910


SUNRISE AND SUNSET
AUGUST 27 2016........SUNRISE   622 AM CDT   SUNSET   737 PM CDT
AUGUST 28 2016........SUNRISE   623 AM CDT   SUNSET   735 PM CDT


-  INDICATES NEGATIVE NUMBERS.
R  INDICATES RECORD WAS SET OR TIED.
MM INDICATES DATA IS MISSING.
T  INDICATES TRACE AMOUNT.




$$
