000
CDUS43 KILX 190700
CLISPI


CLIMATE REPORT
NATIONAL WEATHER SERVICE LINCOLN IL
1249 AM CST MON FEB 19 2018


...................................

...THE SPRINGFIELD IL CLIMATE SUMMARY FOR FEBRUARY 18 2018...

CLIMATE NORMAL PERIOD 1981 TO 2010
CLIMATE RECORD PERIOD 1879 TO 2018


WEATHER ITEM   OBSERVED TIME   RECORD YEAR NORMAL DEPARTURE LAST
                VALUE   (LST)  VALUE       VALUE  FROM      YEAR
                                                  NORMAL
..................................................................
TEMPERATURE (F)
 YESTERDAY
  MAXIMUM         51    315 PM  68    2017  41     10       68
  MINIMUM         20    502 AM -15    1993  23     -3       43
  AVERAGE         36                        32      4       56

PRECIPITATION (IN)
  YESTERDAY        0.01          1.28 1881   0.07  -0.06     0.00
  MONTH TO DATE    0.40                      1.09  -0.69     0.17
  SINCE DEC 1      1.30                      5.43  -4.13     2.10
  SINCE JAN 1      0.93                      2.91  -1.98     1.19

SNOWFALL (IN)
  YESTERDAY        0.0           3.3  1982   0.2   -0.2      0.0
  MONTH TO DATE    1.3                       3.8   -2.5      2.1
  SINCE DEC 1      7.0                      15.8   -8.8      5.7
  SINCE JUL 1      7.0                      16.4   -9.4      5.7
  SNOW DEPTH       0

DEGREE DAYS
 HEATING
  YESTERDAY       29                        33     -4        9
  MONTH TO DATE  671                       637     34      469
  SINCE DEC 1   2922                      2895     27     2464
  SINCE JUL 1   3787                      3963   -176     3115

 COOLING
  YESTERDAY        0                         0      0        0
  MONTH TO DATE    0                         0      0        0
  SINCE DEC 1      0                         0      0        0
  SINCE JAN 1      0                         0      0        0
..................................................................


WIND (MPH)
  HIGHEST WIND SPEED    28   HIGHEST WIND DIRECTION     S (170)
  HIGHEST GUST SPEED    35   HIGHEST GUST DIRECTION     S (160)
  AVERAGE WIND SPEED    13.8


SKY COVER
  POSSIBLE SUNSHINE  MM
  AVERAGE SKY COVER 0.1


WEATHER CONDITIONS
 THE FOLLOWING WEATHER WAS RECORDED YESTERDAY.
  LIGHT RAIN
  FOG


RELATIVE HUMIDITY (PERCENT)
 HIGHEST   100          1200 AM
 LOWEST     46           300 PM
 AVERAGE    73

..........................................................


THE SPRINGFIELD IL CLIMATE NORMALS FOR TODAY
                         NORMAL    RECORD    YEAR
 MAXIMUM TEMPERATURE (F)   41        71      2017
 MINIMUM TEMPERATURE (F)   24        -9      1979


SUNRISE AND SUNSET
FEBRUARY 19 2018......SUNRISE   646 AM CST   SUNSET   540 PM CST
FEBRUARY 20 2018......SUNRISE   645 AM CST   SUNSET   541 PM CST


-  INDICATES NEGATIVE NUMBERS.
R  INDICATES RECORD WAS SET OR TIED.
MM INDICATES DATA IS MISSING.
T  INDICATES TRACE AMOUNT.




$$
