000
CDUS43 KILX 190645
CLISPI


CLIMATE REPORT
NATIONAL WEATHER SERVICE LINCOLN IL
133 AM CDT SAT APR 19 2014


...................................

...THE SPRINGFIELD IL CLIMATE SUMMARY FOR APRIL 18 2014...

CLIMATE NORMAL PERIOD 1981 TO 2010
CLIMATE RECORD PERIOD 1879 TO 2014


WEATHER ITEM   OBSERVED TIME   RECORD YEAR NORMAL DEPARTURE LAST
                VALUE   (LST)  VALUE       VALUE  FROM      YEAR
                                                  NORMAL
..................................................................
TEMPERATURE (F)
 YESTERDAY
  MAXIMUM         70    448 PM  87    2004  66      4       71
                                      2002
  MINIMUM         39    550 AM  27    1983  43     -4       39
  AVERAGE         55                        54      1       55

PRECIPITATION (IN)
  YESTERDAY        0.00          3.22 1969   0.12  -0.12     1.58
  MONTH TO DATE    2.34                      1.98   0.36     4.36
  SINCE MAR 1      4.13                      4.61  -0.48     7.69
  SINCE JAN 1      9.56                      8.24   1.32    13.41

SNOWFALL (IN)
  YESTERDAY        0.0           2.0  1887   0.0    0.0      0.0
  MONTH TO DATE    0.1                       0.3   -0.2      0.0
  SINCE MAR 1      3.4                       2.8    0.6     19.6
  SINCE JUL 1     45.7                      20.9   24.8     33.1
  SNOW DEPTH       0

DEGREE DAYS
 HEATING
  YESTERDAY       10                        11     -1       10
  MONTH TO DATE  233                       255    -22      245
  SINCE MAR 1   1088                       966    122     1153
  SINCE JUL 1   6035                      5237    798     5062

 COOLING
  YESTERDAY        0                         1     -1        0
  MONTH TO DATE    4                         7     -3        7
  SINCE MAR 1      4                         9     -5        7
  SINCE JAN 1      4                         9     -5        7
..................................................................


WIND (MPH)
  HIGHEST WIND SPEED    18   HIGHEST WIND DIRECTION     E (80)
  HIGHEST GUST SPEED    23   HIGHEST GUST DIRECTION     E (90)
  AVERAGE WIND SPEED     5.3


SKY COVER
  POSSIBLE SUNSHINE  MM
  AVERAGE SKY COVER 0.2


WEATHER CONDITIONS
 THE FOLLOWING WEATHER WAS RECORDED YESTERDAY.
  NO SIGNIFICANT WEATHER WAS OBSERVED.


RELATIVE HUMIDITY (PERCENT)
 HIGHEST    85           600 AM
 LOWEST     20           600 PM
 AVERAGE    53

..........................................................


THE SPRINGFIELD IL CLIMATE NORMALS FOR TODAY
                         NORMAL    RECORD    YEAR
 MAXIMUM TEMPERATURE (F)   66        87      1938
 MINIMUM TEMPERATURE (F)   44        24      1983


SUNRISE AND SUNSET
APRIL 19 2014.........SUNRISE   615 AM CDT   SUNSET   741 PM CDT
APRIL 20 2014.........SUNRISE   614 AM CDT   SUNSET   742 PM CDT


-  INDICATES NEGATIVE NUMBERS.
R  INDICATES RECORD WAS SET OR TIED.
MM INDICATES DATA IS MISSING.
T  INDICATES TRACE AMOUNT.




$$
