000
CDUS43 KILX 310630
CLISPI


CLIMATE REPORT
NATIONAL WEATHER SERVICE LINCOLN IL
129 AM CDT SUN AUG 31 2014


...................................

...THE SPRINGFIELD IL CLIMATE SUMMARY FOR AUGUST 30 2014...

CLIMATE NORMAL PERIOD 1981 TO 2010
CLIMATE RECORD PERIOD 1879 TO 2014


WEATHER ITEM   OBSERVED TIME   RECORD YEAR NORMAL DEPARTURE LAST
                VALUE   (LST)  VALUE       VALUE  FROM      YEAR
                                                  NORMAL
..................................................................
TEMPERATURE (F)
 YESTERDAY
  MAXIMUM         86    243 PM  98    1947  84      2       95
  MINIMUM         73    644 AM  48    1986  61     12       71
  AVERAGE         80                        72      8       83

PRECIPITATION (IN)
  YESTERDAY        T             1.77 1965   0.10  -0.10     0.00
  MONTH TO DATE    6.64                      3.13   3.51     0.34
  SINCE JUN 1     18.04                     11.53   6.51     5.65
  SINCE JAN 1     32.33                     25.54   6.79    30.67

SNOWFALL (IN)
  YESTERDAY        0.0           0.0    MM   0.0    0.0      0.0
  MONTH TO DATE    0.0                       0.0    0.0      0.0
  SINCE JUN 1      0.0                       0.0    0.0      0.0
  SINCE JUL 1      0.0                       0.0    0.0      0.0
  SNOW DEPTH       0

DEGREE DAYS
 HEATING
  YESTERDAY        0                         0      0        0
  MONTH TO DATE    0                         0      0        5
  SINCE JUN 1      3                        16    -13       23
  SINCE JUL 1      3                         1      2       11

 COOLING
  YESTERDAY       15                         8      7       18
  MONTH TO DATE  324                       283     41      248
  SINCE JUN 1    842                       858    -16      796
  SINCE JAN 1   1018                       962     56      922
..................................................................


WIND (MPH)
  HIGHEST WIND SPEED    17   HIGHEST WIND DIRECTION     S (200)
  HIGHEST GUST SPEED    23   HIGHEST GUST DIRECTION     S (200)
  AVERAGE WIND SPEED     8.4


SKY COVER
  POSSIBLE SUNSHINE  MM
  AVERAGE SKY COVER 0.2


WEATHER CONDITIONS
 THE FOLLOWING WEATHER WAS RECORDED YESTERDAY.
  THUNDERSTORM


RELATIVE HUMIDITY (PERCENT)
 HIGHEST    87           400 AM
 LOWEST     65           100 PM
 AVERAGE    76

..........................................................


THE SPRINGFIELD IL CLIMATE NORMALS FOR TODAY
                         NORMAL    RECORD    YEAR
 MAXIMUM TEMPERATURE (F)   84        99      2011
                                             1943
 MINIMUM TEMPERATURE (F)   61        46      1967
                                             1915


SUNRISE AND SUNSET
AUGUST 31 2014........SUNRISE   626 AM CDT   SUNSET   732 PM CDT
SEPTEMBER  1 2014.....SUNRISE   627 AM CDT   SUNSET   730 PM CDT


-  INDICATES NEGATIVE NUMBERS.
R  INDICATES RECORD WAS SET OR TIED.
MM INDICATES DATA IS MISSING.
T  INDICATES TRACE AMOUNT.




$$
