000
CDUS43 KILX 222200
CLISPI


CLIMATE REPORT
NATIONAL WEATHER SERVICE LINCOLN IL
459 PM CDT THU JUN 22 2017


...................................

...THE SPRINGFIELD IL CLIMATE SUMMARY FOR JUNE 22 2017...
VALID TODAY AS OF 0400 PM LOCAL TIME.

CLIMATE NORMAL PERIOD 1981 TO 2010
CLIMATE RECORD PERIOD 1879 TO 2017


WEATHER ITEM   OBSERVED TIME   RECORD YEAR NORMAL DEPARTURE LAST
                VALUE   (LST)  VALUE       VALUE  FROM      YEAR
                                                  NORMAL
..................................................................
TEMPERATURE (F)
 TODAY
  MAXIMUM         86    156 PM  99    1944  85      1       95
  MINIMUM         73    454 AM  47    1992  64      9       68
                                      1963
                                      1902
  AVERAGE         80                        74      6       82

PRECIPITATION (IN)
  TODAY            0.00          1.94 2010   0.15  -0.15     0.16
  MONTH TO DATE    1.06                      3.36  -2.30     1.89
  SINCE JUN 1      1.06                      3.36  -2.30     1.89
  SINCE JAN 1     17.78                     17.37   0.41    15.48

SNOWFALL (IN)
  TODAY            0.0           0.0    MM   0.0    0.0      0.0
  MONTH TO DATE    0.0                       0.0    0.0      0.0
  SINCE JUN 1      0.0                       0.0    0.0      0.0
  SINCE JUL 1     10.3                      20.9  -10.6     15.7
  SNOW DEPTH       0

DEGREE DAYS
 HEATING
  TODAY            0                         0      0        0
  MONTH TO DATE    0                        11    -11        0
  SINCE JUN 1      0                        11    -11        0
  SINCE JUL 1   4164                      5481  -1317     4317

 COOLING
  TODAY           15                         9      6       17
  MONTH TO DATE  264                       158    106      273
  SINCE JUN 1    264                       158    106      273
  SINCE JAN 1    408                       262    146      398
..................................................................


WIND (MPH)
  HIGHEST WIND SPEED    21   HIGHEST WIND DIRECTION     S (170)
  HIGHEST GUST SPEED    26   HIGHEST GUST DIRECTION     S (200)
  AVERAGE WIND SPEED    11.4


SKY COVER
  POSSIBLE SUNSHINE  MM
  AVERAGE SKY COVER 0.4


WEATHER CONDITIONS
 THE FOLLOWING WEATHER WAS RECORDED TODAY.
  NO SIGNIFICANT WEATHER WAS OBSERVED.


RELATIVE HUMIDITY (PERCENT)
 HIGHEST    87           400 AM
 LOWEST     65           200 PM
 AVERAGE    76

..........................................................


THE SPRINGFIELD IL CLIMATE NORMALS FOR TOMORROW
                         NORMAL    RECORD    YEAR
 MAXIMUM TEMPERATURE (F)   85        99      1934
                                             1923
 MINIMUM TEMPERATURE (F)   64        45      1972


SUNRISE AND SUNSET
JUNE 22 2017..........SUNRISE   531 AM CDT   SUNSET   831 PM CDT
JUNE 23 2017..........SUNRISE   531 AM CDT   SUNSET   831 PM CDT


-  INDICATES NEGATIVE NUMBERS.
R  INDICATES RECORD WAS SET OR TIED.
MM INDICATES DATA IS MISSING.
T  INDICATES TRACE AMOUNT.




$$
