000
CDUS43 KILX 182143
CLISPI


CLIMATE REPORT
NATIONAL WEATHER SERVICE LINCOLN IL
443 PM CDT FRI AUG 18 2017


...................................

...THE SPRINGFIELD IL CLIMATE SUMMARY FOR AUGUST 18 2017...
VALID TODAY AS OF 0400 PM LOCAL TIME.

CLIMATE NORMAL PERIOD 1981 TO 2010
CLIMATE RECORD PERIOD 1879 TO 2017


WEATHER ITEM   OBSERVED TIME   RECORD YEAR NORMAL DEPARTURE LAST
                VALUE   (LST)  VALUE       VALUE  FROM      YEAR
                                                  NORMAL
..................................................................
TEMPERATURE (F)
 TODAY
  MAXIMUM         87    250 PM 106    1936  85      2       89
  MINIMUM         62    540 AM  49    2012  64     -2       72
                                      1963
  AVERAGE         75                        74      1       81

PRECIPITATION (IN)
  TODAY            0.00          3.09 1998   0.11  -0.11     0.00
  MONTH TO DATE    0.75                      1.92  -1.17     7.68
  SINCE JUN 1      7.47                     10.32  -2.85    19.12
  SINCE JAN 1     24.19                     24.33  -0.14    32.71

SNOWFALL (IN)
  TODAY            0.0           0.0    MM   0.0    0.0      0.0
  MONTH TO DATE    0.0                       0.0    0.0      0.0
  SINCE JUN 1      0.0                       0.0    0.0      0.0
  SINCE JUL 1      0.0                       0.0    0.0      0.0
  SNOW DEPTH       0

DEGREE DAYS
 HEATING
  TODAY            0                         0      0        0
  MONTH TO DATE    0                         0      0        0
  SINCE JUN 1      2                        16    -14        1
  SINCE JUL 1      0                         1     -1        1

 COOLING
  TODAY           10                         9      1       16
  MONTH TO DATE  135                       179    -44      243
  SINCE JUN 1    883                       754    129     1003
  SINCE JAN 1   1027                       858    169     1128
..................................................................


WIND (MPH)
  HIGHEST WIND SPEED    13   HIGHEST WIND DIRECTION     W (260)
  HIGHEST GUST SPEED    17   HIGHEST GUST DIRECTION     W (260)
  AVERAGE WIND SPEED     6.8


SKY COVER
  POSSIBLE SUNSHINE  MM
  AVERAGE SKY COVER 0.0


WEATHER CONDITIONS
 THE FOLLOWING WEATHER WAS RECORDED TODAY.
  NO SIGNIFICANT WEATHER WAS OBSERVED.


RELATIVE HUMIDITY (PERCENT)
 HIGHEST    93          1200 AM
 LOWEST     51           300 PM
 AVERAGE    72

..........................................................


THE SPRINGFIELD IL CLIMATE NORMALS FOR TOMORROW
                         NORMAL    RECORD    YEAR
 MAXIMUM TEMPERATURE (F)   85       100      1936
 MINIMUM TEMPERATURE (F)   64        51      1950


SUNRISE AND SUNSET
AUGUST 18 2017........SUNRISE   614 AM CDT   SUNSET   751 PM CDT
AUGUST 19 2017........SUNRISE   615 AM CDT   SUNSET   749 PM CDT


-  INDICATES NEGATIVE NUMBERS.
R  INDICATES RECORD WAS SET OR TIED.
MM INDICATES DATA IS MISSING.
T  INDICATES TRACE AMOUNT.




$$
