000
CDUS43 KILX 300651
CLISPI


CLIMATE REPORT
NATIONAL WEATHER SERVICE LINCOLN IL
139 AM CDT SUN APR 30 2017


...................................

...THE SPRINGFIELD IL CLIMATE SUMMARY FOR APRIL 29 2017...

CLIMATE NORMAL PERIOD 1981 TO 2010
CLIMATE RECORD PERIOD 1879 TO 2017


WEATHER ITEM   OBSERVED TIME   RECORD YEAR NORMAL DEPARTURE LAST
                VALUE   (LST)  VALUE       VALUE  FROM      YEAR
                                                  NORMAL
..................................................................
TEMPERATURE (F)
 YESTERDAY
  MAXIMUM         57    412 AM  89    1910  70    -13       61
  MINIMUM         46    718 PM  32    1958  47     -1       48
                                      1883
  AVERAGE         52                        58     -6       55

PRECIPITATION (IN)
  YESTERDAY        2.25          2.50 1951   0.13   2.12     0.00
  MONTH TO DATE    6.05                      3.38   2.67     2.16
  SINCE MAR 1     10.31                      6.01   4.30     7.75
  SINCE JAN 1     11.78                      9.64   2.14    10.08

SNOWFALL (IN)
  YESTERDAY        0.0           0.0    MM   0.0    0.0      0.0
  MONTH TO DATE    0.0                       0.3   -0.3      0.0
  SINCE MAR 1      4.6                       2.8    1.8      0.1
  SINCE JUL 1     10.3                      20.9  -10.6     15.7
  SNOW DEPTH       0

DEGREE DAYS
 HEATING
  YESTERDAY       13                         8      5       10
  MONTH TO DATE  196                       358   -162      303
  SINCE MAR 1    793                      1069   -276      767
  SINCE JUL 1   4048                      5340  -1292     4193

 COOLING
  YESTERDAY        0                         1     -1        0
  MONTH TO DATE   37                        18     19       20
  SINCE MAR 1     37                        20     17       20
  SINCE JAN 1     37                        20     17       20
..................................................................


WIND (MPH)
  HIGHEST WIND SPEED    35   HIGHEST WIND DIRECTION    NW (310)
  HIGHEST GUST SPEED    46   HIGHEST GUST DIRECTION    NW (320)
  AVERAGE WIND SPEED    14.4


SKY COVER
  POSSIBLE SUNSHINE  MM
  AVERAGE SKY COVER 1.0


WEATHER CONDITIONS
 THE FOLLOWING WEATHER WAS RECORDED YESTERDAY.
  THUNDERSTORM
  HEAVY RAIN
  RAIN
  LIGHT RAIN
  FOG


RELATIVE HUMIDITY (PERCENT)
 HIGHEST   100          1000 PM
 LOWEST     86          1200 AM
 AVERAGE    93

..........................................................


THE SPRINGFIELD IL CLIMATE NORMALS FOR TODAY
                         NORMAL    RECORD    YEAR
 MAXIMUM TEMPERATURE (F)   70        88      2007
                                             1942
                                             1901
 MINIMUM TEMPERATURE (F)   47        34      1971
                                             1908


SUNRISE AND SUNSET
APRIL 30 2017.........SUNRISE   600 AM CDT   SUNSET   752 PM CDT
MAY  1 2017...........SUNRISE   559 AM CDT   SUNSET   753 PM CDT


-  INDICATES NEGATIVE NUMBERS.
R  INDICATES RECORD WAS SET OR TIED.
MM INDICATES DATA IS MISSING.
T  INDICATES TRACE AMOUNT.




$$
