000
CDUS43 KILX 250645
CLISPI


CLIMATE REPORT
NATIONAL WEATHER SERVICE LINCOLN IL
145 AM CDT SAT OCT 25 2014


...................................

...THE SPRINGFIELD IL CLIMATE SUMMARY FOR OCTOBER 24 2014...

CLIMATE NORMAL PERIOD 1981 TO 2010
CLIMATE RECORD PERIOD 1879 TO 2014


WEATHER ITEM   OBSERVED TIME   RECORD YEAR NORMAL DEPARTURE LAST
                VALUE   (LST)  VALUE       VALUE  FROM      YEAR
                                                  NORMAL
..................................................................
TEMPERATURE (F)
 YESTERDAY
  MAXIMUM         71    223 PM  83    1963  63      8       45
  MINIMUM         47    213 AM  23    1999  42      5       25
                                      1981
  AVERAGE         59                        52      7       35

PRECIPITATION (IN)
  YESTERDAY        0.00          1.12 1918   0.11  -0.11      T
  MONTH TO DATE    3.72                      2.43   1.29     1.33
  SINCE SEP 1      8.90                      5.33   3.57     2.58
  SINCE JAN 1     41.23                     30.98  10.25    33.25

SNOWFALL (IN)
  YESTERDAY        0.0           T    2013   0.0    0.0       T
                                      1962
                                      1929
  MONTH TO DATE    0.0                       0.0    0.0       T
  SINCE SEP 1      0.0                       0.0    0.0       T
  SINCE JUL 1      0.0                       0.0    0.0       T
  SNOW DEPTH       0

DEGREE DAYS
 HEATING
  YESTERDAY        6                        13     -7       30
  MONTH TO DATE  220                       230    -10      241
  SINCE SEP 1    297                       306     -9      280
  SINCE JUL 1    300                       311    -11      291

 COOLING
  YESTERDAY        0                         0      0        0
  MONTH TO DATE    6                        19    -13       45
  SINCE SEP 1    122                       148    -26      205
  SINCE JAN 1   1155                      1118     37     1145
..................................................................


WIND (MPH)
  HIGHEST WIND SPEED    12   HIGHEST WIND DIRECTION     S (200)
  HIGHEST GUST SPEED    16   HIGHEST GUST DIRECTION    SW (210)
  AVERAGE WIND SPEED     3.8


SKY COVER
  POSSIBLE SUNSHINE  MM
  AVERAGE SKY COVER 0.6


WEATHER CONDITIONS
 THE FOLLOWING WEATHER WAS RECORDED YESTERDAY.
  FOG
  FOG W/VISIBILITY <= 1/4 MILE
  HAZE


RELATIVE HUMIDITY (PERCENT)
 HIGHEST   100           500 AM
 LOWEST     51           400 PM
 AVERAGE    76

..........................................................


THE SPRINGFIELD IL CLIMATE NORMALS FOR TODAY
                         NORMAL    RECORD    YEAR
 MAXIMUM TEMPERATURE (F)   63        86      1940
 MINIMUM TEMPERATURE (F)   42        20      1887


SUNRISE AND SUNSET
OCTOBER 25 2014.......SUNRISE   720 AM CDT   SUNSET   605 PM CDT
OCTOBER 26 2014.......SUNRISE   721 AM CDT   SUNSET   604 PM CDT


-  INDICATES NEGATIVE NUMBERS.
R  INDICATES RECORD WAS SET OR TIED.
MM INDICATES DATA IS MISSING.
T  INDICATES TRACE AMOUNT.




$$
