000
CDUS43 KILX 100648
CLISPI


CLIMATE REPORT
NATIONAL WEATHER SERVICE LINCOLN IL
1246 AM CST SAT DEC 10 2016


...................................

...THE SPRINGFIELD IL CLIMATE SUMMARY FOR DECEMBER 9 2016...

CLIMATE NORMAL PERIOD 1981 TO 2010
CLIMATE RECORD PERIOD 1879 TO 2016


WEATHER ITEM   OBSERVED TIME   RECORD YEAR NORMAL DEPARTURE LAST
                VALUE   (LST)  VALUE       VALUE  FROM      YEAR
                                                  NORMAL
..................................................................
TEMPERATURE (F)
 YESTERDAY
  MAXIMUM         25    638 PM  69    1918  40    -15       56
  MINIMUM         23    756 AM  -3    1917  24     -1       39
  AVERAGE         24                        32     -8       48

PRECIPITATION (IN)
  YESTERDAY        T             0.89 2007   0.09  -0.09     0.00
  MONTH TO DATE    0.43                      0.84  -0.41     0.11
  SINCE DEC 1      0.43                      0.84  -0.41     0.11
  SINCE JAN 1     42.29                     35.75   6.54    37.66

SNOWFALL (IN)
  YESTERDAY       MM             2.8  1997   0.2   MM        0.0
  MONTH TO DATE    2.3                       1.2    1.1      0.1
  SINCE DEC 1      2.3                       1.2    1.1      0.1
  SINCE JUL 1      2.3                       1.8    0.5      0.6
  SNOW DEPTH       0

DEGREE DAYS
 HEATING
  YESTERDAY       41                        33      8       17
  MONTH TO DATE  283                       282      1      227
  SINCE DEC 1    283                       282      1      227
  SINCE JUL 1    934                      1350   -416      997

 COOLING
  YESTERDAY        0                         0      0        0
  MONTH TO DATE    0                         0      0        0
  SINCE DEC 1      0                         0      0        0
  SINCE JAN 1   1626                      1122    504     1375
..................................................................


WIND (MPH)
  HIGHEST WIND SPEED    14   HIGHEST WIND DIRECTION    NW (300)
  HIGHEST GUST SPEED    17   HIGHEST GUST DIRECTION    NW (310)
  AVERAGE WIND SPEED     5.8


SKY COVER
  POSSIBLE SUNSHINE  MM
  AVERAGE SKY COVER 1.0


WEATHER CONDITIONS
 THE FOLLOWING WEATHER WAS RECORDED YESTERDAY.
  NO SIGNIFICANT WEATHER WAS OBSERVED.


RELATIVE HUMIDITY (PERCENT)
 HIGHEST    74          1200 AM
 LOWEST     60          1200 PM
 AVERAGE    67

..........................................................


THE SPRINGFIELD IL CLIMATE NORMALS FOR TODAY
                         NORMAL    RECORD    YEAR
 MAXIMUM TEMPERATURE (F)   40        67      1889
 MINIMUM TEMPERATURE (F)   24        -7      1917


SUNRISE AND SUNSET
DECEMBER 10 2016......SUNRISE   710 AM CST   SUNSET   434 PM CST
DECEMBER 11 2016......SUNRISE   710 AM CST   SUNSET   434 PM CST


-  INDICATES NEGATIVE NUMBERS.
R  INDICATES RECORD WAS SET OR TIED.
MM INDICATES DATA IS MISSING.
T  INDICATES TRACE AMOUNT.




$$
