000
CDUS44 KOUN 130627 RRA
CLISPS

CLIMATE REPORT
NATIONAL WEATHER SERVICE NORMAN OK
126 AM CDT SUN JUL 13 2014


...................................

...THE WICHITA FALLS CLIMATE SUMMARY FOR JULY 12 2014...

CLIMATE NORMAL PERIOD 1981 TO 2010
CLIMATE RECORD PERIOD 1897 TO 2014


WEATHER ITEM   OBSERVED TIME   RECORD YEAR NORMAL DEPARTURE LAST
                VALUE   (LST)  VALUE       VALUE  FROM      YEAR
                                                  NORMAL
..................................................................
TEMPERATURE (F)
 YESTERDAY
  MAXIMUM         99    436 PM 109    1969  97      2      104
  MINIMUM         73    548 AM  64    1953  72      1       73
  AVERAGE         86                        84      2       89

PRECIPITATION (IN)
  YESTERDAY        0.00          2.02 1950   0.05  -0.05     0.00
  MONTH TO DATE    2.13                      0.69   1.44     0.00
  SINCE JAN 1     10.37                     16.33  -5.96    10.12

DEGREE DAYS
 COOLING
  YESTERDAY       21                        19      2       24
  MONTH TO DATE  213                       222     -9      237
  SINCE JAN 1   1103                       977    126     1124
..................................................................


WIND (MPH)
  HIGHEST WIND SPEED    23   HIGHEST WIND DIRECTION     S (170)
  HIGHEST GUST SPEED    30   HIGHEST GUST DIRECTION     S (180)
  AVERAGE WIND SPEED    14.0


SKY COVER
  AVERAGE SKY COVER 0.0


WEATHER CONDITIONS
 THE FOLLOWING WEATHER WAS RECORDED YESTERDAY.
  NO SIGNIFICANT WEATHER WAS OBSERVED.


RELATIVE HUMIDITY (PERCENT)
 HIGHEST    64           300 AM
 LOWEST     17           500 PM
 AVERAGE    41

..........................................................


THE WICHITA FALLS CLIMATE NORMALS FOR TODAY
                         NORMAL    RECORD    YEAR
 MAXIMUM TEMPERATURE (F)   97       109      1969
 MINIMUM TEMPERATURE (F)   72        61      1975


SUNRISE AND SUNSET
JULY 13 2014..........SUNRISE   633 AM CDT   SUNSET   846 PM CDT
JULY 14 2014..........SUNRISE   633 AM CDT   SUNSET   846 PM CDT


-  INDICATES NEGATIVE NUMBERS.
R  INDICATES RECORD WAS SET OR TIED.
MM INDICATES DATA IS MISSING.
T  INDICATES TRACE AMOUNT.




$$
