000
CDUS44 KOUN 240632
CLISPS

CLIMATE REPORT
NATIONAL WEATHER SERVICE NORMAN OK
1230 AM CST SAT FEB 24 2018


...................................

...THE WICHITA FALLS CLIMATE SUMMARY FOR FEBRUARY 23 2018...

CLIMATE NORMAL PERIOD 1981 TO 2010
CLIMATE RECORD PERIOD 1897 TO 2018


WEATHER ITEM   OBSERVED TIME   RECORD YEAR NORMAL DEPARTURE LAST
                VALUE   (LST)  VALUE       VALUE  FROM      YEAR
                                                  NORMAL
..................................................................
TEMPERATURE (F)
 YESTERDAY
  MAXIMUM         39    923 PM  92    2017  60    -21       92
  MINIMUM         33    955 AM  18    1968  36     -3       46
                                      1965
  AVERAGE         36                        48    -12       69

PRECIPITATION (IN)
  YESTERDAY        1.08R         1.00 2016   0.07   1.01     0.00
  MONTH TO DATE    2.50                      1.37   1.13     2.10
  SINCE DEC 1      3.48                      4.13  -0.65     4.80
  SINCE JAN 1      2.51                      2.51   0.00     3.97

SNOWFALL (IN)
  YESTERDAY        0.0           1.4  1975   0.0    0.0      0.0
  MONTH TO DATE    1.0                       0.6    0.4      0.0
  SINCE DEC 1      1.0                       3.0   -2.0       T
  SINCE JUL 1      1.0                       3.3   -2.3       T

DEGREE DAYS
 HEATING
  YESTERDAY       29                        17     12        0
  MONTH TO DATE  525                       455     70      257
  SINCE DEC 1   1915                      1858     57     1534
  SINCE JUL 1   2329                      2365    -36     1785

 COOLING
  YESTERDAY        0                         0      0        4
  MONTH TO DATE    9                         0      9       14
  SINCE DEC 1     10                         2      8       17
  SINCE JAN 1      9                         1      8       14
..................................................................


WIND (MPH)
  HIGHEST WIND SPEED    23   HIGHEST WIND DIRECTION     S (190)
  HIGHEST GUST SPEED    26   HIGHEST GUST DIRECTION     S (190)
  AVERAGE WIND SPEED     5.0


SKY COVER
  AVERAGE SKY COVER 1.0


WEATHER CONDITIONS
 THE FOLLOWING WEATHER WAS RECORDED YESTERDAY.
  THUNDERSTORM
  HEAVY RAIN
  RAIN
  LIGHT RAIN
  FOG
  FOG W/VISIBILITY <= 1/4 MILE


RELATIVE HUMIDITY (PERCENT)
 HIGHEST   100           200 PM
 LOWEST     89           600 AM
 AVERAGE    95

..........................................................


THE WICHITA FALLS CLIMATE NORMALS FOR TODAY
                         NORMAL    RECORD    YEAR
 MAXIMUM TEMPERATURE (F)   61        87      1956
 MINIMUM TEMPERATURE (F)   36        15      1965


SUNRISE AND SUNSET
FEBRUARY 24 2018......SUNRISE   709 AM CST   SUNSET   626 PM CST
FEBRUARY 25 2018......SUNRISE   707 AM CST   SUNSET   627 PM CST


-  INDICATES NEGATIVE NUMBERS.
R  INDICATES RECORD WAS SET OR TIED.
MM INDICATES DATA IS MISSING.
T  INDICATES TRACE AMOUNT.




$$
