000
CDUS44 KOUN 240643
CLISPS

CLIMATE REPORT
NATIONAL WEATHER SERVICE NORMAN OK
1230 AM CST FRI NOV 24 2017


...................................

...THE WICHITA FALLS CLIMATE SUMMARY FOR NOVEMBER 23 2017...

CLIMATE NORMAL PERIOD 1981 TO 2010
CLIMATE RECORD PERIOD 1897 TO 2017


WEATHER ITEM   OBSERVED TIME   RECORD YEAR NORMAL DEPARTURE LAST
                VALUE   (LST)  VALUE       VALUE  FROM      YEAR
                                                  NORMAL
..................................................................
TEMPERATURE (F)
 YESTERDAY
  MAXIMUM         71    409 PM  84    1973  62      9       65
  MINIMUM         30    652 AM  21    1950  37     -7       42
  AVERAGE         51                        49      2       54

PRECIPITATION (IN)
  YESTERDAY        0.00          1.90 1913   0.04  -0.04     0.00
  MONTH TO DATE    0.10                      1.31  -1.21     1.82
  SINCE SEP 1      4.54                      7.23  -2.69    13.96
  SINCE JAN 1     24.62                     26.96  -2.34    36.34

SNOWFALL (IN)
  YESTERDAY        0.0

DEGREE DAYS
 HEATING
  YESTERDAY       14                        16     -2       11
  MONTH TO DATE  222                       259    -37      131
  SINCE SEP 1    359                       385    -26      164
  SINCE JUL 1    359                       385    -26      164

 COOLING
  YESTERDAY        0                         0      0        0
  MONTH TO DATE   24                        10     14       21
  SINCE SEP 1    483                       441     42      596
  SINCE JAN 1   2325                      2386    -61     2532
..................................................................


WIND (MPH)
  HIGHEST WIND SPEED    12   HIGHEST WIND DIRECTION     S (190)
  HIGHEST GUST SPEED    14   HIGHEST GUST DIRECTION    SW (220)
  AVERAGE WIND SPEED     5.6


SKY COVER
  AVERAGE SKY COVER 0.0


WEATHER CONDITIONS
 THE FOLLOWING WEATHER WAS RECORDED YESTERDAY.
  NO SIGNIFICANT WEATHER WAS OBSERVED.


RELATIVE HUMIDITY (PERCENT)
 HIGHEST    72           700 AM
 LOWEST     26           300 PM
 AVERAGE    49

..........................................................


THE WICHITA FALLS CLIMATE NORMALS FOR TODAY
                         NORMAL    RECORD    YEAR
 MAXIMUM TEMPERATURE (F)   61        85      2010
 MINIMUM TEMPERATURE (F)   37        14      1950


SUNRISE AND SUNSET
NOVEMBER 24 2017......SUNRISE   715 AM CST   SUNSET   526 PM CST
NOVEMBER 25 2017......SUNRISE   716 AM CST   SUNSET   526 PM CST


-  INDICATES NEGATIVE NUMBERS.
R  INDICATES RECORD WAS SET OR TIED.
MM INDICATES DATA IS MISSING.
T  INDICATES TRACE AMOUNT.




$$
