561
CDUS44 KOUN 060009
CLISPS

CLIMATE REPORT
NATIONAL WEATHER SERVICE NORMAN OK
523 PM CST FRI FEB 5 2016


...................................

...THE WICHITA FALLS CLIMATE SUMMARY FOR FEBRUARY 5 2016...
VALID TODAY AS OF 0500 PM LOCAL TIME.

CLIMATE NORMAL PERIOD 1981 TO 2010
CLIMATE RECORD PERIOD 1897 TO 2016


WEATHER ITEM   OBSERVED TIME   RECORD YEAR NORMAL DEPARTURE LAST
                VALUE   (LST)  VALUE       VALUE  FROM      YEAR
                                                  NORMAL
..................................................................
TEMPERATURE (F)
 TODAY
  MAXIMUM         60    308 PM  83    1925  56      4       37
  MINIMUM         30    216 AM   7    1989  31     -1       26
  AVERAGE         45                        44      1       32

PRECIPITATION (IN)
  TODAY            0.00          0.97 1987   0.04  -0.04     0.00
  MONTH TO DATE    T                         0.22  -0.22      T
  SINCE JAN 1      0.43                      1.36  -0.93     2.17

SNOWFALL (IN)
  TODAY            0.0                       0.0    0.0      0.0
  MONTH TO DATE    0.0                       0.1   -0.1      0.0
  SINCE JUL 1      2.6                       2.8   -0.2      2.3
  SNOW DEPTH       0

DEGREE DAYS
 HEATING
  TODAY           20                        21     -1       33
  MONTH TO DATE  104                       107     -3      141
  SINCE JUL 1   1673                      2017   -344     1957
..................................................................


WIND (MPH)
  HIGHEST WIND SPEED    25   HIGHEST WIND DIRECTION     S (190)
  HIGHEST GUST SPEED    34   HIGHEST GUST DIRECTION     S (200)
  AVERAGE WIND SPEED    13.9


SKY COVER
  AVERAGE SKY COVER 0.2


WEATHER CONDITIONS
 THE FOLLOWING WEATHER WAS RECORDED TODAY.
  NO SIGNIFICANT WEATHER WAS OBSERVED.


RELATIVE HUMIDITY (PERCENT)
 HIGHEST    69           300 AM
 LOWEST     24           300 PM
 AVERAGE    47

..........................................................


THE WICHITA FALLS CLIMATE NORMALS FOR TOMORROW
                         NORMAL    RECORD    YEAR
 MAXIMUM TEMPERATURE (F)   56        83      1950
 MINIMUM TEMPERATURE (F)   32        10      1989
                                             1982


SUNRISE AND SUNSET
FEBRUARY  5 2016......SUNRISE   728 AM CST   SUNSET   608 PM CST
FEBRUARY  6 2016......SUNRISE   727 AM CST   SUNSET   609 PM CST


-  INDICATES NEGATIVE NUMBERS.
R  INDICATES RECORD WAS SET OR TIED.
MM INDICATES DATA IS MISSING.
T  INDICATES TRACE AMOUNT.




$$
