000
CDUS44 KOUN 270628
CLISPS

CLIMATE REPORT
NATIONAL WEATHER SERVICE NORMAN OK
127 AM CDT SAT MAY 27 2017


...................................

...THE WICHITA FALLS CLIMATE SUMMARY FOR MAY 26 2017...

CLIMATE NORMAL PERIOD 1981 TO 2010
CLIMATE RECORD PERIOD 1897 TO 2017


WEATHER ITEM   OBSERVED TIME   RECORD YEAR NORMAL DEPARTURE LAST
                VALUE   (LST)  VALUE       VALUE  FROM      YEAR
                                                  NORMAL
..................................................................
TEMPERATURE (F)
 YESTERDAY
  MAXIMUM         93    444 PM 102    1990  86      7       86
                                      1963
  MINIMUM         71   1129 PM  51    1946  63      8       67
  AVERAGE         82                        74      8       77

PRECIPITATION (IN)
  YESTERDAY        0.00          3.98 1915   0.13  -0.13     0.01
  MONTH TO DATE    4.55                      3.08   1.47     5.40
  SINCE MAR 1      6.34                      7.89  -1.55    14.06
  SINCE JAN 1     10.31                     10.78  -0.47    15.76

SNOWFALL (IN)
  YESTERDAY        0.0           0.0  2002   0.0    0.0      0.0
  MONTH TO DATE    0.0                       0.0    0.0      0.0
  SINCE MAR 1      0.0                       0.5   -0.5       T
  SINCE JUL 1      T                         3.9   -3.9      2.6
  SNOW DEPTH       0

DEGREE DAYS
 HEATING
  YESTERDAY        0                         0      0        0
  MONTH TO DATE   13                        20     -7       41
  SINCE MAR 1    318                       519   -201      350
  SINCE JUL 1   2162                      2965   -803     2312

 COOLING
  YESTERDAY       17                        10      7       12
  MONTH TO DATE  143                       174    -31      134
  SINCE MAR 1    274                       263     11      193
  SINCE JAN 1    292                       266     26      202
..................................................................


WIND (MPH)
  HIGHEST WIND SPEED    25   HIGHEST WIND DIRECTION     W (280)
  HIGHEST GUST SPEED    31   HIGHEST GUST DIRECTION     S (200)
  AVERAGE WIND SPEED    12.1


SKY COVER
  AVERAGE SKY COVER 0.0


WEATHER CONDITIONS
 THE FOLLOWING WEATHER WAS RECORDED YESTERDAY.
  NO SIGNIFICANT WEATHER WAS OBSERVED.


RELATIVE HUMIDITY (PERCENT)
 HIGHEST    73          1100 PM
 LOWEST     28          1000 AM
 AVERAGE    51

..........................................................


THE WICHITA FALLS CLIMATE NORMALS FOR TODAY
                         NORMAL    RECORD    YEAR
 MAXIMUM TEMPERATURE (F)   87       106      2011
                                             1927
 MINIMUM TEMPERATURE (F)   63        45      1961


SUNRISE AND SUNSET
MAY 27 2017...........SUNRISE   626 AM CDT   SUNSET   837 PM CDT
MAY 28 2017...........SUNRISE   625 AM CDT   SUNSET   838 PM CDT


-  INDICATES NEGATIVE NUMBERS.
R  INDICATES RECORD WAS SET OR TIED.
MM INDICATES DATA IS MISSING.
T  INDICATES TRACE AMOUNT.




$$
