000
CDUS44 KOUN 050632 RRA
CLISPS

CLIMATE REPORT
NATIONAL WEATHER SERVICE NORMAN OK
129 AM CDT THU MAY 5 2016

...................................

...THE WICHITA FALLS CLIMATE SUMMARY FOR MAY 4 2016...

CLIMATE NORMAL PERIOD 1981 TO 2010
CLIMATE RECORD PERIOD 1897 TO 2016


WEATHER ITEM   OBSERVED TIME   RECORD YEAR NORMAL DEPARTURE LAST
                VALUE   (LST)  VALUE       VALUE  FROM      YEAR
                                                  NORMAL
..................................................................
TEMPERATURE (F)
 YESTERDAY
  MAXIMUM         83    519 PM  99    2014  81      2       81
  MINIMUM         53    620 AM  37    2013  56     -3       60
  AVERAGE         68                        68      0       71

PRECIPITATION (IN)
  YESTERDAY        0.00          2.13 1935   0.11  -0.11     0.00
  MONTH TO DATE    0.30                      0.45  -0.15     0.00
  SINCE JAN 1     10.66                      8.15   2.51     8.11

DEGREE DAYS
 COOLING
  YESTERDAY        3                         5     -2        6
  MONTH TO DATE    3                        17    -14       14
  SINCE JAN 1     71                       109    -38       94
..................................................................


WIND (MPH)
  HIGHEST WIND SPEED    17   HIGHEST WIND DIRECTION    NW (330)
  HIGHEST GUST SPEED    23   HIGHEST GUST DIRECTION    NW (330)
  AVERAGE WIND SPEED    10.6


SKY COVER
  AVERAGE SKY COVER 0.0


WEATHER CONDITIONS
 THE FOLLOWING WEATHER WAS RECORDED YESTERDAY.
  FOG


RELATIVE HUMIDITY (PERCENT)
 HIGHEST   100           100 AM
 LOWEST     26           400 PM
 AVERAGE    63

..........................................................


THE WICHITA FALLS CLIMATE NORMALS FOR TODAY
                         NORMAL    RECORD    YEAR
 MAXIMUM TEMPERATURE (F)   81       102      2014
 MINIMUM TEMPERATURE (F)   56        39      1979


SUNRISE AND SUNSET
MAY  5 2016...........SUNRISE   640 AM CDT   SUNSET   821 PM CDT
MAY  6 2016...........SUNRISE   640 AM CDT   SUNSET   822 PM CDT


-  INDICATES NEGATIVE NUMBERS.
R  INDICATES RECORD WAS SET OR TIED.
MM INDICATES DATA IS MISSING.
T  INDICATES TRACE AMOUNT.




$$
