000
CDUS44 KOUN 020647
CLISPS

CLIMATE REPORT
NATIONAL WEATHER SERVICE NORMAN OK
137 AM CDT TUE SEP 2 2014


...................................

...THE WICHITA FALLS CLIMATE SUMMARY FOR SEPTEMBER 1 2014...

CLIMATE NORMAL PERIOD 1981 TO 2010
CLIMATE RECORD PERIOD 1897 TO 2014


WEATHER ITEM   OBSERVED TIME   RECORD YEAR NORMAL DEPARTURE LAST
                VALUE   (LST)  VALUE       VALUE  FROM      YEAR
                                                  NORMAL
..................................................................
TEMPERATURE (F)
 YESTERDAY
  MAXIMUM        101    415 PM 108    2000  93      8      107
                                      1939
  MINIMUM         78    644 AM  56    1967  69      9       75
  AVERAGE         90                        81      9       91

PRECIPITATION (IN)
  YESTERDAY        0.00          3.08 1902   0.10  -0.10     0.00
  MONTH TO DATE    0.00                      0.10  -0.10     0.00
  SINCE JAN 1     15.81                     19.83  -4.02    15.48

DEGREE DAYS
 COOLING
  YESTERDAY       25                        16      9       26
  MONTH TO DATE   25                        16      9       26
  SINCE JAN 1   2019                      1961     58     2085
..................................................................


WIND (MPH)
  HIGHEST WIND SPEED    28   HIGHEST WIND DIRECTION     S (170)
  HIGHEST GUST SPEED    32   HIGHEST GUST DIRECTION     S (160)
  AVERAGE WIND SPEED    18.3


SKY COVER
  AVERAGE SKY COVER 0.0


WEATHER CONDITIONS
 THE FOLLOWING WEATHER WAS RECORDED YESTERDAY.
  NO SIGNIFICANT WEATHER WAS OBSERVED.


RELATIVE HUMIDITY (PERCENT)
 HIGHEST    74           600 AM
 LOWEST     29           500 PM
 AVERAGE    52

..........................................................


THE WICHITA FALLS CLIMATE NORMALS FOR TODAY
                         NORMAL    RECORD    YEAR
 MAXIMUM TEMPERATURE (F)   93       108      2000
                                             1939
 MINIMUM TEMPERATURE (F)   68        56      1974
                                             1952


SUNRISE AND SUNSET
SEPTEMBER  2 2014.....SUNRISE   708 AM CDT   SUNSET   758 PM CDT
SEPTEMBER  3 2014.....SUNRISE   709 AM CDT   SUNSET   757 PM CDT


-  INDICATES NEGATIVE NUMBERS.
R  INDICATES RECORD WAS SET OR TIED.
MM INDICATES DATA IS MISSING.
T  INDICATES TRACE AMOUNT.




$$
