000
CDUS44 KOUN 222212
CLISPS

CLIMATE REPORT
NATIONAL WEATHER SERVICE NORMAN OK
509 PM CDT SAT JUL 22 2017


...................................

...THE WICHITA FALLS CLIMATE SUMMARY FOR JULY 22 2017...
VALID TODAY AS OF 0500 PM LOCAL TIME.

CLIMATE NORMAL PERIOD 1981 TO 2010
CLIMATE RECORD PERIOD 1897 TO 2017


WEATHER ITEM   OBSERVED TIME   RECORD YEAR NORMAL DEPARTURE LAST
                VALUE   (LST)  VALUE       VALUE  FROM      YEAR
                                                  NORMAL
..................................................................
TEMPERATURE (F)
 TODAY
  MAXIMUM        103    359 PM 109    1974  98      5      100
                                      1939
  MINIMUM         76    520 AM  56    1970  72      4       71
  AVERAGE         90                        85      5       86

PRECIPITATION (IN)
  TODAY            0.00          0.70 1901   0.05  -0.05     0.00
  MONTH TO DATE    2.94                      1.15   1.79     1.72
  SINCE JUN 1      5.40                      5.30   0.10     5.01
  SINCE JAN 1     15.72                     16.79  -1.07    21.50

SNOWFALL (IN)
  TODAY            0.0

DEGREE DAYS
 HEATING
  TODAY            0                         0      0        0
  MONTH TO DATE    0                         0      0        0
  SINCE JUN 1      0                         1     -1        0
  SINCE JUL 1      0                         0      0        0

 COOLING
  TODAY           25                        20      5       21
  MONTH TO DATE  413                       420     -7      451
  SINCE JUN 1    828                       856    -28      915
  SINCE JAN 1   1177                      1175      2     1168
..................................................................


WIND (MPH)
  HIGHEST WIND SPEED    20   HIGHEST WIND DIRECTION    SW (220)
  HIGHEST GUST SPEED    23   HIGHEST GUST DIRECTION    SW (220)
  AVERAGE WIND SPEED    10.9


SKY COVER
  AVERAGE SKY COVER 0.1


WEATHER CONDITIONS
 THE FOLLOWING WEATHER WAS RECORDED TODAY.
  NO SIGNIFICANT WEATHER WAS OBSERVED.


RELATIVE HUMIDITY (PERCENT)
 HIGHEST    79           400 AM
 LOWEST     29           200 PM
 AVERAGE    54

..........................................................


THE WICHITA FALLS CLIMATE NORMALS FOR TOMORROW
                         NORMAL    RECORD    YEAR
 MAXIMUM TEMPERATURE (F)   98       110      1974
 MINIMUM TEMPERATURE (F)   72        54      1970


SUNRISE AND SUNSET
JULY 22 2017..........SUNRISE   639 AM CDT   SUNSET   842 PM CDT
JULY 23 2017..........SUNRISE   639 AM CDT   SUNSET   841 PM CDT


-  INDICATES NEGATIVE NUMBERS.
R  INDICATES RECORD WAS SET OR TIED.
MM INDICATES DATA IS MISSING.
T  INDICATES TRACE AMOUNT.




$$
