000
CDUS42 KTBW 212215
CLISRQ


CLIMATE REPORT
NATIONAL WEATHER SERVICE TAMPA BAY FL
513 PM EST SUN DEC 21 2014


...................................

...THE SARASOTA BRADENTON CLIMATE SUMMARY FOR DECEMBER 21 2014...
VALID TODAY AS OF 0500 PM LOCAL TIME.

CLIMATE NORMAL PERIOD 1981 TO 2010
CLIMATE RECORD PERIOD 1911 TO 2014


WEATHER ITEM   OBSERVED TIME   RECORD YEAR NORMAL DEPARTURE LAST
                VALUE   (LST)  VALUE       VALUE  FROM      YEAR
                                                  NORMAL
..................................................................
TEMPERATURE (F)
 TODAY
  MAXIMUM         79   1217 PM  87    2013  72      7       87
  MINIMUM         59    639 AM  28    1981  53      6       68
  AVERAGE         69                        62      7       78

PRECIPITATION (IN)
  TODAY            T             2.75 1919   0.10  -0.10     0.00
  MONTH TO DATE    0.02                      1.70  -1.68     0.03
  SINCE DEC 1      0.02                      1.70  -1.68     0.03
  SINCE JAN 1     50.60                     52.18  -1.58    52.49

DEGREE DAYS
 HEATING
  TODAY            0                         4     -4        0
  MONTH TO DATE   96                        71     25       20
  SINCE DEC 1     96                        71     25       20
  SINCE JUL 1    181                       104     77       38

 COOLING
  TODAY            4                         2      2       13
  MONTH TO DATE   46                        56    -10      106
  SINCE DEC 1     46                        56    -10      106
  SINCE JAN 1   3458                      3356    102     3734
..................................................................


WIND (MPH)
  RESULTANT WIND SPEED   6   RESULTANT WIND DIRECTION  SE (150)
  HIGHEST WIND SPEED    18   HIGHEST WIND DIRECTION     S (170)
  HIGHEST GUST SPEED    23   HIGHEST GUST DIRECTION     S (160)
  AVERAGE WIND SPEED     7.4


SKY COVER
  POSSIBLE SUNSHINE  MM
  AVERAGE SKY COVER 0.7


WEATHER CONDITIONS
 THE FOLLOWING WEATHER WAS RECORDED TODAY.
  LIGHT RAIN


RELATIVE HUMIDITY (PERCENT)
 HIGHEST   100           700 AM
 LOWEST     62           100 PM

..........................................................


THE SARASOTA BRADENTON CLIMATE NORMALS FOR TOMORROW
                         NORMAL    RECORD    YEAR
 MAXIMUM TEMPERATURE (F)   72        85      1998
 MINIMUM TEMPERATURE (F)   53        31      1973


SUNRISE AND SUNSET
DECEMBER 21 2014......SUNRISE   716 AM EST   SUNSET   541 PM EST
DECEMBER 22 2014......SUNRISE   716 AM EST   SUNSET   541 PM EST


-  INDICATES NEGATIVE NUMBERS.
R  INDICATES RECORD WAS SET OR TIED.
MM INDICATES DATA IS MISSING.
T  INDICATES TRACE AMOUNT.




$$


&&
------------------------------------------------------------------
******************** SUPPLEMENTAL DATA ***************************

...GULF WATER TEMPERATURE AT NEW PASS 66
