000
CDUS42 KTBW 282120
CLISRQ


CLIMATE REPORT
NATIONAL WEATHER SERVICE TAMPA BAY FL
518 PM EDT FRI APR 28 2017


...................................

...THE SARASOTA BRADENTON CLIMATE SUMMARY FOR APRIL 28 2017...
VALID TODAY AS OF 0500 PM LOCAL TIME.

CLIMATE NORMAL PERIOD 1981 TO 2010
CLIMATE RECORD PERIOD 1911 TO 2017


WEATHER ITEM   OBSERVED TIME   RECORD YEAR NORMAL DEPARTURE LAST
                VALUE   (LST)  VALUE       VALUE  FROM      YEAR
                                                  NORMAL
..................................................................
TEMPERATURE (F)
 TODAY
  MAXIMUM         89    241 PM  92    1974  83      6       85
                                      1932
  MINIMUM         69    213 AM  45    1977  64      5       68
  AVERAGE         79                        73      6       77

PRECIPITATION (IN)
  TODAY            0.00          2.65 1930   0.05  -0.05     0.00
  MONTH TO DATE    T                         2.32  -2.32     0.91
  SINCE MAR 1      0.74                      6.18  -5.44     1.83
  SINCE JAN 1      3.23                     11.37  -8.14     7.51

DEGREE DAYS
 HEATING
  TODAY            0                         0      0        0
  MONTH TO DATE    1                         8     -7        0
  SINCE MAR 1     54                        57     -3       14
  SINCE JUL 1    202                       475   -273      320

 COOLING
  TODAY           14                         8      6       12
  MONTH TO DATE  269                       177     92      247
  SINCE MAR 1    386                       277    109      450
  SINCE JAN 1    560                       381    179      516
..................................................................


WIND (MPH)
  RESULTANT WIND SPEED   5   RESULTANT WIND DIRECTION   S (170)
  HIGHEST WIND SPEED    17   HIGHEST WIND DIRECTION    SW (210)
  HIGHEST GUST SPEED    21   HIGHEST GUST DIRECTION    SW (210)
  AVERAGE WIND SPEED     8.6


SKY COVER
  POSSIBLE SUNSHINE  MM
  AVERAGE SKY COVER 0.3


WEATHER CONDITIONS
 THE FOLLOWING WEATHER WAS RECORDED TODAY.
  FOG


RELATIVE HUMIDITY (PERCENT)
 HIGHEST    97           600 AM
 LOWEST     55           300 PM

..........................................................


THE SARASOTA BRADENTON CLIMATE NORMALS FOR TOMORROW
                         NORMAL    RECORD    YEAR
 MAXIMUM TEMPERATURE (F)   83        92      2016
 MINIMUM TEMPERATURE (F)   64        41      1928


SUNRISE AND SUNSET
APRIL 28 2017.........SUNRISE   653 AM EDT   SUNSET   802 PM EDT
APRIL 29 2017.........SUNRISE   653 AM EDT   SUNSET   803 PM EDT


-  INDICATES NEGATIVE NUMBERS.
R  INDICATES RECORD WAS SET OR TIED.
MM INDICATES DATA IS MISSING.
T  INDICATES TRACE AMOUNT.




$$


&&
------------------------------------------------------------------
******************** SUPPLEMENTAL DATA ***************************

...GULF WATER TEMPERATURE AT VENICE 81 DEGREES
