000
CDUS42 KTBW 272113
CLISRQ


CLIMATE REPORT
NATIONAL WEATHER SERVICE TAMPA BAY FL
511 PM EDT THU AUG 27 2015


...................................

...THE SARASOTA BRADENTON CLIMATE SUMMARY FOR AUGUST 27 2015...
VALID TODAY AS OF 0500 PM LOCAL TIME.

CLIMATE NORMAL PERIOD 1981 TO 2010
CLIMATE RECORD PERIOD 1911 TO 2015


WEATHER ITEM   OBSERVED TIME   RECORD YEAR NORMAL DEPARTURE LAST
                VALUE   (LST)  VALUE       VALUE  FROM      YEAR
                                                  NORMAL
..................................................................
TEMPERATURE (F)
 TODAY
  MAXIMUM         85    348 PM  97    1923  90     -5       95
  MINIMUM         74    903 AM  65    1930  75     -1       74
  AVERAGE         80                        82     -2       85

PRECIPITATION (IN)
  TODAY            0.12          3.69 2002   0.29  -0.17     0.00
  MONTH TO DATE    4.38                      7.98  -3.60     2.23
  SINCE JUN 1     14.92                     23.47  -8.55    11.36
  SINCE JAN 1     27.24                     37.17  -9.93    29.74

DEGREE DAYS
 HEATING
  TODAY            0                         0      0        0
  MONTH TO DATE    0                         0      0        0
  SINCE JUN 1      0                         0      0        0
  SINCE JUL 1      0                         0      0        0

 COOLING
  TODAY           15                        17     -2       20
  MONTH TO DATE  480                       459     21      546
  SINCE JUN 1   1528                      1470     58     1653
  SINCE JAN 1   2568                      2221    347     2465
..................................................................


WIND (MPH)
  RESULTANT WIND SPEED   5   RESULTANT WIND DIRECTION  SE (130)
  HIGHEST WIND SPEED    16   HIGHEST WIND DIRECTION    SE (120)
  HIGHEST GUST SPEED    19   HIGHEST GUST DIRECTION    SE (120)
  AVERAGE WIND SPEED     6.3


SKY COVER
  POSSIBLE SUNSHINE  MM
  AVERAGE SKY COVER 0.2


WEATHER CONDITIONS
 THE FOLLOWING WEATHER WAS RECORDED TODAY.
  THUNDERSTORM
  RAIN
  LIGHT RAIN
  FOG


RELATIVE HUMIDITY (PERCENT)
 HIGHEST    94          1200 AM
 LOWEST     70           400 PM

..........................................................


THE SARASOTA BRADENTON CLIMATE NORMALS FOR TOMORROW
                         NORMAL    RECORD    YEAR
 MAXIMUM TEMPERATURE (F)   90        98      1938
 MINIMUM TEMPERATURE (F)   75        65      1984


SUNRISE AND SUNSET
AUGUST 27 2015........SUNRISE   707 AM EDT   SUNSET   756 PM EDT
AUGUST 28 2015........SUNRISE   707 AM EDT   SUNSET   755 PM EDT


-  INDICATES NEGATIVE NUMBERS.
R  INDICATES RECORD WAS SET OR TIED.
MM INDICATES DATA IS MISSING.
T  INDICATES TRACE AMOUNT.




$$


&&
------------------------------------------------------------------
******************** SUPPLEMENTAL DATA ***************************

...GULF WATER TEMPERATURE AT NEW PASS 89
