000
CDUS42 KJAX 290548
CLISSI


CLIMATE REPORT
NATIONAL WEATHER SERVICE JACKSONVILLE FL
148 AM EDT TUE JUL 29 2014


...................................

...THE ST SIMONS ISLAND CLIMATE SUMMARY FOR JULY 28 2014...

CLIMATE NORMAL PERIOD 1981 TO 2010
CLIMATE RECORD PERIOD 1948 TO 2014


WEATHER ITEM   OBSERVED TIME   RECORD YEAR NORMAL DEPARTURE LAST
                VALUE   (LST)  VALUE       VALUE  FROM      YEAR
                                                  NORMAL
..................................................................
TEMPERATURE (F)
 YESTERDAY
  MAXIMUM         97    334 PM 100    1968  90      7       87
  MINIMUM         79    637 AM  70    1984  76      3       75
  AVERAGE         88                        83      5       81

PRECIPITATION (IN)
  YESTERDAY        0.00          1.60 1978   0.13  -0.13     0.00
  MONTH TO DATE    2.63                      3.66  -1.03     6.04
  SINCE JUN 1      7.39                      8.50  -1.11    14.35
  SINCE JAN 1     25.88                     23.42   2.46    26.77

SNOWFALL (IN)
  YESTERDAY        0.0           0.0    MM                   0.0
  MONTH TO DATE    0.0                                       0.0
  SINCE JUN 1      0.0                                       0.0
  SINCE JUL 1      0.0                                       0.0
  SNOW DEPTH       0

DEGREE DAYS
 HEATING
  YESTERDAY        0                         0      0        0
  MONTH TO DATE    0                         0      0        0
  SINCE JUN 1      0                         0      0        0
  SINCE JUL 1      0                         0      0        0

 COOLING
  YESTERDAY       23                        18      5       16
  MONTH TO DATE  485                       499    -14      462
  SINCE JUN 1    952                       958     -6      957
  SINCE JAN 1   1395                      1400     -5     1358
..................................................................


WIND (MPH)
  HIGHEST WIND SPEED    18   HIGHEST WIND DIRECTION    SW (230)
  HIGHEST GUST SPEED    26   HIGHEST GUST DIRECTION    SW (230)
  AVERAGE WIND SPEED    10.6


SKY COVER
  POSSIBLE SUNSHINE  MM
  AVERAGE SKY COVER 0.1


WEATHER CONDITIONS
 THE FOLLOWING WEATHER WAS RECORDED YESTERDAY.
  NO SIGNIFICANT WEATHER WAS OBSERVED.


RELATIVE HUMIDITY (PERCENT)
 HIGHEST    91           500 AM
 LOWEST     45           200 PM
 AVERAGE    68

..........................................................


THE ST SIMONS ISLAND CLIMATE NORMALS FOR TODAY
                         NORMAL    RECORD    YEAR
 MAXIMUM TEMPERATURE (F)   90        99      1993
 MINIMUM TEMPERATURE (F)   76        69      1954


SUNRISE AND SUNSET
JULY 29 2014..........SUNRISE   641 AM EDT   SUNSET   823 PM EDT
JULY 30 2014..........SUNRISE   641 AM EDT   SUNSET   822 PM EDT


-  INDICATES NEGATIVE NUMBERS.
R  INDICATES RECORD WAS SET OR TIED.
MM INDICATES DATA IS MISSING.
T  INDICATES TRACE AMOUNT.




$$
