000
CDUS42 KJAX 280527
CLISSI


CLIMATE REPORT
NATIONAL WEATHER SERVICE JACKSONVILLE FL
127 AM EDT TUE MAR 28 2017


...................................

...THE ST SIMONS ISLAND CLIMATE SUMMARY FOR MARCH 27 2017...

CLIMATE NORMAL PERIOD 1981 TO 2010
CLIMATE RECORD PERIOD 1948 TO 2017


WEATHER ITEM   OBSERVED TIME   RECORD YEAR NORMAL DEPARTURE LAST
                VALUE   (LST)  VALUE       VALUE  FROM      YEAR
                                                  NORMAL
..................................................................
TEMPERATURE (F)
 YESTERDAY
  MAXIMUM         76    255 PM  88    2011  71      5       73
  MINIMUM         60    619 AM  30    1955  54      6       66
  AVERAGE         68                        62      6       70

PRECIPITATION (IN)
  YESTERDAY        0.00          4.26 1984   0.13  -0.13     0.68
  MONTH TO DATE    0.66                      3.40  -2.74     1.56
  SINCE MAR 1      0.66                      3.40  -2.74     1.56
  SINCE JAN 1      6.52                     10.09  -3.57     8.70

SNOWFALL (IN)
  YESTERDAY        0.0           0.0    MM                   0.0
  MONTH TO DATE    0.0                                       0.0
  SINCE MAR 1      0.0                                       0.0
  SINCE JUL 1      0.0                                       0.0
  SNOW DEPTH       0

DEGREE DAYS
 HEATING
  YESTERDAY        0                         4     -4        0
  MONTH TO DATE  154                       163     -9       81
  SINCE MAR 1    154                       163     -9       81
  SINCE JUL 1    769                      1414   -645      987

 COOLING
  YESTERDAY        3                         1      2        5
  MONTH TO DATE   44                        26     18       71
  SINCE MAR 1     44                        26     18       71
  SINCE JAN 1     96                        35     61       75
..................................................................


WIND (MPH)
  HIGHEST WIND SPEED    16   HIGHEST WIND DIRECTION    SE (140)
  HIGHEST GUST SPEED    20   HIGHEST GUST DIRECTION    SE (130)
  AVERAGE WIND SPEED     6.8


SKY COVER
  POSSIBLE SUNSHINE  MM
  AVERAGE SKY COVER 0.1


WEATHER CONDITIONS
 THE FOLLOWING WEATHER WAS RECORDED YESTERDAY.
  FOG


RELATIVE HUMIDITY (PERCENT)
 HIGHEST    93           300 AM
 LOWEST     58          1100 AM
 AVERAGE    76

..........................................................


THE ST SIMONS ISLAND CLIMATE NORMALS FOR TODAY
                         NORMAL    RECORD    YEAR
 MAXIMUM TEMPERATURE (F)   71        84      1984
 MINIMUM TEMPERATURE (F)   54        35      1955


SUNRISE AND SUNSET
MARCH 28 2017.........SUNRISE   719 AM EDT   SUNSET   742 PM EDT
MARCH 29 2017.........SUNRISE   718 AM EDT   SUNSET   743 PM EDT


-  INDICATES NEGATIVE NUMBERS.
R  INDICATES RECORD WAS SET OR TIED.
MM INDICATES DATA IS MISSING.
T  INDICATES TRACE AMOUNT.




$$
