000
CDUS43 KEAX 010644
CLISTJ


CLIMATE REPORT
NATIONAL WEATHER SERVICE KANSAS CITY/PLEASANT HILL MO
144 AM CDT WED JUL 1 2015


...................................

...THE ST. JOSEPH MO CLIMATE SUMMARY FOR JUNE 30 2015...

CLIMATE NORMAL PERIOD 1981 TO 2010
CLIMATE RECORD PERIOD 1892 TO 2015


WEATHER ITEM   OBSERVED TIME   RECORD YEAR NORMAL DEPARTURE LAST
                VALUE   (LST)  VALUE       VALUE  FROM      YEAR
                                                  NORMAL
..................................................................
TEMPERATURE (F)
 YESTERDAY
  MAXIMUM         85    421 PM 101    1917  86     -1       90
  MINIMUM         64    456 AM  54    2004  66     -2       66
                                      1943
  AVERAGE         75                        76     -1       78

PRECIPITATION (IN)
  YESTERDAY        0.02          3.28 1914   0.09  -0.07      T
  MONTH TO DATE    6.90                      4.18   2.72     7.91
  SINCE JUN 1      6.90                      4.18   2.72     7.91
  SINCE JAN 1     22.59                     17.13   5.46    15.68

DEGREE DAYS
 HEATING
  YESTERDAY        0                         0      0        0
  MONTH TO DATE    1                         6     -5        1
  SINCE JUN 1      1                         8     -7        1
  SINCE JUL 1   5501                      5458     43     6270

 COOLING
  YESTERDAY       10                        11     -1       13
  MONTH TO DATE  314                       267     47      279
  SINCE JUN 1    314                       267     47      279
  SINCE JAN 1    382                       380      2      440
..................................................................


WIND (MPH)
  HIGHEST WIND SPEED    15   HIGHEST WIND DIRECTION     E (110)
  HIGHEST GUST SPEED    19   HIGHEST GUST DIRECTION     E (110)
  AVERAGE WIND SPEED     3.6


SKY COVER
  POSSIBLE SUNSHINE  MM
  AVERAGE SKY COVER 0.1


WEATHER CONDITIONS
 THE FOLLOWING WEATHER WAS RECORDED YESTERDAY.
  THUNDERSTORM
  LIGHT RAIN
  FOG


RELATIVE HUMIDITY (PERCENT)
 HIGHEST    97          1200 AM
 LOWEST     54           700 PM
 AVERAGE    76

..........................................................


THE ST. JOSEPH MO CLIMATE NORMALS FOR TODAY
                         NORMAL    RECORD    YEAR
 MAXIMUM TEMPERATURE (F)   86       102      1933
 MINIMUM TEMPERATURE (F)   66        51      1968


SUNRISE AND SUNSET
JULY  1 2015..........SUNRISE   555 AM CDT   SUNSET   852 PM CDT
JULY  2 2015..........SUNRISE   556 AM CDT   SUNSET   852 PM CDT


-  INDICATES NEGATIVE NUMBERS.
R  INDICATES RECORD WAS SET OR TIED.
MM INDICATES DATA IS MISSING.
T  INDICATES TRACE AMOUNT.




$$
