000
CDUS43 KEAX 300632
CLISTJ


CLIMATE REPORT
NATIONAL WEATHER SERVICE KANSAS CITY/PLEASANT HILL MO
131 AM CDT FRI SEP 30 2016


...................................

...THE ST. JOSEPH MO CLIMATE SUMMARY FOR SEPTEMBER 29 2016...

CLIMATE NORMAL PERIOD 1981 TO 2010
CLIMATE RECORD PERIOD 1892 TO 2016


WEATHER ITEM   OBSERVED TIME   RECORD YEAR NORMAL DEPARTURE LAST
                VALUE   (LST)  VALUE       VALUE  FROM      YEAR
                                                  NORMAL
..................................................................
TEMPERATURE (F)
 YESTERDAY
  MAXIMUM         74    316 PM  94    2002  74      0       67
  MINIMUM         45    542 AM  30    1984  49     -4       51
  AVERAGE         60                        61     -1       59

PRECIPITATION (IN)
  YESTERDAY        0.00          1.60 1954   0.09  -0.09     0.02
  MONTH TO DATE    8.66                      3.34   5.32     2.04
  SINCE SEP 1      8.66                      3.34   5.32     2.04
  SINCE JAN 1     38.78                     29.64   9.14    30.64

DEGREE DAYS
 HEATING
  YESTERDAY        5                         6     -1        6
  MONTH TO DATE   20                        70    -50       27
  SINCE SEP 1     20                        70    -50       27
  SINCE JUL 1     22                        75    -53       31

 COOLING
  YESTERDAY        0                         2     -2        0
  MONTH TO DATE  222                       118    104      238
  SINCE SEP 1    222                       118    104      238
  SINCE JAN 1   1494                      1195    299     1265
..................................................................


WIND (MPH)
  HIGHEST WIND SPEED    14   HIGHEST WIND DIRECTION     N (20)
  HIGHEST GUST SPEED    20   HIGHEST GUST DIRECTION     N (20)
  AVERAGE WIND SPEED     6.3


SKY COVER
  POSSIBLE SUNSHINE  MM
  AVERAGE SKY COVER 0.0


WEATHER CONDITIONS
 THE FOLLOWING WEATHER WAS RECORDED YESTERDAY.
  NO SIGNIFICANT WEATHER WAS OBSERVED.


RELATIVE HUMIDITY (PERCENT)
 HIGHEST    93           100 AM
 LOWEST     38           300 PM
 AVERAGE    66

..........................................................


THE ST. JOSEPH MO CLIMATE NORMALS FOR TODAY
                         NORMAL    RECORD    YEAR
 MAXIMUM TEMPERATURE (F)   74        93      2002
                                             1952
 MINIMUM TEMPERATURE (F)   48        29      1984


SUNRISE AND SUNSET
SEPTEMBER 30 2016.....SUNRISE   715 AM CDT   SUNSET   703 PM CDT
OCTOBER  1 2016.......SUNRISE   716 AM CDT   SUNSET   701 PM CDT


-  INDICATES NEGATIVE NUMBERS.
R  INDICATES RECORD WAS SET OR TIED.
MM INDICATES DATA IS MISSING.
T  INDICATES TRACE AMOUNT.




$$
