000
CDUS43 KEAX 020634
CLISTJ


CLIMATE REPORT
NATIONAL WEATHER SERVICE KANSAS CITY/PLEASANT HILL MO
133 AM CDT MON MAY 2 2016


...................................

...THE ST. JOSEPH MO CLIMATE SUMMARY FOR MAY 1 2016...

CLIMATE NORMAL PERIOD 1981 TO 2010
CLIMATE RECORD PERIOD 1892 TO 2016


WEATHER ITEM   OBSERVED TIME   RECORD YEAR NORMAL DEPARTURE LAST
                VALUE   (LST)  VALUE       VALUE  FROM      YEAR
                                                  NORMAL
..................................................................
TEMPERATURE (F)
 YESTERDAY
  MAXIMUM         56   1226 AM  92    1987  70    -14       77
  MINIMUM         49   1159 PM  31    1963  48      1       44
  AVERAGE         53                        59     -6       61

PRECIPITATION (IN)
  YESTERDAY        0.04          1.61 1973   0.19  -0.15     0.00
  MONTH TO DATE    0.04                      0.19  -0.15     0.00
  SINCE MAR 1      7.34                      6.23   1.11     4.18
  SINCE JAN 1      8.25                      7.72   0.53     5.93

DEGREE DAYS
 HEATING
  YESTERDAY       12                         7      5        4
  MONTH TO DATE   12                         7      5        4
  SINCE MAR 1    787                      1037   -250      883
  SINCE JUL 1   4405                      5345   -940     5407

 COOLING
  YESTERDAY        0                         1     -1        0
  MONTH TO DATE    0                         1     -1        0
  SINCE MAR 1     19                        22     -3        5
  SINCE JAN 1     19                        22     -3        5
..................................................................


WIND (MPH)
  HIGHEST WIND SPEED    18   HIGHEST WIND DIRECTION     N (340)
  HIGHEST GUST SPEED    22   HIGHEST GUST DIRECTION     N (350)
  AVERAGE WIND SPEED     8.8


SKY COVER
  POSSIBLE SUNSHINE  MM
  AVERAGE SKY COVER 1.0


WEATHER CONDITIONS
 THE FOLLOWING WEATHER WAS RECORDED YESTERDAY.
  RAIN
  LIGHT RAIN
  FOG


RELATIVE HUMIDITY (PERCENT)
 HIGHEST    89           200 AM
 LOWEST     77          1200 AM
 AVERAGE    83

..........................................................


THE ST. JOSEPH MO CLIMATE NORMALS FOR TODAY
                         NORMAL    RECORD    YEAR
 MAXIMUM TEMPERATURE (F)   71        92      1968
 MINIMUM TEMPERATURE (F)   48        30      1961


SUNRISE AND SUNSET
MAY  2 2016...........SUNRISE   618 AM CDT   SUNSET   815 PM CDT
MAY  3 2016...........SUNRISE   617 AM CDT   SUNSET   816 PM CDT


-  INDICATES NEGATIVE NUMBERS.
R  INDICATES RECORD WAS SET OR TIED.
MM INDICATES DATA IS MISSING.
T  INDICATES TRACE AMOUNT.




$$
