000
CDUS43 KEAX 152232
CLISTJ


CLIMATE REPORT
NATIONAL WEATHER SERVICE KANSAS CITY/PLEASANT HILL MO
431 PM CST FRI DEC 15 2017


...................................

...THE ST. JOSEPH MO CLIMATE SUMMARY FOR DECEMBER 15 2017...
VALID AS OF 0400 PM LOCAL TIME.

CLIMATE NORMAL PERIOD 1981 TO 2010
CLIMATE RECORD PERIOD 1892 TO 2017


WEATHER ITEM   OBSERVED TIME   RECORD YEAR NORMAL DEPARTURE LAST
                VALUE   (LST)  VALUE       VALUE  FROM      YEAR
                                                  NORMAL
..................................................................
TEMPERATURE (F)
 TODAY
  MAXIMUM         47    248 PM  67    2002  39      8       24
  MINIMUM         23    710 AM -15    1989  19      4       10
  AVERAGE         35                        29      6       17

PRECIPITATION (IN)
  TODAY            0.00          1.05 1940   0.05  -0.05     0.00
  MONTH TO DATE    T                         0.75  -0.75     0.59
  SINCE DEC 1      T                         0.75  -0.75     0.59
  SINCE JAN 1     25.86                     34.83  -8.97    41.57

DEGREE DAYS
 HEATING
  TODAY           30                        36     -6       48
  MONTH TO DATE  424                       502    -78      572
  SINCE DEC 1    424                       502    -78      572
  SINCE JUL 1   1399                      1613   -214     1247

 COOLING
  TODAY            0                         0      0        0
  MONTH TO DATE    0                         0      0        0
  SINCE DEC 1      0                         0      0        0
  SINCE JAN 1   1271                      1221     50     1547
..................................................................


WIND (MPH)
  HIGHEST WIND SPEED    22   HIGHEST WIND DIRECTION    SW (230)
  HIGHEST GUST SPEED    27   HIGHEST GUST DIRECTION    SW (230)
  AVERAGE WIND SPEED    10.4


SKY COVER
  AVERAGE SKY COVER 0.5


WEATHER CONDITIONS
 THE FOLLOWING WEATHER WAS RECORDED TODAY.
  FOG


RELATIVE HUMIDITY (PERCENT)
 HIGHEST    92           100 AM
 LOWEST     38           200 PM
 AVERAGE    65

..........................................................


THE ST. JOSEPH MO CLIMATE NORMALS FOR TOMORROW
                         NORMAL    RECORD    YEAR
 MAXIMUM TEMPERATURE (F)   39        65      1977
 MINIMUM TEMPERATURE (F)   19       -11      1989


SUNRISE AND SUNSET
DECEMBER 15 2017......SUNRISE   734 AM CST   SUNSET   456 PM CST
DECEMBER 16 2017......SUNRISE   734 AM CST   SUNSET   456 PM CST


-  INDICATES NEGATIVE NUMBERS.
R  INDICATES RECORD WAS SET OR TIED.
MM INDICATES DATA IS MISSING.
T  INDICATES TRACE AMOUNT.




$$
