000
CDUS43 KEAX 260641
CLISTJ


CLIMATE REPORT
NATIONAL WEATHER SERVICE KANSAS CITY/PLEASANT HILL MO
140 AM CDT THU MAY 26 2016


...................................

...THE ST. JOSEPH MO CLIMATE SUMMARY FOR MAY 25 2016...

CLIMATE NORMAL PERIOD 1981 TO 2010
CLIMATE RECORD PERIOD 1892 TO 2016


WEATHER ITEM   OBSERVED TIME   RECORD YEAR NORMAL DEPARTURE LAST
                VALUE   (LST)  VALUE       VALUE  FROM      YEAR
                                                  NORMAL
..................................................................
TEMPERATURE (F)
 YESTERDAY
  MAXIMUM         82    534 PM  98    1967  79      3       80
  MINIMUM         66    310 AM  36    1925  57      9       60
  AVERAGE         74                        68      6       70

PRECIPITATION (IN)
  YESTERDAY        0.17          1.66 1937   0.16   0.01     0.64
  MONTH TO DATE    2.54                      4.43  -1.89     8.64
  SINCE MAR 1      9.84                     10.47  -0.63    12.82
  SINCE JAN 1     10.75                     11.96  -1.21    14.57

DEGREE DAYS
 HEATING
  YESTERDAY        0                         2     -2        0
  MONTH TO DATE  126                       105     21       91
  SINCE MAR 1    901                      1135   -234      970
  SINCE JUL 1   4519                      5443   -924     5494

 COOLING
  YESTERDAY        9                         4      5        5
  MONTH TO DATE   32                        60    -28       48
  SINCE MAR 1     51                        81    -30       53
  SINCE JAN 1     51                        81    -30       53
..................................................................


WIND (MPH)
  HIGHEST WIND SPEED    38   HIGHEST WIND DIRECTION     S (160)
  HIGHEST GUST SPEED    54   HIGHEST GUST DIRECTION     S (160)
  AVERAGE WIND SPEED    11.0


SKY COVER
  POSSIBLE SUNSHINE  MM
  AVERAGE SKY COVER 0.6


WEATHER CONDITIONS
 THE FOLLOWING WEATHER WAS RECORDED YESTERDAY.
  THUNDERSTORM
  LIGHT RAIN


RELATIVE HUMIDITY (PERCENT)
 HIGHEST    84          1200 AM
 LOWEST     58           200 PM
 AVERAGE    71

..........................................................


THE ST. JOSEPH MO CLIMATE NORMALS FOR TODAY
                         NORMAL    RECORD    YEAR
 MAXIMUM TEMPERATURE (F)   79        94      1967
 MINIMUM TEMPERATURE (F)   57        43      1925


SUNRISE AND SUNSET
MAY 26 2016...........SUNRISE   556 AM CDT   SUNSET   838 PM CDT
MAY 27 2016...........SUNRISE   556 AM CDT   SUNSET   838 PM CDT


-  INDICATES NEGATIVE NUMBERS.
R  INDICATES RECORD WAS SET OR TIED.
MM INDICATES DATA IS MISSING.
T  INDICATES TRACE AMOUNT.




$$
