000
CDUS43 KEAX 292200
CLISTJ


CLIMATE REPORT
NATIONAL WEATHER SERVICE KANSAS CITY/PLEASANT HILL MO
500 PM CDT MON AUG 29 2016


...................................

...THE ST. JOSEPH MO CLIMATE SUMMARY FOR AUGUST 29 2016...
VALID AS OF 0400 PM LOCAL TIME.

CLIMATE NORMAL PERIOD 1981 TO 2010
CLIMATE RECORD PERIOD 1892 TO 2016


WEATHER ITEM   OBSERVED TIME   RECORD YEAR NORMAL DEPARTURE LAST
                VALUE   (LST)  VALUE       VALUE  FROM      YEAR
                                                  NORMAL
..................................................................
TEMPERATURE (F)
 TODAY
  MAXIMUM         91    236 PM 106    1984  85      6       76
  MINIMUM         67    400 AM  45    1988  61      6       61
  AVERAGE         79                        73      6       69

PRECIPITATION (IN)
  TODAY            0.00          2.02 1989   0.14  -0.14     0.00
  MONTH TO DATE    6.50                      3.69   2.81     0.22
  SINCE JUN 1     15.75                     13.06   2.69    12.91
  SINCE JAN 1     29.88                     26.01   3.87    28.60

DEGREE DAYS
 HEATING
  TODAY            0                         0      0        0
  MONTH TO DATE    0                         0      0        4
  SINCE JUN 1      2                         9     -7        5
  SINCE JUL 1      2                         1      1        4

 COOLING
  TODAY           14                         8      6        4
  MONTH TO DATE  328                       308     20      242
  SINCE JUN 1   1170                       949    221      941
  SINCE JAN 1   1253                      1062    191     1009
..................................................................


WIND (MPH)
  HIGHEST WIND SPEED    14   HIGHEST WIND DIRECTION     N (360)
  HIGHEST GUST SPEED    17   HIGHEST GUST DIRECTION     N (20)
  AVERAGE WIND SPEED     1.1


SKY COVER
  AVERAGE SKY COVER 0.3


WEATHER CONDITIONS
 THE FOLLOWING WEATHER WAS RECORDED TODAY.
  NO SIGNIFICANT WEATHER WAS OBSERVED.


RELATIVE HUMIDITY (PERCENT)
 HIGHEST    97           100 AM
 LOWEST     52          1200 PM
 AVERAGE    75

..........................................................


THE ST. JOSEPH MO CLIMATE NORMALS FOR TOMORROW
                         NORMAL    RECORD    YEAR
 MAXIMUM TEMPERATURE (F)   84       103      1947
 MINIMUM TEMPERATURE (F)   61        46      1915


SUNRISE AND SUNSET
AUGUST 29 2016........SUNRISE   645 AM CDT   SUNSET   755 PM CDT
AUGUST 30 2016........SUNRISE   646 AM CDT   SUNSET   753 PM CDT


-  INDICATES NEGATIVE NUMBERS.
R  INDICATES RECORD WAS SET OR TIED.
MM INDICATES DATA IS MISSING.
T  INDICATES TRACE AMOUNT.




$$
