000
CDUS43 KEAX 250636
CLISTJ


CLIMATE REPORT
NATIONAL WEATHER SERVICE KANSAS CITY/PLEASANT HILL MO
1235 AM CST SAT FEB 25 2017


...................................

...THE ST. JOSEPH MO CLIMATE SUMMARY FOR FEBRUARY 24 2017...

CLIMATE NORMAL PERIOD 1981 TO 2010
CLIMATE RECORD PERIOD 1892 TO 2017


WEATHER ITEM   OBSERVED TIME   RECORD YEAR NORMAL DEPARTURE LAST
                VALUE   (LST)  VALUE       VALUE  FROM      YEAR
                                                  NORMAL
..................................................................
TEMPERATURE (F)
 YESTERDAY
  MAXIMUM         42    125 AM  83    1930  45     -3       46
  MINIMUM         23   1113 PM  -5    2010  24     -1       25
  AVERAGE         33                        35     -2       36

PRECIPITATION (IN)
  YESTERDAY        T             1.35 2001   0.04  -0.04     0.00
  MONTH TO DATE    0.05                      0.78  -0.73     0.32
  SINCE DEC 1      2.12                      2.86  -0.74     3.16
  SINCE JAN 1      1.02                      1.34  -0.32     0.91

DEGREE DAYS
 HEATING
  YESTERDAY       32                        30      2       29
  MONTH TO DATE  570                       806   -236      688
  SINCE DEC 1   2527                      3078   -551     2677
  SINCE JUL 1   3202                      4189   -987     3513

 COOLING
  YESTERDAY        0                         0      0        0
  MONTH TO DATE    0                         0      0        0
  SINCE DEC 1      0                         0      0        0
  SINCE JAN 1      0                         0      0        0
..................................................................


WIND (MPH)
  HIGHEST WIND SPEED    28   HIGHEST WIND DIRECTION    NW (330)
  HIGHEST GUST SPEED    34   HIGHEST GUST DIRECTION    NW (330)
  AVERAGE WIND SPEED    16.7


SKY COVER
  POSSIBLE SUNSHINE  MM
  AVERAGE SKY COVER 0.9


WEATHER CONDITIONS
 THE FOLLOWING WEATHER WAS RECORDED YESTERDAY.
  LIGHT RAIN
  LIGHT SNOW
  FOG


RELATIVE HUMIDITY (PERCENT)
 HIGHEST   100           200 AM
 LOWEST     81           800 PM
 AVERAGE    91

..........................................................


THE ST. JOSEPH MO CLIMATE NORMALS FOR TODAY
                         NORMAL    RECORD    YEAR
 MAXIMUM TEMPERATURE (F)   46        76      1981
 MINIMUM TEMPERATURE (F)   24        -5      2010
                                             2003


SUNRISE AND SUNSET
FEBRUARY 25 2017......SUNRISE   658 AM CST   SUNSET   608 PM CST
FEBRUARY 26 2017......SUNRISE   657 AM CST   SUNSET   609 PM CST


-  INDICATES NEGATIVE NUMBERS.
R  INDICATES RECORD WAS SET OR TIED.
MM INDICATES DATA IS MISSING.
T  INDICATES TRACE AMOUNT.




$$
