000
CDUS43 KEAX 170032
CLISTJ


CLIMATE REPORT
NATIONAL WEATHER SERVICE KANSAS CITY/PLEASANT HILL MO
732 PM CDT MON OCT 16 2017


...................................

...THE ST. JOSEPH MO CLIMATE SUMMARY FOR OCTOBER 16 2017...
VALID TODAY AS OF 0700 PM LOCAL TIME.

CLIMATE NORMAL PERIOD 1981 TO 2010
CLIMATE RECORD PERIOD 1892 TO 2017


WEATHER ITEM   OBSERVED TIME   RECORD YEAR NORMAL DEPARTURE LAST
                VALUE   (LST)  VALUE       VALUE  FROM      YEAR
                                                  NORMAL
..................................................................
TEMPERATURE (F)
 TODAY
  MAXIMUM         73    221 PM  88    1950  67      6       86
  MINIMUM         33    615 AM  26    1966  43    -10       58
  AVERAGE         53                        55     -2       72

PRECIPITATION (IN)
  TODAY            0.00          0.84 1968   0.10  -0.10     0.00
  MONTH TO DATE    2.19                      1.50   0.69     1.47
  SINCE SEP 1      3.22                      4.92  -1.70    10.13
  SINCE JAN 1     23.47                     31.22  -7.75    40.25

DEGREE DAYS
 HEATING
  TODAY           12                        11      1        0
  MONTH TO DATE   75                       136    -61       85
  SINCE SEP 1     98                       211   -113      110
  SINCE JUL 1    104                       216   -112      112

 COOLING
  TODAY            0                         0      0        7
  MONTH TO DATE   37                        18     19       20
  SINCE SEP 1    227                       140     87      242
  SINCE JAN 1   1271                      1217     54     1514
..................................................................


WIND (MPH)
  HIGHEST WIND SPEED    16   HIGHEST WIND DIRECTION     S (180)
  HIGHEST GUST SPEED    22   HIGHEST GUST DIRECTION    SW (210)
  AVERAGE WIND SPEED     4.9


SKY COVER
  AVERAGE SKY COVER 0.2


WEATHER CONDITIONS
 THE FOLLOWING WEATHER WAS RECORDED TODAY.
  FOG
  FOG W/VISIBILITY <= 1/4 MILE


RELATIVE HUMIDITY (PERCENT)
 HIGHEST   100          1200 AM
 LOWEST     29           100 PM
 AVERAGE    65

..........................................................


THE ST. JOSEPH MO CLIMATE NORMALS FOR TOMORROW
                         NORMAL    RECORD    YEAR
 MAXIMUM TEMPERATURE (F)   67        89      2016
                                             1991
 MINIMUM TEMPERATURE (F)   42        24      1976


SUNRISE AND SUNSET
OCTOBER 16 2017.......SUNRISE   731 AM CDT   SUNSET   638 PM CDT
OCTOBER 17 2017.......SUNRISE   732 AM CDT   SUNSET   637 PM CDT


-  INDICATES NEGATIVE NUMBERS.
R  INDICATES RECORD WAS SET OR TIED.
MM INDICATES DATA IS MISSING.
T  INDICATES TRACE AMOUNT.




$$
