000
CDUS43 KEAX 170034
CLISTJ


CLIMATE REPORT
NATIONAL WEATHER SERVICE KANSAS CITY/PLEASANT HILL MO
734 PM CDT WED APR 16 2014


...................................

...THE ST. JOSEPH MO CLIMATE SUMMARY FOR APRIL 16 2014...
VALID TODAY AS OF 0700 PM LOCAL TIME.

CLIMATE NORMAL PERIOD 1981 TO 2010
CLIMATE RECORD PERIOD 1892 TO 2014


WEATHER ITEM   OBSERVED TIME   RECORD YEAR NORMAL DEPARTURE LAST
                VALUE   (LST)  VALUE       VALUE  FROM      YEAR
                                                  NORMAL
..................................................................
TEMPERATURE (F)
 TODAY
  MAXIMUM         67    208 PM  91    1967  66      1       49
  MINIMUM         45    618 AM  26    1915  43      2       36
  AVERAGE         56                        54      2       43

PRECIPITATION (IN)
  TODAY            0.00          1.53 1900   0.13  -0.13     0.00
  MONTH TO DATE    2.04                      1.66   0.38     1.87
  SINCE MAR 1      2.45                      3.91  -1.46     3.95
  SINCE JAN 1      3.27                      5.40  -2.13     4.96

DEGREE DAYS
 HEATING
  TODAY            9                        11     -2       22
  MONTH TO DATE  264                       216     48      268
  SINCE MAR 1   1090                       901    189     1117
  SINCE JUL 1   6030                      5209    821     5221

 COOLING
  TODAY            0                         1     -1        0
  MONTH TO DATE    3                         9     -6        0
  SINCE MAR 1      3                        11     -8        0
  SINCE JAN 1      3                        11     -8        0
..................................................................


WIND (MPH)
  HIGHEST WIND SPEED    38   HIGHEST WIND DIRECTION     S (190)
  HIGHEST GUST SPEED    50   HIGHEST GUST DIRECTION     S (180)
  AVERAGE WIND SPEED    22.2


SKY COVER
  AVERAGE SKY COVER 0.0


WEATHER CONDITIONS
 THE FOLLOWING WEATHER WAS RECORDED TODAY.
  NO SIGNIFICANT WEATHER WAS OBSERVED.


RELATIVE HUMIDITY (PERCENT)
 HIGHEST    49          1200 AM
 LOWEST     28           300 PM
 AVERAGE    39

..........................................................


THE ST. JOSEPH MO CLIMATE NORMALS FOR TOMORROW
                         NORMAL    RECORD    YEAR
 MAXIMUM TEMPERATURE (F)   66        90      1975
 MINIMUM TEMPERATURE (F)   43        24      1921


SUNRISE AND SUNSET
APRIL 16 2014.........SUNRISE   641 AM CDT   SUNSET   759 PM CDT
APRIL 17 2014.........SUNRISE   639 AM CDT   SUNSET   800 PM CDT


-  INDICATES NEGATIVE NUMBERS.
R  INDICATES RECORD WAS SET OR TIED.
MM INDICATES DATA IS MISSING.
T  INDICATES TRACE AMOUNT.




$$
