760
CDUS43 KLSX 250737
CLISTL


CLIMATE REPORT
NATIONAL WEATHER SERVICE ST LOUIS MO
236 AM CDT WED MAY 25 2016


...................................

...THE ST. LOUIS CLIMATE SUMMARY FOR MAY 24 2016...

CLIMATE NORMAL PERIOD 1981 TO 2010
CLIMATE RECORD PERIOD 1874 TO 2016


WEATHER ITEM   OBSERVED TIME   RECORD YEAR NORMAL DEPARTURE LAST
                VALUE   (LST)  VALUE       VALUE  FROM      YEAR
                                                  NORMAL
..................................................................
TEMPERATURE (F)
 YESTERDAY
  MAXIMUM         87   1249 PM  92    2012  78      9       87
                                      1950
                                      1921
  MINIMUM         68   1159 PM  40    1961  60      8       65
  AVERAGE         78                        69      9       76

PRECIPITATION (IN)
  YESTERDAY        T             2.15 1927   0.16  -0.16     0.24
  MONTH TO DATE    3.12                      3.58  -0.46     2.85
  SINCE MAR 1      9.90                     10.59  -0.69    11.27
  SINCE JAN 1     11.50                     15.23  -3.73    14.22

SNOWFALL (IN)
  YESTERDAY        0.0           0.0  2015   0.0    0.0      0.0
  MONTH TO DATE    0.0                       0.0    0.0      0.0
  SINCE MAR 1      0.3                       2.7   -2.4      0.6
  SINCE JUL 1     10.9                      17.7   -6.8     16.8
  SNOW DEPTH       0

DEGREE DAYS
 HEATING
  YESTERDAY        0                         1     -1        0
  MONTH TO DATE   83                        68     15       42
  SINCE MAR 1    654                       926   -272      772
  SINCE JUL 1   3484                      4524  -1040     4574

 COOLING
  YESTERDAY       13                         5      8       11
  MONTH TO DATE   54                        84    -30      139
  SINCE MAR 1    114                       130    -16      164
  SINCE JAN 1    114                       130    -16      164
..................................................................


WIND (MPH)
  HIGHEST WIND SPEED    20   HIGHEST WIND DIRECTION    SW (220)
  HIGHEST GUST SPEED    24   HIGHEST GUST DIRECTION     S (190)
  AVERAGE WIND SPEED     7.6


SKY COVER
  AVERAGE SKY COVER 0.8


WEATHER CONDITIONS
 THE FOLLOWING WEATHER WAS RECORDED YESTERDAY.
  NO SIGNIFICANT WEATHER WAS OBSERVED.


RELATIVE HUMIDITY (PERCENT)
 HIGHEST    78          1100 PM
 LOWEST     45           100 PM
 AVERAGE    62

..........................................................


THE ST. LOUIS CLIMATE NORMALS FOR TODAY
                         NORMAL    RECORD    YEAR
 MAXIMUM TEMPERATURE (F)   79        93      1953
                                             1911
 MINIMUM TEMPERATURE (F)   60        38      1925


SUNRISE AND SUNSET
MAY 25 2016...........SUNRISE   542 AM CDT   SUNSET   816 PM CDT
MAY 26 2016...........SUNRISE   541 AM CDT   SUNSET   817 PM CDT


-  INDICATES NEGATIVE NUMBERS.
R  INDICATES RECORD WAS SET OR TIED.
MM INDICATES DATA IS MISSING.
T  INDICATES TRACE AMOUNT.




$$
