000
CDUS43 KLSX 300731
CLISTL


CLIMATE REPORT
NATIONAL WEATHER SERVICE ST LOUIS MO
228 AM CDT THU OCT 30 2014


...................................

...THE ST. LOUIS CLIMATE SUMMARY FOR OCTOBER 29 2014...

CLIMATE NORMAL PERIOD 1981 TO 2010
CLIMATE RECORD PERIOD 1874 TO 2014


WEATHER ITEM   OBSERVED TIME   RECORD YEAR NORMAL DEPARTURE LAST
                VALUE   (LST)  VALUE       VALUE  FROM      YEAR
                                                  NORMAL
..................................................................
TEMPERATURE (F)
 YESTERDAY
  MAXIMUM         59    332 PM  85    1937  64     -5       59
  MINIMUM         43   1159 PM  24    1952  45     -2       47
                                      1925
  AVERAGE         51                        55     -4       53

PRECIPITATION (IN)
  YESTERDAY        0.00          1.41 2009   0.11  -0.11     0.13
  MONTH TO DATE    5.08                      3.12   1.96     1.59
  SINCE SEP 1      9.28                      6.25   3.03     4.33
  SINCE JAN 1     38.25                     34.00   4.25    38.94

SNOWFALL (IN)
  YESTERDAY        0.0           0.3  1913   0.0    0.0      0.0
  MONTH TO DATE    0.0                       0.0    0.0      0.0
  SINCE SEP 1      0.0                       0.0    0.0      0.0
  SINCE JUL 1      0.0                       0.0    0.0      0.0
  SNOW DEPTH       0

DEGREE DAYS
 HEATING
  YESTERDAY       14                        11      3       12
  MONTH TO DATE  160                       211    -51      234
  SINCE SEP 1    199                       251    -52      237
  SINCE JUL 1    199                       252    -53      237

 COOLING
  YESTERDAY        0                         1     -1        0
  MONTH TO DATE   34                        43     -9       63
  SINCE SEP 1    227                       245    -18      342
  SINCE JAN 1   1732                      1644     88     1728
..................................................................


WIND (MPH)
  HIGHEST WIND SPEED    17   HIGHEST WIND DIRECTION     W (280)
  HIGHEST GUST SPEED    22   HIGHEST GUST DIRECTION    NW (310)
  AVERAGE WIND SPEED     5.7


SKY COVER
  AVERAGE SKY COVER 0.1


WEATHER CONDITIONS
 THE FOLLOWING WEATHER WAS RECORDED YESTERDAY.
  NO SIGNIFICANT WEATHER WAS OBSERVED.


RELATIVE HUMIDITY (PERCENT)
 HIGHEST    76           500 AM
 LOWEST     40           300 PM
 AVERAGE    58

..........................................................


THE ST. LOUIS CLIMATE NORMALS FOR TODAY
                         NORMAL    RECORD    YEAR
 MAXIMUM TEMPERATURE (F)   64        90      1950
 MINIMUM TEMPERATURE (F)   45        21      1925


SUNRISE AND SUNSET
OCTOBER 30 2014.......SUNRISE   726 AM CDT   SUNSET   604 PM CDT
OCTOBER 31 2014.......SUNRISE   727 AM CDT   SUNSET   602 PM CDT


-  INDICATES NEGATIVE NUMBERS.
R  INDICATES RECORD WAS SET OR TIED.
MM INDICATES DATA IS MISSING.
T  INDICATES TRACE AMOUNT.




$$
