000
CDUS43 KFSD 300626
CLISUX


CLIMATE REPORT
NATIONAL WEATHER SERVICE SIOUX FALLS SD
126 AM CDT TUE AUG 30 2016


...................................

...THE SIOUX CITY IA CLIMATE SUMMARY FOR AUGUST 29 2016...

CLIMATE NORMAL PERIOD 1981 TO 2010
CLIMATE RECORD PERIOD 1889 TO 2016


WEATHER ITEM   OBSERVED TIME   RECORD YEAR NORMAL DEPARTURE LAST
                VALUE   (LST)  VALUE       VALUE  FROM      YEAR
                                                  NORMAL
..................................................................
TEMPERATURE (F)
 YESTERDAY
  MAXIMUM         85    539 PM 101    2012  82      3       72
  MINIMUM         67    617 AM  40    1946  58      9       61
  AVERAGE         76                        70      6       67

PRECIPITATION (IN)
  YESTERDAY        0.12          3.16 1993   0.11   0.01     0.00
  MONTH TO DATE    5.03                      3.01   2.02     5.97
  SINCE JUN 1      8.60                     10.34  -1.74    15.84
  SINCE JAN 1     24.33                     20.32   4.01    23.74

SNOWFALL (IN)
  YESTERDAY        0.0           0.0    MM   0.0    0.0      0.0
  MONTH TO DATE    0.0                       0.0    0.0      0.0
  SINCE JUN 1      0.0                       0.0    0.0      0.0
  SINCE JUL 1      0.0                       0.0    0.0      0.0
  SNOW DEPTH       0

DEGREE DAYS
 HEATING
  YESTERDAY        0                         1     -1        0
  MONTH TO DATE    0                         7     -7       20
  SINCE JUN 1      0                        37    -37       25
  SINCE JUL 1      0                        10    -10       23

 COOLING
  YESTERDAY       11                         6      5        2
  MONTH TO DATE  270                       222     48      181
  SINCE JUN 1    952                       703    249      678
  SINCE JAN 1   1004                       767    237      707
..................................................................


WIND (MPH)
  HIGHEST WIND SPEED    24   HIGHEST WIND DIRECTION    SW (210)
  HIGHEST GUST SPEED    29   HIGHEST GUST DIRECTION    SW (210)
  AVERAGE WIND SPEED     6.1


SKY COVER
  POSSIBLE SUNSHINE  MM
  AVERAGE SKY COVER 0.1


WEATHER CONDITIONS
 THE FOLLOWING WEATHER WAS RECORDED YESTERDAY.
  THUNDERSTORM
  RAIN
  LIGHT RAIN
  FOG


RELATIVE HUMIDITY (PERCENT)
 HIGHEST    93           200 AM
 LOWEST     65           400 PM
 AVERAGE    79

..........................................................


THE SIOUX CITY IA CLIMATE NORMALS FOR TODAY
                         NORMAL    RECORD    YEAR
 MAXIMUM TEMPERATURE (F)   81       102      2012
 MINIMUM TEMPERATURE (F)   58        38      1915


SUNRISE AND SUNSET
AUGUST 30 2016........SUNRISE   649 AM CDT   SUNSET   802 PM CDT
AUGUST 31 2016........SUNRISE   650 AM CDT   SUNSET   800 PM CDT


-  INDICATES NEGATIVE NUMBERS.
R  INDICATES RECORD WAS SET OR TIED.
MM INDICATES DATA IS MISSING.
T  INDICATES TRACE AMOUNT.




$$
