000
CDUS43 KFSD 192229
CLISUX


CLIMATE REPORT
NATIONAL WEATHER SERVICE SIOUX FALLS SD
427 PM CST FRI DEC 19 2014


...................................

...THE SIOUX CITY IA CLIMATE SUMMARY FOR DECEMBER 19 2014...
VALID TODAY AS OF 0400 PM LOCAL TIME.

CLIMATE NORMAL PERIOD 1981 TO 2010
CLIMATE RECORD PERIOD 1889 TO 2014


WEATHER ITEM   OBSERVED TIME   RECORD YEAR NORMAL DEPARTURE LAST
                VALUE   (LST)  VALUE       VALUE  FROM      YEAR
                                                  NORMAL
..................................................................
TEMPERATURE (F)
 TODAY
  MAXIMUM         35    310 PM  54    1979  31      4       35
                                      1894
  MINIMUM         30   1247 AM -19    1983  12     18       14
  AVERAGE         33                        21     12       25

PRECIPITATION (IN)
  TODAY            0.00          0.40 2008   0.02  -0.02      T
  MONTH TO DATE    0.49                      0.53  -0.04     0.16
  SINCE DEC 1      0.49                      0.53  -0.04     0.16
  SINCE JAN 1     40.45                     27.47  12.98    26.61

SNOWFALL (IN)
  TODAY            0.0           6.1  2008   0.3   -0.3       T
  MONTH TO DATE    T                         5.0   -5.0      2.1
  SINCE DEC 1      T                         5.0   -5.0      2.1
  SINCE JUL 1      4.5                      10.4   -5.9      3.0
  SNOW DEPTH       0

DEGREE DAYS
 HEATING
  TODAY           32                        44    -12       40
  MONTH TO DATE  635                       782   -147      880
  SINCE DEC 1    635                       782   -147      880
  SINCE JUL 1   2130                      2258   -128     2304

 COOLING
  TODAY            0                         0      0        0
  MONTH TO DATE    0                         0      0        0
  SINCE DEC 1      0                         0      0        0
  SINCE JAN 1    862                       869     -7      960
..................................................................


WIND (MPH)
  HIGHEST WIND SPEED    17   HIGHEST WIND DIRECTION     S (190)
  HIGHEST GUST SPEED    22   HIGHEST GUST DIRECTION     S (200)
  AVERAGE WIND SPEED     8.9


SKY COVER
  POSSIBLE SUNSHINE  MM
  AVERAGE SKY COVER 1.0


WEATHER CONDITIONS
 THE FOLLOWING WEATHER WAS RECORDED TODAY.
  FOG
  HAZE


RELATIVE HUMIDITY (PERCENT)
 HIGHEST    92           400 AM
 LOWEST     75           300 PM
 AVERAGE    84

..........................................................


THE SIOUX CITY IA CLIMATE NORMALS FOR TOMORROW
                         NORMAL    RECORD    YEAR
 MAXIMUM TEMPERATURE (F)   31        56      1900
                                             1894
 MINIMUM TEMPERATURE (F)   12       -17      1961


SUNRISE AND SUNSET
DECEMBER 19 2014......SUNRISE   750 AM CST   SUNSET   455 PM CST
DECEMBER 20 2014......SUNRISE   751 AM CST   SUNSET   455 PM CST


-  INDICATES NEGATIVE NUMBERS.
R  INDICATES RECORD WAS SET OR TIED.
MM INDICATES DATA IS MISSING.
T  INDICATES TRACE AMOUNT.




$$
