000
CDUS43 KFSD 290639
CLISUX


CLIMATE REPORT
NATIONAL WEATHER SERVICE SIOUX FALLS SD
138 AM CDT WED MAR 29 2017


...................................

...THE SIOUX CITY IA CLIMATE SUMMARY FOR MARCH 28 2017...

CLIMATE NORMAL PERIOD 1981 TO 2010
CLIMATE RECORD PERIOD 1889 TO 2017


WEATHER ITEM   OBSERVED TIME   RECORD YEAR NORMAL DEPARTURE LAST
                VALUE   (LST)  VALUE       VALUE  FROM      YEAR
                                                  NORMAL
..................................................................
TEMPERATURE (F)
 YESTERDAY
  MAXIMUM         63    339 PM  83    1986  54      9       66
  MINIMUM         27    602 AM   9    1969  30     -3       26
  AVERAGE         45                        42      3       46

PRECIPITATION (IN)
  YESTERDAY        0.00          1.68 1940   0.09  -0.09     0.00
  MONTH TO DATE    1.07                      1.73  -0.66     2.78
  SINCE MAR 1      1.07                      1.73  -0.66     2.78
  SINCE JAN 1      2.66                      3.02  -0.36     4.62

SNOWFALL (IN)
  YESTERDAY        0.0          16.0  1890   0.1   -0.1      0.0
  MONTH TO DATE    3.1                       6.0   -2.9     14.5
  SINCE MAR 1      3.1                       6.0   -2.9     14.5
  SINCE JUL 1     28.6                      32.5   -3.9     57.6
  SNOW DEPTH       0

DEGREE DAYS
 HEATING
  YESTERDAY       20                        23     -3       19
  MONTH TO DATE  708                       817   -109      589
  SINCE MAR 1    708                       817   -109      589
  SINCE JUL 1   4945                      6111  -1166     5048

 COOLING
  YESTERDAY        0                         0      0        0
  MONTH TO DATE    0                         0      0        0
  SINCE MAR 1      0                         0      0        0
  SINCE JAN 1      0                         0      0        0
..................................................................


WIND (MPH)
  HIGHEST WIND SPEED    17   HIGHEST WIND DIRECTION     E (90)
  HIGHEST GUST SPEED    23   HIGHEST GUST DIRECTION     E (90)
  AVERAGE WIND SPEED     6.4


SKY COVER
  POSSIBLE SUNSHINE  MM
  AVERAGE SKY COVER 0.2


WEATHER CONDITIONS
 THE FOLLOWING WEATHER WAS RECORDED YESTERDAY.
  FOG
  FOG W/VISIBILITY <= 1/4 MILE


RELATIVE HUMIDITY (PERCENT)
 HIGHEST   100           200 AM
 LOWEST     36           400 PM
 AVERAGE    68

..........................................................


THE SIOUX CITY IA CLIMATE NORMALS FOR TODAY
                         NORMAL    RECORD    YEAR
 MAXIMUM TEMPERATURE (F)   54        89      1986
 MINIMUM TEMPERATURE (F)   30         5      1969


SUNRISE AND SUNSET
MARCH 29 2017.........SUNRISE   713 AM CDT   SUNSET   748 PM CDT
MARCH 30 2017.........SUNRISE   711 AM CDT   SUNSET   750 PM CDT


-  INDICATES NEGATIVE NUMBERS.
R  INDICATES RECORD WAS SET OR TIED.
MM INDICATES DATA IS MISSING.
T  INDICATES TRACE AMOUNT.




$$
