000
CDUS43 KFSD 270654
CLISUX


CLIMATE REPORT
NATIONAL WEATHER SERVICE SIOUX FALLS SD
153 AM CDT SAT MAY 27 2017


...................................

...THE SIOUX CITY IA CLIMATE SUMMARY FOR MAY 26 2017...

CLIMATE NORMAL PERIOD 1981 TO 2010
CLIMATE RECORD PERIOD 1889 TO 2017


WEATHER ITEM   OBSERVED TIME   RECORD YEAR NORMAL DEPARTURE LAST
                VALUE   (LST)  VALUE       VALUE  FROM      YEAR
                                                  NORMAL
..................................................................
TEMPERATURE (F)
 YESTERDAY
  MAXIMUM         79    351 PM  95    1914  76      3       82
  MINIMUM         56   1159 PM  34    1992  52      4       53
  AVERAGE         68                        64      4       68

PRECIPITATION (IN)
  YESTERDAY        0.00          1.73 1912   0.13  -0.13     0.13
  MONTH TO DATE    3.44                      3.10   0.34     3.69
  SINCE MAR 1      7.88                      8.05  -0.17    12.56
  SINCE JAN 1      9.47                      9.34   0.13    14.40

SNOWFALL (IN)
  YESTERDAY        0.0           0.0    MM   0.0    0.0      0.0
  MONTH TO DATE    T                         0.2   -0.2      0.0
  SINCE MAR 1      3.1                       8.5   -5.4     14.5
  SINCE JUL 1     28.6                      35.0   -6.4     57.6
  SNOW DEPTH       0

DEGREE DAYS
 HEATING
  YESTERDAY        0                         3     -3        0
  MONTH TO DATE  174                       167      7      169
  SINCE MAR 1   1382                      1525   -143     1196
  SINCE JUL 1   5619                      6819  -1200     5655

 COOLING
  YESTERDAY        3                         3      0        3
  MONTH TO DATE   37                        39     -2       28
  SINCE MAR 1     38                        50    -12       28
  SINCE JAN 1     38                        50    -12       28
..................................................................


WIND (MPH)
  HIGHEST WIND SPEED    24   HIGHEST WIND DIRECTION    NW (330)
  HIGHEST GUST SPEED    30   HIGHEST GUST DIRECTION    NW (320)
  AVERAGE WIND SPEED    10.8


SKY COVER
  POSSIBLE SUNSHINE  MM
  AVERAGE SKY COVER 0.2


WEATHER CONDITIONS
 THE FOLLOWING WEATHER WAS RECORDED YESTERDAY.
  NO SIGNIFICANT WEATHER WAS OBSERVED.


RELATIVE HUMIDITY (PERCENT)
 HIGHEST    93           400 AM
 LOWEST     35           400 PM
 AVERAGE    64

..........................................................


THE SIOUX CITY IA CLIMATE NORMALS FOR TODAY
                         NORMAL    RECORD    YEAR
 MAXIMUM TEMPERATURE (F)   76        92      1895
 MINIMUM TEMPERATURE (F)   53        34      1992


SUNRISE AND SUNSET
MAY 27 2017...........SUNRISE   554 AM CDT   SUNSET   852 PM CDT
MAY 28 2017...........SUNRISE   553 AM CDT   SUNSET   853 PM CDT


-  INDICATES NEGATIVE NUMBERS.
R  INDICATES RECORD WAS SET OR TIED.
MM INDICATES DATA IS MISSING.
T  INDICATES TRACE AMOUNT.




$$
