000
CDUS43 KFSD 240624
CLISUX


CLIMATE REPORT
NATIONAL WEATHER SERVICE SIOUX FALLS SD
1223 AM CST WED JAN 24 2018


...................................

...THE SIOUX CITY IA CLIMATE SUMMARY FOR JANUARY 23 2018...

CLIMATE NORMAL PERIOD 1981 TO 2010
CLIMATE RECORD PERIOD 1889 TO 2018


WEATHER ITEM   OBSERVED TIME   RECORD YEAR NORMAL DEPARTURE LAST
                VALUE   (LST)  VALUE       VALUE  FROM      YEAR
                                                  NORMAL
..................................................................
TEMPERATURE (F)
 YESTERDAY
  MAXIMUM         27   1244 AM  60    1981  31     -4       35
  MINIMUM         13   1135 PM -23    1948  10      3       32
  AVERAGE         20                        21     -1       34

PRECIPITATION (IN)
  YESTERDAY        T             0.52 1949   0.02  -0.02     0.00
  MONTH TO DATE    1.35                      0.46   0.89     0.37
  SINCE DEC 1      1.74                      1.26   0.48     1.85
  SINCE JAN 1      1.35                      0.46   0.89     0.37

SNOWFALL (IN)
  YESTERDAY        T             4.3  1972   0.3   -0.3      0.0
  MONTH TO DATE   12.9                       4.9    8.0      1.0
  SINCE DEC 1     20.2                      12.7    7.5      5.5
  SINCE JUL 1     20.2                      18.1    2.1      6.5
  SNOW DEPTH      12

DEGREE DAYS
 HEATING
  YESTERDAY       45                        44      1       31
  MONTH TO DATE 1082                      1034     48      948
  SINCE DEC 1   2360                      2350     10     2188
  SINCE JUL 1   3679                      3826   -147     3132

 COOLING
  YESTERDAY        0                         0      0        0
  MONTH TO DATE    0                         0      0        0
  SINCE DEC 1      0                         0      0        0
  SINCE JAN 1      0                         0      0        0
..................................................................


WIND (MPH)
  HIGHEST WIND SPEED    28   HIGHEST WIND DIRECTION    NW (330)
  HIGHEST GUST SPEED    33   HIGHEST GUST DIRECTION    NW (330)
  AVERAGE WIND SPEED    10.8


SKY COVER
  POSSIBLE SUNSHINE  MM
  AVERAGE SKY COVER 0.9


WEATHER CONDITIONS
 THE FOLLOWING WEATHER WAS RECORDED YESTERDAY.
  LIGHT SNOW
  FOG
  FOG W/VISIBILITY <= 1/4 MILE


RELATIVE HUMIDITY (PERCENT)
 HIGHEST   100           800 PM
 LOWEST     88           400 AM
 AVERAGE    94

..........................................................


THE SIOUX CITY IA CLIMATE NORMALS FOR TODAY
                         NORMAL    RECORD    YEAR
 MAXIMUM TEMPERATURE (F)   31        70      1981
 MINIMUM TEMPERATURE (F)   10       -26      1894


SUNRISE AND SUNSET
JANUARY 24 2018.......SUNRISE   746 AM CST   SUNSET   529 PM CST
JANUARY 25 2018.......SUNRISE   746 AM CST   SUNSET   531 PM CST


-  INDICATES NEGATIVE NUMBERS.
R  INDICATES RECORD WAS SET OR TIED.
MM INDICATES DATA IS MISSING.
T  INDICATES TRACE AMOUNT.




$$
