000
CDUS41 KBGM 272116
CLISYR


CLIMATE REPORT
NATIONAL WEATHER SERVICE BINGHAMTON NY
516 PM EDT MON MAR 27 2017


...................................

...THE SYRACUSE NY CLIMATE SUMMARY FOR MARCH 27 2017...
VALID TODAY AS OF 0500 PM LOCAL TIME.

CLIMATE NORMAL PERIOD 1981 TO 2010
CLIMATE RECORD PERIOD 1902 TO 2017


WEATHER ITEM   OBSERVED TIME   RECORD YEAR NORMAL DEPARTURE LAST
                VALUE   (LST)  VALUE       VALUE  FROM      YEAR
                                                  NORMAL
..................................................................
TEMPERATURE (F)
 TODAY
  MAXIMUM         53    347 PM  80    1989  48      5       64
                                      1921
  MINIMUM         37    628 AM  13    1966  29      8       29
  AVERAGE         45                        38      7       47

PRECIPITATION (IN)
  TODAY            0.17          1.31 1950   0.10   0.07     0.00
  MONTH TO DATE    2.74                      2.54   0.20     2.09
  SINCE MAR 1      2.74                      2.54   0.20     2.09
  SINCE JAN 1      9.32                      7.11   2.21     8.61

SNOWFALL (IN)
  TODAY            0.0          13.4  1955   0.3   -0.3      0.0
  MONTH TO DATE   30.7                      16.8   13.9      5.4
  SINCE MAR 1     30.7                      16.8   13.9      5.4
  SINCE JUL 1    134.4                     118.7   15.7     72.2
  SNOW DEPTH       0

DEGREE DAYS
 HEATING
  TODAY           20                        27     -7       18
  MONTH TO DATE  967                       855    112      701
  SINCE MAR 1    967                       855    112      701
  SINCE JUL 1   5236                      5686   -450     4800

 COOLING
  TODAY            0                         0      0        0
  MONTH TO DATE    0                         0      0        0
  SINCE MAR 1      0                         0      0        0
  SINCE JAN 1      0                         0      0        0
..................................................................


WIND (MPH)
  HIGHEST WIND SPEED    16   HIGHEST WIND DIRECTION    SE (140)
  HIGHEST GUST SPEED    21   HIGHEST GUST DIRECTION    SE (140)
  AVERAGE WIND SPEED     6.0


SKY COVER
  POSSIBLE SUNSHINE  MM
  AVERAGE SKY COVER 0.9


WEATHER CONDITIONS
 THE FOLLOWING WEATHER WAS RECORDED TODAY.
  RAIN
  LIGHT RAIN
  FOG


RELATIVE HUMIDITY (PERCENT)
 HIGHEST   100           600 AM
 LOWEST     77           100 PM
 AVERAGE    89

..........................................................


THE SYRACUSE NY CLIMATE NORMALS FOR TOMORROW
                         NORMAL    RECORD    YEAR
 MAXIMUM TEMPERATURE (F)   48        84      1945
 MINIMUM TEMPERATURE (F)   29         3      1923


SUNRISE AND SUNSET
MARCH 27 2017.........SUNRISE   655 AM EDT   SUNSET   725 PM EDT
MARCH 28 2017.........SUNRISE   653 AM EDT   SUNSET   727 PM EDT


-  INDICATES NEGATIVE NUMBERS.
R  INDICATES RECORD WAS SET OR TIED.
MM INDICATES DATA IS MISSING.
T  INDICATES TRACE AMOUNT.

$$
