000
CDUS41 KBGM 240523
CLISYR


CLIMATE REPORT
NATIONAL WEATHER SERVICE BINGHAMTON NY
1222 AM EST TUE JAN 24 2017


...................................

...THE SYRACUSE NY CLIMATE SUMMARY FOR JANUARY 23 2017...

CLIMATE NORMAL PERIOD 1981 TO 2010
CLIMATE RECORD PERIOD 1902 TO 2017


WEATHER ITEM   OBSERVED TIME   RECORD YEAR NORMAL DEPARTURE LAST
                VALUE   (LST)  VALUE       VALUE  FROM      YEAR
                                                  NORMAL
..................................................................
TEMPERATURE (F)
 YESTERDAY
  MAXIMUM         42    116 AM  68    1906  31     11       24
  MINIMUM         31   1159 PM -18    1976  15     16        3
  AVERAGE         37                        23     14       14

PRECIPITATION (IN)
  YESTERDAY        0.06          1.00 1998   0.07  -0.01     0.00
  MONTH TO DATE    2.42                      1.92   0.50     1.63
  SINCE DEC 1      5.66                      5.14   0.52     6.46
  SINCE JAN 1      2.42                      1.92   0.50     1.63

SNOWFALL (IN)
  YESTERDAY        T             8.7  1966   1.1   -1.1      0.0
  MONTH TO DATE    4.8                      25.2  -20.4     37.8
  SINCE DEC 1     42.0                      57.9  -15.9     39.9
  SINCE JUL 1     67.4                      67.8   -0.4     40.7
  SNOW DEPTH       0

DEGREE DAYS
 HEATING
  YESTERDAY       28                        42    -14       51
  MONTH TO DATE  815                       953   -138      934
  SINCE DEC 1   1906                      2057   -151     1665
  SINCE JUL 1   3100                      3406   -306     2750

 COOLING
  YESTERDAY        0                         0      0        0
  MONTH TO DATE    0                         0      0        0
  SINCE DEC 1      0                         0      0        0
  SINCE JAN 1      0                         0      0        0
..................................................................


WIND (MPH)
  HIGHEST WIND SPEED    24   HIGHEST WIND DIRECTION     E (80)
  HIGHEST GUST SPEED    33   HIGHEST GUST DIRECTION     E (90)
  AVERAGE WIND SPEED    13.9


SKY COVER
  POSSIBLE SUNSHINE  MM
  AVERAGE SKY COVER 0.9


WEATHER CONDITIONS
 THE FOLLOWING WEATHER WAS RECORDED YESTERDAY.
  LIGHT RAIN
  LT FREEZING RAIN
  SNOW


RELATIVE HUMIDITY (PERCENT)
 HIGHEST    92           300 AM
 LOWEST     64           300 PM
 AVERAGE    78

..........................................................


THE SYRACUSE NY CLIMATE NORMALS FOR TODAY
                         NORMAL    RECORD    YEAR
 MAXIMUM TEMPERATURE (F)   31        61      1953
 MINIMUM TEMPERATURE (F)   15       -14      1907


SUNRISE AND SUNSET
JANUARY 24 2017.......SUNRISE   727 AM EST   SUNSET   507 PM EST
JANUARY 25 2017.......SUNRISE   726 AM EST   SUNSET   508 PM EST


-  INDICATES NEGATIVE NUMBERS.
R  INDICATES RECORD WAS SET OR TIED.
MM INDICATES DATA IS MISSING.
T  INDICATES TRACE AMOUNT.




$$
