000
CDUS41 KBGM 290803
CLISYR


CLIMATE REPORT
NATIONAL WEATHER SERVICE BINGHAMTON NY
403 AM EDT TUE JUL 29 2014


...................................

...THE SYRACUSE NY CLIMATE SUMMARY FOR JULY 28 2014...

CLIMATE NORMAL PERIOD 1981 TO 2010
CLIMATE RECORD PERIOD 1902 TO 2014


WEATHER ITEM   OBSERVED TIME   RECORD YEAR NORMAL DEPARTURE LAST
                VALUE   (LST)  VALUE       VALUE  FROM      YEAR
                                                  NORMAL
..................................................................
TEMPERATURE (F)
 YESTERDAY
  MAXIMUM         71    106 AM  96    1964  82    -11       75
  MINIMUM         57   1159 PM  46    1977  61     -4       61
  AVERAGE         64                        71     -7       68

PRECIPITATION (IN)
  YESTERDAY        2.16          2.61 1939   0.13   2.03     0.94
  MONTH TO DATE    4.86                      3.43   1.43     3.25
  SINCE JUN 1      7.60                      6.74   0.86    10.05
  SINCE JAN 1     24.98                     20.67   4.31    23.99

SNOWFALL (IN)
  YESTERDAY        0.0           0.0  2002   0.0    0.0      0.0
                                      2000
                                      2001
  MONTH TO DATE    0.0                       0.0    0.0      0.0
  SINCE JUN 1      0.0                       0.0    0.0      0.0
  SINCE JUL 1      0.0                       0.0    0.0      0.0
  SNOW DEPTH       0

DEGREE DAYS
 HEATING
  YESTERDAY        1                         0      1        0
  MONTH TO DATE    1                         2     -1        3
  SINCE JUN 1     24                        63    -39       64
  SINCE JUL 1      1                         2     -1        3

 COOLING
  YESTERDAY        0                         7     -7        3
  MONTH TO DATE  207                       188     19      295
  SINCE JUN 1    354                       301     53      419
  SINCE JAN 1    410                       331     79      471
..................................................................


WIND (MPH)
  HIGHEST WIND SPEED    18   HIGHEST WIND DIRECTION    NW (330)
  HIGHEST GUST SPEED    26   HIGHEST GUST DIRECTION    NW (320)
  AVERAGE WIND SPEED     8.2


SKY COVER
  POSSIBLE SUNSHINE  MM
  AVERAGE SKY COVER 1.0


WEATHER CONDITIONS
 THE FOLLOWING WEATHER WAS RECORDED YESTERDAY.
  HEAVY RAIN
  RAIN
  LIGHT RAIN
  FOG


RELATIVE HUMIDITY (PERCENT)
 HIGHEST   100           800 AM
 LOWEST     73          1200 AM
 AVERAGE    87

..........................................................


THE SYRACUSE NY CLIMATE NORMALS FOR TODAY
                         NORMAL    RECORD    YEAR
 MAXIMUM TEMPERATURE (F)   82        96      1933
 MINIMUM TEMPERATURE (F)   61        49      1987


SUNRISE AND SUNSET
JULY 29 2014..........SUNRISE   552 AM EDT   SUNSET   829 PM EDT
JULY 30 2014..........SUNRISE   553 AM EDT   SUNSET   828 PM EDT


-  INDICATES NEGATIVE NUMBERS.
R  INDICATES RECORD WAS SET OR TIED.
MM INDICATES DATA IS MISSING.
T  INDICATES TRACE AMOUNT.




$$

HEDEN
