000
CDUS41 KBGM 090735
CLISYR


CLIMATE REPORT
NATIONAL WEATHER SERVICE BINGHAMTON NY
235 AM EST TUE FEB 9 2016


...................................

...THE SYRACUSE NY CLIMATE SUMMARY FOR FEBRUARY 8 2016...

CLIMATE NORMAL PERIOD 1981 TO 2010
CLIMATE RECORD PERIOD 1902 TO 2016


WEATHER ITEM   OBSERVED TIME   RECORD YEAR NORMAL DEPARTURE LAST
                VALUE   (LST)  VALUE       VALUE  FROM      YEAR
                                                  NORMAL
..................................................................
TEMPERATURE (F)
 YESTERDAY
  MAXIMUM         40    326 PM  60    1925  33      7       23
  MINIMUM         26    502 AM -22    1934  17      9       10
  AVERAGE         33                        25      8       17

PRECIPITATION (IN)
  YESTERDAY        T             0.90 1943   0.07  -0.07     0.28
  MONTH TO DATE    0.58                      0.56   0.02     1.10
  SINCE DEC 1      7.12                      6.28   0.84     5.72
  SINCE JAN 1      2.29                      3.06  -0.77     2.70

SNOWFALL (IN)
  YESTERDAY        T             8.8  1951   0.9   -0.9      3.6
  MONTH TO DATE    T                         7.7   -7.7     21.2
  SINCE DEC 1     40.9                      74.4  -33.5     57.0
  SINCE JUL 1     41.7                      84.3  -42.6     68.0
  SNOW DEPTH       0

DEGREE DAYS
 HEATING
  YESTERDAY       32                        40     -8       48
  MONTH TO DATE  229                       326    -97      392
  SINCE DEC 1   2164                      2713   -549     2872
  SINCE JUL 1   3249                      4062   -813     4057

 COOLING
  YESTERDAY        0                         0      0        0
  MONTH TO DATE    0                         0      0        0
  SINCE DEC 1      0                         0      0        0
  SINCE JAN 1      0                         0      0        0
..................................................................


WIND (MPH)
  HIGHEST WIND SPEED    18   HIGHEST WIND DIRECTION     E (90)
  HIGHEST GUST SPEED    23   HIGHEST GUST DIRECTION    SE (130)
  AVERAGE WIND SPEED    10.5


SKY COVER
  POSSIBLE SUNSHINE  MM
  AVERAGE SKY COVER 0.9


WEATHER CONDITIONS
 THE FOLLOWING WEATHER WAS RECORDED YESTERDAY.
  LIGHT SNOW


RELATIVE HUMIDITY (PERCENT)
 HIGHEST    84           700 AM
 LOWEST     43           700 PM
 AVERAGE    64

..........................................................


THE SYRACUSE NY CLIMATE NORMALS FOR TODAY
                         NORMAL    RECORD    YEAR
 MAXIMUM TEMPERATURE (F)   33        59      1925
 MINIMUM TEMPERATURE (F)   17       -24      1934


SUNRISE AND SUNSET
FEBRUARY  9 2016......SUNRISE   711 AM EST   SUNSET   527 PM EST
FEBRUARY 10 2016......SUNRISE   710 AM EST   SUNSET   528 PM EST


-  INDICATES NEGATIVE NUMBERS.
R  INDICATES RECORD WAS SET OR TIED.
MM INDICATES DATA IS MISSING.
T  INDICATES TRACE AMOUNT.




$$

HEDEN
