000
CDUS45 KPUB 281125
CLITAD


CLIMATE REPORT
NATIONAL WEATHER SERVICE PUEBLO
425 AM MST TUE FEB 28 2017


...................................

...THE TRINIDAD CO CLIMATE SUMMARY FOR FEBRUARY 27 2017...

CLIMATE NORMAL PERIOD 1981 TO 2010
CLIMATE RECORD PERIOD 9999 TO 9999


WEATHER ITEM   OBSERVED TIME   NORMAL DEPARTURE LAST
                VALUE   (LST)  VALUE  FROM      YEAR
                                      NORMAL
......................................................
TEMPERATURE (F)
 YESTERDAY
  MAXIMUM         61    238 PM  53      8       73
  MINIMUM         12    630 AM  23    -11       33
  AVERAGE         37            38     -1       53

PRECIPITATION (IN)
  YESTERDAY        0.00          0.02  -0.02     0.00
  MONTH TO DATE    0.06          0.47  -0.41     0.13
  SINCE DEC 1      1.86          1.41   0.45     0.64
  SINCE JAN 1      1.56          0.87   0.69     0.41

DEGREE DAYS
 HEATING
  YESTERDAY       28            27      1       12
  MONTH TO DATE  572           814   -242      664
  SINCE DEC 1   2666          2863   -197     2549
  SINCE JUL 1   3432          4096   -664     3467

 COOLING
  YESTERDAY        0             0      0        0
  MONTH TO DATE    0             0      0        0
  SINCE DEC 1      0             0      0        0
  SINCE JAN 1      0             0      0        0
......................................................


WIND (MPH)
  HIGHEST WIND SPEED    38   HIGHEST WIND DIRECTION     W (270)
  HIGHEST GUST SPEED    49   HIGHEST GUST DIRECTION     W (250)
  AVERAGE WIND SPEED    15.3


SKY COVER
  POSSIBLE SUNSHINE  MM
  AVERAGE SKY COVER 0.0


WEATHER CONDITIONS
 THE FOLLOWING WEATHER WAS RECORDED YESTERDAY.
  NO SIGNIFICANT WEATHER WAS OBSERVED.


RELATIVE HUMIDITY (PERCENT)
 HIGHEST    54           700 AM
 LOWEST      8           300 PM
 AVERAGE    31

..........................................................




SUNRISE AND SUNSET
FEBRUARY 28 2017......SUNRISE   629 AM MST   SUNSET   551 PM MST
MARCH  1 2017.........SUNRISE   628 AM MST   SUNSET   552 PM MST


-  INDICATES NEGATIVE NUMBERS.
R  INDICATES RECORD WAS SET OR TIED.
MM INDICATES DATA IS MISSING.
T  INDICATES TRACE AMOUNT.




$$
