392
CDUS45 KPUB 231145
CLITAD


CLIMATE REPORT
NATIONAL WEATHER SERVICE PUEBLO
444 AM MST MON JAN 23 2017


...................................

...THE TRINIDAD CO CLIMATE SUMMARY FOR JANUARY 22 2017...

CLIMATE NORMAL PERIOD 1981 TO 2010
CLIMATE RECORD PERIOD 9999 TO 9999


WEATHER ITEM   OBSERVED TIME   NORMAL DEPARTURE LAST
                VALUE   (LST)  VALUE  FROM      YEAR
                                      NORMAL
......................................................
TEMPERATURE (F)
 YESTERDAY
  MAXIMUM         43    226 PM  47     -4       53
  MINIMUM         21    640 AM  18      3       21
  AVERAGE         32            32      0       37

PRECIPITATION (IN)
  YESTERDAY        0.00          0.01  -0.01     0.00
  MONTH TO DATE    1.40          0.28   1.12     0.24
  SINCE DEC 1      1.70          0.82   0.88     0.47
  SINCE JAN 1      1.40          0.28   1.12     0.24

DEGREE DAYS
 HEATING
  YESTERDAY       33            32      1       28
  MONTH TO DATE  763           724     39      750
  SINCE DEC 1   1789          1759     30     1663
  SINCE JUL 1   2555          2992   -437     2581

 COOLING
  YESTERDAY        0             0      0        0
  MONTH TO DATE    0             0      0        0
  SINCE DEC 1      0             0      0        0
  SINCE JAN 1      0             0      0        0
......................................................


WIND (MPH)
  HIGHEST WIND SPEED    17   HIGHEST WIND DIRECTION     W (250)
  HIGHEST GUST SPEED    19   HIGHEST GUST DIRECTION    NW (320)
  AVERAGE WIND SPEED     8.4


SKY COVER
  POSSIBLE SUNSHINE  MM
  AVERAGE SKY COVER 0.1


WEATHER CONDITIONS
 THE FOLLOWING WEATHER WAS RECORDED YESTERDAY.
  NO SIGNIFICANT WEATHER WAS OBSERVED.


RELATIVE HUMIDITY (PERCENT)
 HIGHEST    81          1200 AM
 LOWEST     30           200 PM
 AVERAGE    56

..........................................................




SUNRISE AND SUNSET
JANUARY 23 2017.......SUNRISE   706 AM MST   SUNSET   512 PM MST
JANUARY 24 2017.......SUNRISE   706 AM MST   SUNSET   514 PM MST


-  INDICATES NEGATIVE NUMBERS.
R  INDICATES RECORD WAS SET OR TIED.
MM INDICATES DATA IS MISSING.
T  INDICATES TRACE AMOUNT.




$$
