000
CDUS45 KPUB 181056
CLITAD


CLIMATE REPORT
NATIONAL WEATHER SERVICE PUEBLO
456 AM MDT WED OCT 18 2017


...................................

...THE TRINIDAD CO CLIMATE SUMMARY FOR OCTOBER 17 2017...

CLIMATE NORMAL PERIOD 1981 TO 2010
CLIMATE RECORD PERIOD 9999 TO 9999


WEATHER ITEM   OBSERVED TIME   NORMAL DEPARTURE LAST
                VALUE   (LST)  VALUE  FROM      YEAR
                                      NORMAL
......................................................
TEMPERATURE (F)
 YESTERDAY
  MAXIMUM         77    242 PM  68      9       86
  MINIMUM         39    632 AM  36      3       45
  AVERAGE         58            52      6       66

PRECIPITATION (IN)
  YESTERDAY        0.00          0.03  -0.03     0.00
  MONTH TO DATE    0.28          0.45  -0.17      T
  SINCE SEP 1      3.94          1.69   2.25     1.16
  SINCE JAN 1     20.14         12.15   7.99     7.39

DEGREE DAYS
 HEATING
  YESTERDAY        7            13     -6        0
  MONTH TO DATE  142           176    -34       94
  SINCE SEP 1    232           276    -44      139
  SINCE JUL 1    235           286    -51      146

 COOLING
  YESTERDAY        0             0      0        1
  MONTH TO DATE    0             0      0       14
  SINCE SEP 1    111            74     37      144
  SINCE JAN 1    796           716     80      559
......................................................


WIND (MPH)
  HIGHEST WIND SPEED    17   HIGHEST WIND DIRECTION     W (260)
  HIGHEST GUST SPEED    22   HIGHEST GUST DIRECTION     W (260)
  AVERAGE WIND SPEED     8.0


SKY COVER
  POSSIBLE SUNSHINE  MM
  AVERAGE SKY COVER 0.0


WEATHER CONDITIONS
 THE FOLLOWING WEATHER WAS RECORDED YESTERDAY.
  NO SIGNIFICANT WEATHER WAS OBSERVED.


RELATIVE HUMIDITY (PERCENT)
 HIGHEST    49          1100 PM
 LOWEST      9           100 PM
 AVERAGE    29

..........................................................




SUNRISE AND SUNSET
OCTOBER 18 2017.......SUNRISE   708 AM MDT   SUNSET   616 PM MDT
OCTOBER 19 2017.......SUNRISE   709 AM MDT   SUNSET   615 PM MDT


-  INDICATES NEGATIVE NUMBERS.
R  INDICATES RECORD WAS SET OR TIED.
MM INDICATES DATA IS MISSING.
T  INDICATES TRACE AMOUNT.




$$
