000
CDUS45 KPUB 121149
CLITAD


CLIMATE REPORT
NATIONAL WEATHER SERVICE PUEBLO
449 AM MST TUE DEC 12 2017


...................................

...THE TRINIDAD CO CLIMATE SUMMARY FOR DECEMBER 11 2017...

CLIMATE NORMAL PERIOD 1981 TO 2010
CLIMATE RECORD PERIOD 9999 TO 9999


WEATHER ITEM   OBSERVED TIME   NORMAL DEPARTURE LAST
                VALUE   (LST)  VALUE  FROM      YEAR
                                      NORMAL
......................................................
TEMPERATURE (F)
 YESTERDAY
  MAXIMUM         60    219 PM  46     14       48
  MINIMUM         25    906 PM  17      8       28
  AVERAGE         43            32     11       38

PRECIPITATION (IN)
  YESTERDAY        0.00          0.01  -0.01     0.00
  MONTH TO DATE    0.00          0.20  -0.20      T
  SINCE DEC 1      0.00          0.20  -0.20      T
  SINCE JAN 1     20.64         13.50   7.14     7.70

DEGREE DAYS
 HEATING
  YESTERDAY       22            34    -12       27
  MONTH TO DATE  283           357    -74      373
  SINCE DEC 1    283           357    -74      373
  SINCE JUL 1   1250          1590   -340     1139

 COOLING
  YESTERDAY        0             0      0        0
  MONTH TO DATE    0             0      0        0
  SINCE DEC 1      0             0      0        0
  SINCE JAN 1    796           719     77      564
......................................................


WIND (MPH)
  HIGHEST WIND SPEED    18   HIGHEST WIND DIRECTION     W (250)
  HIGHEST GUST SPEED    22   HIGHEST GUST DIRECTION     W (250)
  AVERAGE WIND SPEED    10.7


SKY COVER
  POSSIBLE SUNSHINE  MM
  AVERAGE SKY COVER 0.0


WEATHER CONDITIONS
 THE FOLLOWING WEATHER WAS RECORDED YESTERDAY.
  NO SIGNIFICANT WEATHER WAS OBSERVED.


RELATIVE HUMIDITY (PERCENT)
 HIGHEST    46           900 PM
 LOWEST      9           100 PM
 AVERAGE    28

..........................................................




SUNRISE AND SUNSET
DECEMBER 12 2017......SUNRISE   702 AM MST   SUNSET   440 PM MST
DECEMBER 13 2017......SUNRISE   703 AM MST   SUNSET   440 PM MST


-  INDICATES NEGATIVE NUMBERS.
R  INDICATES RECORD WAS SET OR TIED.
MM INDICATES DATA IS MISSING.
T  INDICATES TRACE AMOUNT.




$$
