000
CDUS44 KBMX 130838
CLITCL


CLIMATE REPORT
NATIONAL WEATHER SERVICE BIRMINGHAM, AL
237 AM CST WED DEC 13 2017


...................................

...THE TUSCALOOSA CLIMATE SUMMARY FOR DECEMBER 12 2017...

CLIMATE NORMAL PERIOD 1981 TO 2010
CLIMATE RECORD PERIOD 1948 TO 2017


WEATHER ITEM   OBSERVED TIME   RECORD YEAR NORMAL DEPARTURE LAST
                VALUE   (LST)  VALUE       VALUE  FROM      YEAR
                                                  NORMAL
..................................................................
TEMPERATURE (F)
 YESTERDAY
  MAXIMUM         56    220 PM  79    1971  58     -2       63
  MINIMUM         34    422 AM   7    1962  37     -3       48
  AVERAGE         45                        47     -2       56

PRECIPITATION (IN)
  YESTERDAY        0.00          1.35 1985   0.15  -0.15     0.06
  MONTH TO DATE    1.00                      2.05  -1.05     1.91
  SINCE DEC 1      1.00                      2.05  -1.05     1.91
  SINCE JAN 1     56.42                     50.03   6.39    36.51

SNOWFALL (IN)
  YESTERDAY        0.0                       0.0    0.0
  MONTH TO DATE    0.0                       0.0    0.0
  SINCE DEC 1      0.0                       0.0    0.0
  SINCE JUL 1      0.0                       0.0    0.0

DEGREE DAYS
 HEATING
  YESTERDAY       20                        18      2
  MONTH TO DATE  210                       197     13
  SINCE DEC 1    210                       197     13
  SINCE JUL 1    594                       634    -40
..................................................................


WIND (MPH)
  HIGHEST WIND SPEED    22   HIGHEST WIND DIRECTION     N (360)
  HIGHEST GUST SPEED    28   HIGHEST GUST DIRECTION     N (360)
  AVERAGE WIND SPEED     7.4


SKY COVER
  AVERAGE SKY COVER 0.0


WEATHER CONDITIONS
 THE FOLLOWING WEATHER WAS RECORDED YESTERDAY.
  NO SIGNIFICANT WEATHER WAS OBSERVED.


RELATIVE HUMIDITY (PERCENT)
 HIGHEST   100           200 AM
 LOWEST     38           400 PM
 AVERAGE    69

..........................................................


THE TUSCALOOSA CLIMATE NORMALS FOR TODAY
                         NORMAL    RECORD    YEAR
 MAXIMUM TEMPERATURE (F)   58        76      2015
                                             1991
 MINIMUM TEMPERATURE (F)   37         3      1962


SUNRISE AND SUNSET
DECEMBER 13 2017......SUNRISE   645 AM CST   SUNSET   444 PM CST
DECEMBER 14 2017......SUNRISE   646 AM CST   SUNSET   445 PM CST


-  INDICATES NEGATIVE NUMBERS.
R  INDICATES RECORD WAS SET OR TIED.
MM INDICATES DATA IS MISSING.
T  INDICATES TRACE AMOUNT.




$$
