000
CDUS44 KBMX 232214
CLITCL


CLIMATE REPORT
NATIONAL WEATHER SERVICE BIRMINGHAM, AL
513 PM CDT WED AUG 23 2017


...................................

...THE TUSCALOOSA CLIMATE SUMMARY FOR AUGUST 23 2017...
VALID TODAY AS OF 0500 PM LOCAL TIME.

CLIMATE NORMAL PERIOD 1981 TO 2010
CLIMATE RECORD PERIOD 1948 TO 2017


WEATHER ITEM   OBSERVED TIME   RECORD YEAR NORMAL DEPARTURE LAST
                VALUE   (LST)  VALUE       VALUE  FROM      YEAR
                                                  NORMAL
..................................................................
TEMPERATURE (F)
 TODAY
  MAXIMUM         90    254 PM 103    2007  92     -2       92
  MINIMUM         74    520 AM  55    1956  70      4       71
  AVERAGE         82                        81      1       82

PRECIPITATION (IN)
  TODAY            0.00          1.51 1992   0.10  -0.10     0.00
  MONTH TO DATE    5.98                      2.50   3.48     2.88
  SINCE JUN 1     21.81                     11.67  10.14    11.33
  SINCE JAN 1     47.80                     35.07  12.73    31.74

DEGREE DAYS
 COOLING
  TODAY           17                        16      1
  MONTH TO DATE  371                       384    -13
  SINCE JUN 1   1276                      1305    -29
  SINCE JAN 1   1673                      1616     57
..................................................................


WIND (MPH)
  HIGHEST WIND SPEED    14   HIGHEST WIND DIRECTION     N (10)
  HIGHEST GUST SPEED    17   HIGHEST GUST DIRECTION     N (10)
  AVERAGE WIND SPEED     5.0


SKY COVER
  AVERAGE SKY COVER 0.2


WEATHER CONDITIONS
 THE FOLLOWING WEATHER WAS RECORDED TODAY.
  FOG


RELATIVE HUMIDITY (PERCENT)
 HIGHEST   100          1200 AM
 LOWEST     56           200 PM
 AVERAGE    78

..........................................................


THE TUSCALOOSA CLIMATE NORMALS FOR TOMORROW
                         NORMAL    RECORD    YEAR
 MAXIMUM TEMPERATURE (F)   92       101      2011
 MINIMUM TEMPERATURE (F)   70        57      2009


SUNRISE AND SUNSET
AUGUST 23 2017........SUNRISE   619 AM CDT   SUNSET   727 PM CDT
AUGUST 24 2017........SUNRISE   620 AM CDT   SUNSET   725 PM CDT


-  INDICATES NEGATIVE NUMBERS.
R  INDICATES RECORD WAS SET OR TIED.
MM INDICATES DATA IS MISSING.
T  INDICATES TRACE AMOUNT.




$$
