000
CDUS44 KBMX 152115
CLITCL


CLIMATE REPORT
NATIONAL WEATHER SERVICE BIRMINGHAM, AL
415 PM CDT TUE APR 15 2014


...................................

...THE TUSCALOOSA CLIMATE SUMMARY FOR APRIL 15 2014...
VALID AS OF 0400 PM LOCAL TIME.

CLIMATE NORMAL PERIOD 1981 TO 2010
CLIMATE RECORD PERIOD 1948 TO 2014


WEATHER ITEM   OBSERVED TIME   RECORD YEAR NORMAL DEPARTURE LAST
                VALUE   (LST)  VALUE       VALUE  FROM      YEAR
                                                  NORMAL
..................................................................
TEMPERATURE (F)
 TODAY
  MAXIMUM         56    242 PM  88    1972  76    -20       80
  MINIMUM         42    754 AM  31    2008  50     -8       58
  AVERAGE         49                        63    -14       69

PRECIPITATION (IN)
  TODAY            0.08          2.42 2011   0.14  -0.06     0.00
  MONTH TO DATE    6.30                      2.17   4.13     2.07
  SINCE MAR 1     11.58                      6.71   4.87     6.82
  SINCE JAN 1     19.30                     17.38   1.92    17.59

SNOWFALL (IN)
  TODAY            0.0                       0.0    0.0
  MONTH TO DATE    0.0                       0.0    0.0
  SINCE MAR 1      0.0                       0.3   -0.3
  SINCE JUL 1      0.8                       0.7    0.1
  SNOW DEPTH       0

DEGREE DAYS

 COOLING
  TODAY            0                         2     -2
  MONTH TO DATE   15                        23     -8
  SINCE MAR 1     16                        41    -25
  SINCE JAN 1     23                        46    -23
..................................................................


WIND (MPH)
  HIGHEST WIND SPEED    23   HIGHEST WIND DIRECTION     N (350)
  HIGHEST GUST SPEED    29   HIGHEST GUST DIRECTION     N (340)
  AVERAGE WIND SPEED    13.5


SKY COVER
  AVERAGE SKY COVER 0.8


WEATHER CONDITIONS
 THE FOLLOWING WEATHER WAS RECORDED TODAY.
  LIGHT RAIN
  FOG


RELATIVE HUMIDITY (PERCENT)
 HIGHEST    96           100 AM
 LOWEST     30           300 PM
 AVERAGE    63

..........................................................


THE TUSCALOOSA CLIMATE NORMALS FOR TOMORROW
                         NORMAL    RECORD    YEAR
 MAXIMUM TEMPERATURE (F)   76        90      1955
 MINIMUM TEMPERATURE (F)   50        31      1950


SUNRISE AND SUNSET
APRIL 15 2014.........SUNRISE   620 AM CDT   SUNSET   721 PM CDT
APRIL 16 2014.........SUNRISE   619 AM CDT   SUNSET   722 PM CDT


-  INDICATES NEGATIVE NUMBERS.
R  INDICATES RECORD WAS SET OR TIED.
MM INDICATES DATA IS MISSING.
T  INDICATES TRACE AMOUNT.




$$
