000
CDUS44 KBMX 220932
CLITCL


CLIMATE REPORT
NATIONAL WEATHER SERVICE BIRMINGHAM, AL
432 AM CDT TUE JUL 22 2014


...................................

...THE TUSCALOOSA CLIMATE SUMMARY FOR JULY 21 2014...

CLIMATE NORMAL PERIOD 1981 TO 2010
CLIMATE RECORD PERIOD 1948 TO 2014


WEATHER ITEM   OBSERVED TIME   RECORD YEAR NORMAL DEPARTURE LAST
                VALUE   (LST)  VALUE       VALUE  FROM      YEAR
                                                  NORMAL
..................................................................
TEMPERATURE (F)
 YESTERDAY
  MAXIMUM         92    241 PM 104    1952  92      0       92
  MINIMUM         68    533 AM  64    2009  72     -4       74
                                      2004
  AVERAGE         80                        82     -2       83

PRECIPITATION (IN)
  YESTERDAY        0.00          1.46 1953   0.13  -0.13      T
  MONTH TO DATE    0.79                      3.07  -2.28     5.56
  SINCE JUN 1      5.94                      7.84  -1.90    11.24
  SINCE JAN 1     30.98                     31.24  -0.26    33.20

..................................................................


WIND (MPH)
  HIGHEST WIND SPEED    10   HIGHEST WIND DIRECTION    NW (310)
  HIGHEST GUST SPEED    14   HIGHEST GUST DIRECTION     N (10)
  AVERAGE WIND SPEED     2.2


SKY COVER
  AVERAGE SKY COVER 0.4


WEATHER CONDITIONS
 THE FOLLOWING WEATHER WAS RECORDED YESTERDAY.
  FOG


RELATIVE HUMIDITY (PERCENT)
 HIGHEST    93          1200 AM
 LOWEST     44           200 PM
 AVERAGE    69

..........................................................


THE TUSCALOOSA CLIMATE NORMALS FOR TODAY
                         NORMAL    RECORD    YEAR
 MAXIMUM TEMPERATURE (F)   92       102      1951
 MINIMUM TEMPERATURE (F)   72        63      2007


SUNRISE AND SUNSET
JULY 22 2014..........SUNRISE   557 AM CDT   SUNSET   757 PM CDT
JULY 23 2014..........SUNRISE   557 AM CDT   SUNSET   756 PM CDT


-  INDICATES NEGATIVE NUMBERS.
R  INDICATES RECORD WAS SET OR TIED.
MM INDICATES DATA IS MISSING.
T  INDICATES TRACE AMOUNT.




$$
