000
CDUS44 KBMX 300725
CLITCL


CLIMATE REPORT
NATIONAL WEATHER SERVICE BIRMINGHAM, AL
224 AM CDT MON MAY 30 2016


...................................

...THE TUSCALOOSA CLIMATE SUMMARY FOR MAY 29 2016...

CLIMATE NORMAL PERIOD 1994 TO 1994
CLIMATE RECORD PERIOD 1948 TO 2016


WEATHER ITEM   OBSERVED TIME   RECORD YEAR NORMAL DEPARTURE LAST
                VALUE   (LST)  VALUE       VALUE  FROM      YEAR
                                                  NORMAL
..................................................................
TEMPERATURE (F)
 YESTERDAY
  MAXIMUM         92    407 PM  96    2006  86      6       87
  MINIMUM         67   1249 AM  46    1984  64      3       68
  AVERAGE         80                        75      5       78

PRECIPITATION (IN)
  YESTERDAY        0.00          1.75 2005   0.13  -0.13      T
  MONTH TO DATE    0.69                      3.72  -3.03     1.97
  SINCE MAR 1     10.80                     12.47  -1.67    14.48
  SINCE JAN 1     20.40                     23.14  -2.74    25.23

..................................................................


WIND (MPH)
  HIGHEST WIND SPEED    12   HIGHEST WIND DIRECTION    NW (300)
  HIGHEST GUST SPEED    16   HIGHEST GUST DIRECTION    NW (310)
  AVERAGE WIND SPEED     2.7


SKY COVER
  AVERAGE SKY COVER 0.1


WEATHER CONDITIONS
 THE FOLLOWING WEATHER WAS RECORDED YESTERDAY.
  NO SIGNIFICANT WEATHER WAS OBSERVED.


RELATIVE HUMIDITY (PERCENT)
 HIGHEST    93           100 AM
 LOWEST     41           100 PM
 AVERAGE    67

..........................................................


THE TUSCALOOSA CLIMATE NORMALS FOR TODAY
                         NORMAL    RECORD    YEAR
 MAXIMUM TEMPERATURE (F)   86        95      2012
                                             2011
 MINIMUM TEMPERATURE (F)   64        42      1984


SUNRISE AND SUNSET
MAY 30 2016...........SUNRISE   543 AM CDT   SUNSET   754 PM CDT
MAY 31 2016...........SUNRISE   542 AM CDT   SUNSET   754 PM CDT


-  INDICATES NEGATIVE NUMBERS.
R  INDICATES RECORD WAS SET OR TIED.
MM INDICATES DATA IS MISSING.
T  INDICATES TRACE AMOUNT.




$$
