000
CDUS44 KBMX 010630
CLITCL


CLIMATE REPORT
NATIONAL WEATHER SERVICE BIRMINGHAM, AL
129 AM CDT WED JUL 1 2015


...................................

...THE TUSCALOOSA CLIMATE SUMMARY FOR JUNE 30 2015...

CLIMATE NORMAL PERIOD 1994 TO 1994
CLIMATE RECORD PERIOD 1994 TO 2015


WEATHER ITEM   OBSERVED TIME   RECORD YEAR NORMAL DEPARTURE LAST
                VALUE   (LST)  VALUE       VALUE  FROM      YEAR
                                                  NORMAL
..................................................................
TEMPERATURE (F)
 YESTERDAY
  MAXIMUM         80    537 PM 104    2012  91    -11       93
  MINIMUM         71   1130 PM  58    1974  70      1       73
  AVERAGE         76                        81     -5       83

PRECIPITATION (IN)
  YESTERDAY        0.08          1.98 1967   0.17  -0.09     0.00
  MONTH TO DATE    1.70                      4.77  -3.07     5.15
  SINCE JUN 1      1.70                      4.77  -3.07     5.15
  SINCE JAN 1     27.28                     28.17  -0.89    30.19

..................................................................


WIND (MPH)
  HIGHEST WIND SPEED    15   HIGHEST WIND DIRECTION     S (170)
  HIGHEST GUST SPEED    19   HIGHEST GUST DIRECTION     S (160)
  AVERAGE WIND SPEED     5.7


SKY COVER
  AVERAGE SKY COVER 0.3


WEATHER CONDITIONS
 THE FOLLOWING WEATHER WAS RECORDED YESTERDAY.
  THUNDERSTORM
  HEAVY RAIN
  LIGHT RAIN
  FOG
  HAZE


RELATIVE HUMIDITY (PERCENT)
 HIGHEST    93           300 AM
 LOWEST     62           400 PM
 AVERAGE    78

..........................................................


THE TUSCALOOSA CLIMATE NORMALS FOR TODAY
                         NORMAL    RECORD    YEAR
 MAXIMUM TEMPERATURE (F)   92       104      2012
 MINIMUM TEMPERATURE (F)   70        54      1950


SUNRISE AND SUNSET
JULY  1 2015..........SUNRISE   545 AM CDT   SUNSET   804 PM CDT
JULY  2 2015..........SUNRISE   545 AM CDT   SUNSET   804 PM CDT


-  INDICATES NEGATIVE NUMBERS.
R  INDICATES RECORD WAS SET OR TIED.
MM INDICATES DATA IS MISSING.
T  INDICATES TRACE AMOUNT.




$$
