000
CDUS44 KBMX 220836
CLITCL


CLIMATE REPORT
NATIONAL WEATHER SERVICE BIRMINGHAM, AL
236 AM CST WED FEB 22 2017


...................................

...THE TUSCALOOSA CLIMATE SUMMARY FOR FEBRUARY 21 2017...

CLIMATE NORMAL PERIOD 1981 TO 2010
CLIMATE RECORD PERIOD 1948 TO 2017


WEATHER ITEM   OBSERVED TIME   RECORD YEAR NORMAL DEPARTURE LAST
                VALUE   (LST)  VALUE       VALUE  FROM      YEAR
                                                  NORMAL
..................................................................
TEMPERATURE (F)
 YESTERDAY
  MAXIMUM         66   1201 AM  79    2005  62      4       73
  MINIMUM         58    711 AM  20    1959  39     19       58
                                      1958
  AVERAGE         62                        50     12       66

PRECIPITATION (IN)
  YESTERDAY        0.40          5.44 1961   0.20   0.20      T
  MONTH TO DATE    3.46                      4.04  -0.58     3.07
  SINCE DEC 1     13.57                     14.01  -0.44    15.48
  SINCE JAN 1     10.66                      9.39   1.27     7.21

SNOWFALL (IN)
  YESTERDAY        0.0                       0.0    0.0
  MONTH TO DATE    0.0                       0.0    0.0
  SINCE DEC 1      0.0                       0.3   -0.3
  SINCE JUL 1      0.0                       0.3   -0.3

DEGREE DAYS
 HEATING
  YESTERDAY        3                        15    -12
  MONTH TO DATE  223                       362   -139
  SINCE DEC 1    998                      1557   -559
  SINCE JUL 1   1257                      1994   -737
..................................................................


WIND (MPH)
  HIGHEST WIND SPEED    13   HIGHEST WIND DIRECTION     E (100)
  HIGHEST GUST SPEED    19   HIGHEST GUST DIRECTION    SE (130)
  AVERAGE WIND SPEED     5.8


SKY COVER
  AVERAGE SKY COVER 0.7


WEATHER CONDITIONS
 THE FOLLOWING WEATHER WAS RECORDED YESTERDAY.
  RAIN
  LIGHT RAIN
  FOG


RELATIVE HUMIDITY (PERCENT)
 HIGHEST   100          1000 PM
 LOWEST     63          1200 AM
 AVERAGE    82

..........................................................


THE TUSCALOOSA CLIMATE NORMALS FOR TODAY
                         NORMAL    RECORD    YEAR
 MAXIMUM TEMPERATURE (F)   62        80      1980
 MINIMUM TEMPERATURE (F)   39        12      1963


SUNRISE AND SUNSET
FEBRUARY 22 2017......SUNRISE   626 AM CST   SUNSET   542 PM CST
FEBRUARY 23 2017......SUNRISE   625 AM CST   SUNSET   543 PM CST


-  INDICATES NEGATIVE NUMBERS.
R  INDICATES RECORD WAS SET OR TIED.
MM INDICATES DATA IS MISSING.
T  INDICATES TRACE AMOUNT.




$$
