000
CDUS44 KBMX 250833
CLITCL


CLIMATE REPORT
NATIONAL WEATHER SERVICE BIRMINGHAM, AL
332 AM CDT THU AUG 25 2016


...................................

...THE TUSCALOOSA CLIMATE SUMMARY FOR AUGUST 24 2016...

CLIMATE NORMAL PERIOD 1994 TO 1994
CLIMATE RECORD PERIOD 1948 TO 2016


WEATHER ITEM   OBSERVED TIME   RECORD YEAR NORMAL DEPARTURE LAST
                VALUE   (LST)  VALUE       VALUE  FROM      YEAR
                                                  NORMAL
..................................................................
TEMPERATURE (F)
 YESTERDAY
  MAXIMUM         95    418 PM 101    2011  92      3       90
  MINIMUM         74    550 AM  57    2009  70      4       71
  AVERAGE         85                        81      4       81

PRECIPITATION (IN)
  YESTERDAY        0.00          1.07 1958   0.10  -0.10     0.00
  MONTH TO DATE    2.88                      2.60   0.28     4.24
  SINCE JUN 1     11.33                     11.77  -0.44     8.86
  SINCE JAN 1     31.74                     35.17  -3.43    34.44

..................................................................


WIND (MPH)
  HIGHEST WIND SPEED     9   HIGHEST WIND DIRECTION    SE (150)
  HIGHEST GUST SPEED    12   HIGHEST GUST DIRECTION     S (190)
  AVERAGE WIND SPEED     1.5


SKY COVER
  AVERAGE SKY COVER 0.2


WEATHER CONDITIONS
 THE FOLLOWING WEATHER WAS RECORDED YESTERDAY.
  FOG
  HAZE


RELATIVE HUMIDITY (PERCENT)
 HIGHEST   100          1200 AM
 LOWEST     52           300 PM
 AVERAGE    76

..........................................................


THE TUSCALOOSA CLIMATE NORMALS FOR TODAY
                         NORMAL    RECORD    YEAR
 MAXIMUM TEMPERATURE (F)   92       100      2011
 MINIMUM TEMPERATURE (F)   70        58      1984


SUNRISE AND SUNSET
AUGUST 25 2016........SUNRISE   620 AM CDT   SUNSET   724 PM CDT
AUGUST 26 2016........SUNRISE   621 AM CDT   SUNSET   723 PM CDT


-  INDICATES NEGATIVE NUMBERS.
R  INDICATES RECORD WAS SET OR TIED.
MM INDICATES DATA IS MISSING.
T  INDICATES TRACE AMOUNT.




$$
