000
CDUS44 KBMX 190941
CLITCL


CLIMATE REPORT
NATIONAL WEATHER SERVICE BIRMINGHAM, AL
441 AM CDT FRI SEP 19 2014


...................................

...THE TUSCALOOSA CLIMATE SUMMARY FOR SEPTEMBER 18 2014...

CLIMATE NORMAL PERIOD 1981 TO 2010
CLIMATE RECORD PERIOD 1948 TO 2014


WEATHER ITEM   OBSERVED TIME   RECORD YEAR NORMAL DEPARTURE LAST
                VALUE   (LST)  VALUE       VALUE  FROM      YEAR
                                                  NORMAL
..................................................................
TEMPERATURE (F)
 YESTERDAY
  MAXIMUM         90    336 PM  99    2010  87      3       88
  MINIMUM         63    534 AM  46    1981  63      0       72
  AVERAGE         77                        75      2       80

PRECIPITATION (IN)
  YESTERDAY        0.35          2.04 2009   0.11   0.24     0.00
  MONTH TO DATE    1.24                      2.13  -0.89     0.08
  SINCE SEP 1      1.24                      2.13  -0.89     0.08
  SINCE JAN 1     34.90                     38.00  -3.10    38.90

DEGREE DAYS
 HEATING
  YESTERDAY        0                         0      0
  MONTH TO DATE    0                         0      0
  SINCE SEP 1      0                         0      0
  SINCE JUL 1      0                         0      0
..................................................................


WIND (MPH)
  HIGHEST WIND SPEED    28   HIGHEST WIND DIRECTION    NE (40)
  HIGHEST GUST SPEED    32   HIGHEST GUST DIRECTION    NE (40)
  AVERAGE WIND SPEED     4.8


SKY COVER
  AVERAGE SKY COVER 0.2


WEATHER CONDITIONS
 THE FOLLOWING WEATHER WAS RECORDED YESTERDAY.
  THUNDERSTORM
  HEAVY RAIN
  LIGHT RAIN
  FOG


RELATIVE HUMIDITY (PERCENT)
 HIGHEST    93           400 AM
 LOWEST     36          1200 PM
 AVERAGE    65

..........................................................


THE TUSCALOOSA CLIMATE NORMALS FOR TODAY
                         NORMAL    RECORD    YEAR
 MAXIMUM TEMPERATURE (F)   86       100      1954
 MINIMUM TEMPERATURE (F)   63        44      1981


SUNRISE AND SUNSET
SEPTEMBER 19 2014.....SUNRISE   637 AM CDT   SUNSET   651 PM CDT
SEPTEMBER 20 2014.....SUNRISE   637 AM CDT   SUNSET   650 PM CDT


-  INDICATES NEGATIVE NUMBERS.
R  INDICATES RECORD WAS SET OR TIED.
MM INDICATES DATA IS MISSING.
T  INDICATES TRACE AMOUNT.




$$
