689
CDUS42 KTAE 190634
CLITLH


CLIMATE REPORT
NATIONAL WEATHER SERVICE TALLAHASSEE FL
233 AM EDT THU OCT 19 2017


...................................

...THE TALLAHASSEE CLIMATE SUMMARY FOR OCTOBER 18 2017...

CLIMATE NORMAL PERIOD 1981 TO 2010
CLIMATE RECORD PERIOD 1896 TO 2017


WEATHER ITEM   OBSERVED TIME   RECORD YEAR NORMAL DEPARTURE LAST
                VALUE   (LST)  VALUE       VALUE  FROM      YEAR
                                                  NORMAL
..................................................................
TEMPERATURE (F)
 YESTERDAY
  MAXIMUM         81    306 PM  91    2016  81      0       91
  MINIMUM         56    656 AM  32    1977  56      0       64
  AVERAGE         69                        69      0       78

PRECIPITATION (IN)
  YESTERDAY        0.00          3.37 1968   0.10  -0.10     0.00
  MONTH TO DATE    2.06                      1.98   0.08     0.16
  SINCE SEP 1      5.49                      6.67  -1.18     7.82
  SINCE JAN 1     50.76                     50.58   0.18    55.13

SNOWFALL (IN)
  YESTERDAY        0.0                       0.0    0.0

DEGREE DAYS
 HEATING
  YESTERDAY        0                               -1
  MONTH TO DATE    0                              -14
  SINCE SEP 1      1                              -14
  SINCE JUL 1      1                              -14

 COOLING
  YESTERDAY        4                               -1
  MONTH TO DATE  250                              119
  SINCE SEP 1    667                              137
  SINCE JAN 1   2845                              362
..................................................................


WIND (MPH)
  HIGHEST WIND SPEED    15   HIGHEST WIND DIRECTION    NE (60)
  HIGHEST GUST SPEED    20   HIGHEST GUST DIRECTION    NE (50)
  AVERAGE WIND SPEED     7.8




RELATIVE HUMIDITY (PERCENT)
 HIGHEST    73
 LOWEST     51
 AVERAGE    62

..........................................................


THE TALLAHASSEE CLIMATE NORMALS FOR TODAY
                         NORMAL    RECORD    YEAR
 MAXIMUM TEMPERATURE (F)   81        91      2006
                                             2005
 MINIMUM TEMPERATURE (F)   56        36      2009
                                             1927


SUNRISE AND SUNSET
OCTOBER 19 2017.......SUNRISE   743 AM EDT   SUNSET   702 PM EDT
OCTOBER 20 2017.......SUNRISE   743 AM EDT   SUNSET   701 PM EDT


-  INDICATES NEGATIVE NUMBERS.
R  INDICATES RECORD WAS SET OR TIED.
MM INDICATES DATA IS MISSING.
T  INDICATES TRACE AMOUNT.




$$
