000
CDUS42 KTAE 240631
CLITLH


CLIMATE REPORT
NATIONAL WEATHER SERVICE TALLAHASSEE FL
231 AM EDT TUE MAY 24 2016


...................................

...THE TALLAHASSEE CLIMATE SUMMARY FOR MAY 23 2016...

CLIMATE NORMAL PERIOD 1981 TO 2010
CLIMATE RECORD PERIOD 1896 TO 2016


WEATHER ITEM   OBSERVED TIME   RECORD YEAR NORMAL DEPARTURE LAST
                VALUE   (LST)  VALUE       VALUE  FROM      YEAR
                                                  NORMAL
..................................................................
TEMPERATURE (F)
 YESTERDAY
  MAXIMUM         89    315 PM  99    1996  89      0       91
                                      1948
  MINIMUM         57    603 AM  48    1993  64     -7       68
  AVERAGE         73                        76     -3       80

PRECIPITATION (IN)
  YESTERDAY        0.00          3.02 1976   0.13  -0.13     0.00
  MONTH TO DATE    1.63                      2.26  -0.63     1.08
  SINCE MAR 1     14.62                     11.26   3.36     8.50
  SINCE JAN 1     23.32                     20.45   2.87    17.69

SNOWFALL (IN)
  YESTERDAY        0.0                       0.0    0.0

DEGREE DAYS
 HEATING
  YESTERDAY        0                                0
  MONTH TO DATE    0                               -3
  SINCE MAR 1     98                             -152
  SINCE JUL 1    943                             -650

 COOLING
  YESTERDAY        8                               -3
  MONTH TO DATE  230                               35
  SINCE MAR 1    485                              151
  SINCE JAN 1    488                              140
..................................................................


WIND (MPH)
  HIGHEST WIND SPEED    12   HIGHEST WIND DIRECTION     N (350)
  HIGHEST GUST SPEED    15   HIGHEST GUST DIRECTION     W (270)
  AVERAGE WIND SPEED     3.0




RELATIVE HUMIDITY (PERCENT)
 HIGHEST    86
 LOWEST     24
 AVERAGE    55

..........................................................


THE TALLAHASSEE CLIMATE NORMALS FOR TODAY
                         NORMAL    RECORD    YEAR
 MAXIMUM TEMPERATURE (F)   89       100      1941
 MINIMUM TEMPERATURE (F)   64        52      2001
                                             1892


SUNRISE AND SUNSET
MAY 24 2016...........SUNRISE   638 AM EDT   SUNSET   831 PM EDT
MAY 25 2016...........SUNRISE   638 AM EDT   SUNSET   831 PM EDT


-  INDICATES NEGATIVE NUMBERS.
R  INDICATES RECORD WAS SET OR TIED.
MM INDICATES DATA IS MISSING.
T  INDICATES TRACE AMOUNT.




$$
