000
CDUS42 KTAE 110623
CLITLH


CLIMATE REPORT
NATIONAL WEATHER SERVICE TALLAHASSEE FL
222 AM EDT FRI JUL 11 2014

...................................

...THE TALLAHASSEE CLIMATE SUMMARY FOR JULY 10 2014...

CLIMATE NORMAL PERIOD 1981 TO 2010
CLIMATE RECORD PERIOD 1896 TO 2014


WEATHER ITEM   OBSERVED TIME   RECORD YEAR NORMAL DEPARTURE LAST
                VALUE   (LST)  VALUE       VALUE  FROM      YEAR
                                                  NORMAL
..................................................................
TEMPERATURE (F)
 YESTERDAY
  MAXIMUM         89   1031 AM 101    1930  92     -3
  MINIMUM         72    515 AM  61    1983  72      0
  AVERAGE         81                        82     -1

PRECIPITATION (IN)
  YESTERDAY        0.12          4.09 2005   0.24  -0.12     0.54
  MONTH TO DATE    0.16                      2.33  -2.17     5.93
  SINCE JUN 1      4.56                     10.06  -5.50    13.25
  SINCE JAN 1     36.65                     31.72   4.93    35.64

SNOWFALL (IN)
  YESTERDAY        0.0                       0.0    0.0

DEGREE DAYS
 HEATING
  YESTERDAY        0                                0
  MONTH TO DATE    0                                0
  SINCE JUN 1      0                                0
  SINCE JUL 1      0                                0

 COOLING
  YESTERDAY       16                               -1
  MONTH TO DATE  182                               12
  SINCE JUN 1    703                               76
  SINCE JAN 1   1192                              119
..................................................................


WIND (MPH)
  HIGHEST WIND SPEED    16   HIGHEST WIND DIRECTION     S (200)
  HIGHEST GUST SPEED    21   HIGHEST GUST DIRECTION     S (200)
  AVERAGE WIND SPEED     3.4




RELATIVE HUMIDITY (PERCENT)
 HIGHEST    93
 LOWEST     59
 AVERAGE    76

..........................................................


THE TALLAHASSEE CLIMATE NORMALS FOR TODAY
                         NORMAL    RECORD    YEAR
 MAXIMUM TEMPERATURE (F)   92       103      1930
 MINIMUM TEMPERATURE (F)   72        63      1963


SUNRISE AND SUNSET
JULY 11 2014..........SUNRISE   644 AM EDT   SUNSET   842 PM EDT
JULY 12 2014..........SUNRISE   644 AM EDT   SUNSET   842 PM EDT


-  INDICATES NEGATIVE NUMBERS.
R  INDICATES RECORD WAS SET OR TIED.
MM INDICATES DATA IS MISSING.
T  INDICATES TRACE AMOUNT.

$$
