000
CDUS42 KTAE 200633
CLITLH


CLIMATE REPORT
NATIONAL WEATHER SERVICE TALLAHASSEE FL
232 AM EDT MON OCT 20 2014


...................................

...THE TALLAHASSEE CLIMATE SUMMARY FOR OCTOBER 19 2014...

CLIMATE NORMAL PERIOD 1981 TO 2010
CLIMATE RECORD PERIOD 1896 TO 2014


WEATHER ITEM   OBSERVED TIME   RECORD YEAR NORMAL DEPARTURE LAST
                VALUE   (LST)  VALUE       VALUE  FROM      YEAR
                                                  NORMAL
..................................................................
TEMPERATURE (F)
 YESTERDAY
  MAXIMUM         79    430 PM  91    2006  81     -2
                                      2005
  MINIMUM         53   1159 PM  36    2009  56     -3
                                      1927
  AVERAGE         66                        68     -2

PRECIPITATION (IN)
  YESTERDAY        0.00          4.26 1916   0.10  -0.10     0.01
  MONTH TO DATE    4.87                      2.08   2.79     0.88
  SINCE SEP 1     11.69                      6.77   4.92     4.05
  SINCE JAN 1     52.77                     50.68   2.09    57.34

SNOWFALL (IN)
  YESTERDAY        0.0                       0.0    0.0

DEGREE DAYS
 HEATING
  YESTERDAY        0                               -2
  MONTH TO DATE    8                               -8
  SINCE SEP 1      8                               -9
  SINCE JUL 1      8                               -9

 COOLING
  YESTERDAY        1                               -4
  MONTH TO DATE  135                               -1
  SINCE SEP 1    581                               46
  SINCE JAN 1   2752                              264
..................................................................


WIND (MPH)
  HIGHEST WIND SPEED    12   HIGHEST WIND DIRECTION     E (90)
  HIGHEST GUST SPEED    12   HIGHEST GUST DIRECTION     E (90)
  AVERAGE WIND SPEED     4.4




RELATIVE HUMIDITY (PERCENT)
 HIGHEST    86
 LOWEST     30
 AVERAGE    58

..........................................................


THE TALLAHASSEE CLIMATE NORMALS FOR TODAY
                         NORMAL    RECORD    YEAR
 MAXIMUM TEMPERATURE (F)   80        90      2005
 MINIMUM TEMPERATURE (F)   56        34      1996
                                             1989


SUNRISE AND SUNSET
OCTOBER 20 2014.......SUNRISE   743 AM EDT   SUNSET   701 PM EDT
OCTOBER 21 2014.......SUNRISE   744 AM EDT   SUNSET   700 PM EDT


-  INDICATES NEGATIVE NUMBERS.
R  INDICATES RECORD WAS SET OR TIED.
MM INDICATES DATA IS MISSING.
T  INDICATES TRACE AMOUNT.




$$
