000
CDUS42 KTAE 250631
CLITLH


CLIMATE REPORT
NATIONAL WEATHER SERVICE TALLAHASSEE FL
230 AM EDT TUE APR 25 2017


...................................

...THE TALLAHASSEE CLIMATE SUMMARY FOR APRIL 24 2017...

CLIMATE NORMAL PERIOD 1981 TO 2010
CLIMATE RECORD PERIOD 1896 TO 2017


WEATHER ITEM   OBSERVED TIME   RECORD YEAR NORMAL DEPARTURE LAST
                VALUE   (LST)  VALUE       VALUE  FROM      YEAR
                                                  NORMAL
..................................................................
TEMPERATURE (F)
 YESTERDAY
  MAXIMUM         68    525 PM  95    1999  82    -14       88
  MINIMUM         51   1159 PM  33    1986  54     -3       55
  AVERAGE         60                        68     -8       72

PRECIPITATION (IN)
  YESTERDAY        0.00          1.68 1952   0.08  -0.08     0.00
  MONTH TO DATE    3.17                      2.57   0.60     6.49
  SINCE MAR 1      4.36                      8.51  -4.15    12.99
  SINCE JAN 1     14.29                     17.70  -3.41    21.69

SNOWFALL (IN)
  YESTERDAY        0.0                       0.0    0.0

DEGREE DAYS
 HEATING
  YESTERDAY        5                                4
  MONTH TO DATE   24                              -37
  SINCE MAR 1    152                              -90
  SINCE JUL 1    800                             -785

 COOLING
  YESTERDAY        0                               -4
  MONTH TO DATE  122                               53
  SINCE MAR 1    202                               93
  SINCE JAN 1    262                              139
..................................................................


WIND (MPH)
  HIGHEST WIND SPEED    16   HIGHEST WIND DIRECTION     W (270)
  HIGHEST GUST SPEED    MM   HIGHEST GUST DIRECTION    MM
  AVERAGE WIND SPEED     7.4




RELATIVE HUMIDITY (PERCENT)
 HIGHEST   100
 LOWEST     56
 AVERAGE    78

..........................................................


THE TALLAHASSEE CLIMATE NORMALS FOR TODAY
                         NORMAL    RECORD    YEAR
 MAXIMUM TEMPERATURE (F)   82        90      1935
 MINIMUM TEMPERATURE (F)   55        37      2005
                                             1968


SUNRISE AND SUNSET
APRIL 25 2017.........SUNRISE   659 AM EDT   SUNSET   812 PM EDT
APRIL 26 2017.........SUNRISE   658 AM EDT   SUNSET   812 PM EDT


-  INDICATES NEGATIVE NUMBERS.
R  INDICATES RECORD WAS SET OR TIED.
MM INDICATES DATA IS MISSING.
T  INDICATES TRACE AMOUNT.




$$
