000
CDUS42 KTAE 160635
CLITLH


CLIMATE REPORT
NATIONAL WEATHER SERVICE TALLAHASSEE FL
132 AM EST MON JAN 16 2017

...................................

...THE TALLAHASSEE CLIMATE SUMMARY FOR JANUARY 15 2017...

CLIMATE NORMAL PERIOD 1981 TO 2010
CLIMATE RECORD PERIOD 1896 TO 2017


WEATHER ITEM   OBSERVED TIME   RECORD YEAR NORMAL DEPARTURE LAST
                VALUE   (LST)  VALUE       VALUE  FROM      YEAR
                                                  NORMAL
..................................................................
TEMPERATURE (F)
 YESTERDAY
  MAXIMUM         77    135 PM  83    1937  63     14       75
  MINIMUM         48    637 AM  16    1964  39      9       50
  AVERAGE         63                        51     12       63

PRECIPITATION (IN)
  YESTERDAY        0.00          1.03 1966   0.14  -0.14     0.93
  MONTH TO DATE    4.51                      1.93   2.58     2.31
  SINCE DEC 1      8.71                      5.83   2.88     7.08
  SINCE JAN 1      4.51                      1.93   2.58     2.31

SNOWFALL (IN)
  YESTERDAY        0.0                       0.0    0.0

DEGREE DAYS
 HEATING
  YESTERDAY        2                              -12
  MONTH TO DATE  139                              -71
  SINCE DEC 1    330                             -259
  SINCE JUL 1    443                             -382

 COOLING
  YESTERDAY        0                                0
  MONTH TO DATE    7                                7
  SINCE DEC 1     50                               37
  SINCE JAN 1      7                                7
..................................................................


WIND (MPH)
  HIGHEST WIND SPEED    13   HIGHEST WIND DIRECTION     S (180)
  HIGHEST GUST SPEED    15   HIGHEST GUST DIRECTION     S (190)
  AVERAGE WIND SPEED     2.1




RELATIVE HUMIDITY (PERCENT)
 HIGHEST   100
 LOWEST     46
 AVERAGE    73

..........................................................


THE TALLAHASSEE CLIMATE NORMALS FOR TODAY
                         NORMAL    RECORD    YEAR
 MAXIMUM TEMPERATURE (F)   63        82      1928
 MINIMUM TEMPERATURE (F)   39        15      1927


SUNRISE AND SUNSET
JANUARY 16 2017.......SUNRISE   735 AM EST   SUNSET   600 PM EST
JANUARY 17 2017.......SUNRISE   734 AM EST   SUNSET   601 PM EST


-  INDICATES NEGATIVE NUMBERS.
R  INDICATES RECORD WAS SET OR TIED.
MM INDICATES DATA IS MISSING.
T  INDICATES TRACE AMOUNT.

$$
