000
CDUS42 KTAE 240634
CLITLH


CLIMATE REPORT
NATIONAL WEATHER SERVICE TALLAHASSEE FL
133 AM EST SAT FEB 24 2018


...................................

...THE TALLAHASSEE CLIMATE SUMMARY FOR FEBRUARY 23 2018...

CLIMATE NORMAL PERIOD 1981 TO 2010
CLIMATE RECORD PERIOD 1896 TO 2018


WEATHER ITEM   OBSERVED TIME   RECORD YEAR NORMAL DEPARTURE LAST
                VALUE   (LST)  VALUE       VALUE  FROM      YEAR
                                                  NORMAL
..................................................................
TEMPERATURE (F)
 YESTERDAY
  MAXIMUM         83R   329 PM  83    1996  69     14       81
                                      1980
  MINIMUM         59   1159 PM  20    1978  43     16       57
  AVERAGE         71                        56     15       69

PRECIPITATION (IN)
  YESTERDAY        0.00          1.70 1928   0.20  -0.20     0.00
                                      1910
  MONTH TO DATE    3.26                      3.90  -0.64     2.72
  SINCE DEC 1      6.98                     12.14  -5.16    14.13
  SINCE JAN 1      4.99                      8.24  -3.25     9.93

SNOWFALL (IN)
  YESTERDAY        0.0                       0.0    0.0

DEGREE DAYS
 HEATING
  YESTERDAY        0                               -9
  MONTH TO DATE   66                             -188
  SINCE DEC 1    907                             -157
  SINCE JUL 1   1079                             -221

 COOLING
  YESTERDAY        6                                6
  MONTH TO DATE   58                               58
  SINCE DEC 1     97                               79
  SINCE JAN 1     67                               62
..................................................................


WIND (MPH)
  HIGHEST WIND SPEED    15   HIGHEST WIND DIRECTION    SE (140)
  HIGHEST GUST SPEED    21   HIGHEST GUST DIRECTION    SE (130)
  AVERAGE WIND SPEED     5.4




RELATIVE HUMIDITY (PERCENT)
 HIGHEST   100
 LOWEST     47
 AVERAGE    74

..........................................................


THE TALLAHASSEE CLIMATE NORMALS FOR TODAY
                         NORMAL    RECORD    YEAR
 MAXIMUM TEMPERATURE (F)   70        83      2017
                                             2012
 MINIMUM TEMPERATURE (F)   44        24      1964


SUNRISE AND SUNSET
FEBRUARY 24 2018......SUNRISE   709 AM EST   SUNSET   633 PM EST
FEBRUARY 25 2018......SUNRISE   708 AM EST   SUNSET   633 PM EST


-  INDICATES NEGATIVE NUMBERS.
R  INDICATES RECORD WAS SET OR TIED.
MM INDICATES DATA IS MISSING.
T  INDICATES TRACE AMOUNT.




$$
