000
CDUS44 KBMX 282127
CLITOI


CLIMATE REPORT
NATIONAL WEATHER SERVICE BIRMINGHAM, AL
426 PM CDT SAT MAR 28 2015


...................................

...THE TROY CLIMATE SUMMARY FOR MARCH 28 2015...
VALID AS OF 0400 PM LOCAL TIME.

CLIMATE NORMAL PERIOD 1981 TO 2010
CLIMATE RECORD PERIOD 9999 TO 9999


WEATHER ITEM   OBSERVED TIME   RECORD YEAR NORMAL DEPARTURE LAST
                VALUE   (LST)  VALUE       VALUE  FROM      YEAR
                                                  NORMAL
..................................................................
TEMPERATURE (F)
 TODAY
  MAXIMUM         58   1239 PM  MM      MM  72    -14       62
  MINIMUM         38    610 AM  MM      MM  46     -8       57
  AVERAGE         48                        59    -11       60

PRECIPITATION (IN)
  TODAY            0.00                      0.22  -0.22     2.46
  MONTH TO DATE    2.42                      5.39  -2.97     5.44
  SINCE MAR 1      2.42                      5.39  -2.97     5.44
  SINCE JAN 1      9.33                     14.52  -5.19    14.50

SNOWFALL (IN)
  TODAY            0.0                      MM     MM        0.0
  MONTH TO DATE    0.0                      MM     MM        0.0
  SINCE MAR 1      0.0                      MM     MM        0.0
  SINCE JUL 1      0.0                      MM     MM        0.3
  SNOW DEPTH       0

DEGREE DAYS
 HEATING
  TODAY           17                         7     10        5
  MONTH TO DATE  137                       263   -126      276
  SINCE MAR 1    137                       263   -126      276
  SINCE JUL 1   2138                      2182    -44     2216

 COOLING
  TODAY            0                         1     -1        0
  MONTH TO DATE   56                         8     48        1
  SINCE MAR 1     56                         8     48        1
  SINCE JAN 1     58                        13     45       12
..................................................................


WIND (MPH)
  HIGHEST WIND SPEED    22   HIGHEST WIND DIRECTION    NW (320)
  HIGHEST GUST SPEED    28   HIGHEST GUST DIRECTION    NW (310)
  AVERAGE WIND SPEED     8.7


SKY COVER
  AVERAGE SKY COVER 0.2


WEATHER CONDITIONS
 THE FOLLOWING WEATHER WAS RECORDED TODAY.
  NO SIGNIFICANT WEATHER WAS OBSERVED.


RELATIVE HUMIDITY (PERCENT)
 HIGHEST    85           400 AM
 LOWEST     30           100 PM
 AVERAGE    58

..........................................................


THE TROY CLIMATE NORMALS FOR TOMORROW
                         NORMAL    RECORD    YEAR
 MAXIMUM TEMPERATURE (F)   73        MM        MM
 MINIMUM TEMPERATURE (F)   46        MM        MM


SUNRISE AND SUNSET
MARCH 28 2015.........SUNRISE   638 AM CDT   SUNSET   701 PM CDT
MARCH 29 2015.........SUNRISE   637 AM CDT   SUNSET   702 PM CDT


-  INDICATES NEGATIVE NUMBERS.
R  INDICATES RECORD WAS SET OR TIED.
MM INDICATES DATA IS MISSING.
T  INDICATES TRACE AMOUNT.




$$
