000
CDUS44 KBMX 250042
CLITOI


CLIMATE REPORT
NATIONAL WEATHER SERVICE BIRMINGHAM, AL
742 PM CDT WED AUG 24 2016


...................................

...THE TROY CLIMATE SUMMARY FOR AUGUST 24 2016...
VALID TODAY AS OF 0700 PM LOCAL TIME.

CLIMATE NORMAL PERIOD 1981 TO 2010
CLIMATE RECORD PERIOD 9999 TO 9999


WEATHER ITEM   OBSERVED TIME   RECORD YEAR NORMAL DEPARTURE LAST
                VALUE   (LST)  VALUE       VALUE  FROM      YEAR
                                                  NORMAL
..................................................................
TEMPERATURE (F)
 TODAY
  MAXIMUM         93    242 PM  MM      MM  91      2       94
  MINIMUM         73    506 AM  MM      MM  69      4       70
  AVERAGE         83                        80      3       82

PRECIPITATION (IN)
  TODAY            T                         0.12  -0.12     0.00
  MONTH TO DATE    3.25                      3.86  -0.61     3.15
  SINCE JUN 1     13.30                     14.36  -1.06     9.95
  SINCE JAN 1     32.64                     37.19  -4.55    29.77

DEGREE DAYS
 COOLING
  TODAY           18                        15      3       17
  MONTH TO DATE  413                       375     38      431
  SINCE JUN 1   1373                      1248    125     1467
  SINCE JAN 1   1788                      1535    253     1950
..................................................................


WIND (MPH)
  HIGHEST WIND SPEED    14   HIGHEST WIND DIRECTION    SE (130)
  HIGHEST GUST SPEED    17   HIGHEST GUST DIRECTION    SE (130)
  AVERAGE WIND SPEED     4.4


SKY COVER
  AVERAGE SKY COVER 0.2


WEATHER CONDITIONS
 THE FOLLOWING WEATHER WAS RECORDED TODAY.
  NO SIGNIFICANT WEATHER WAS OBSERVED.


RELATIVE HUMIDITY (PERCENT)
 HIGHEST   100           200 AM
 LOWEST     56           200 PM
 AVERAGE    78

..........................................................


THE TROY CLIMATE NORMALS FOR TOMORROW
                         NORMAL    RECORD    YEAR
 MAXIMUM TEMPERATURE (F)   91        MM        MM
 MINIMUM TEMPERATURE (F)   69        MM        MM


SUNRISE AND SUNSET
AUGUST 24 2016........SUNRISE   615 AM CDT   SUNSET   717 PM CDT
AUGUST 25 2016........SUNRISE   615 AM CDT   SUNSET   716 PM CDT


-  INDICATES NEGATIVE NUMBERS.
R  INDICATES RECORD WAS SET OR TIED.
MM INDICATES DATA IS MISSING.
T  INDICATES TRACE AMOUNT.




$$
