000
CDUS44 KBMX 280043
CLITOI


CLIMATE REPORT
NATIONAL WEATHER SERVICE BIRMINGHAM, AL
743 PM CDT TUE SEP 27 2016


...................................

...THE TROY CLIMATE SUMMARY FOR SEPTEMBER 27 2016...
VALID TODAY AS OF 0700 PM LOCAL TIME.

CLIMATE NORMAL PERIOD 1981 TO 2010
CLIMATE RECORD PERIOD 9999 TO 9999


WEATHER ITEM   OBSERVED TIME   RECORD YEAR NORMAL DEPARTURE LAST
                VALUE   (LST)  VALUE       VALUE  FROM      YEAR
                                                  NORMAL
..................................................................
TEMPERATURE (F)
 TODAY
  MAXIMUM         89    213 PM  MM      MM  84      5       79
  MINIMUM         64    423 AM  MM      MM  60      4       68
  AVERAGE         77                        72      5       74

PRECIPITATION (IN)
  TODAY            0.00                      0.12  -0.12      T
  MONTH TO DATE    1.48                      3.61  -2.13     0.89
  SINCE SEP 1      1.48                      3.61  -2.13     0.89
  SINCE JAN 1     34.22                     41.56  -7.34    30.90

DEGREE DAYS
 HEATING
  TODAY            0                         0      0        0
  MONTH TO DATE    0                         0      0        0
  SINCE SEP 1      0                         0      0        0
  SINCE JUL 1      0                         0      0        0

 COOLING
  TODAY           12                         7      5        9
  MONTH TO DATE  398                       295    103      309
  SINCE SEP 1    398                       295    103      309
  SINCE JAN 1   2304                      1929    375     2331
..................................................................


WIND (MPH)
  HIGHEST WIND SPEED    10   HIGHEST WIND DIRECTION    SW (220)
  HIGHEST GUST SPEED    14   HIGHEST GUST DIRECTION     S (200)
  AVERAGE WIND SPEED     1.2


SKY COVER
  AVERAGE SKY COVER 0.1


WEATHER CONDITIONS
 THE FOLLOWING WEATHER WAS RECORDED TODAY.
  FOG


RELATIVE HUMIDITY (PERCENT)
 HIGHEST   100          1200 AM
 LOWEST     50           200 PM
 AVERAGE    75

..........................................................


THE TROY CLIMATE NORMALS FOR TOMORROW
                         NORMAL    RECORD    YEAR
 MAXIMUM TEMPERATURE (F)   83        MM        MM
 MINIMUM TEMPERATURE (F)   60        MM        MM


SUNRISE AND SUNSET
SEPTEMBER 27 2016.....SUNRISE   636 AM CDT   SUNSET   633 PM CDT
SEPTEMBER 28 2016.....SUNRISE   636 AM CDT   SUNSET   632 PM CDT


-  INDICATES NEGATIVE NUMBERS.
R  INDICATES RECORD WAS SET OR TIED.
MM INDICATES DATA IS MISSING.
T  INDICATES TRACE AMOUNT.




$$
