000
CDUS44 KBMX 282110
CLITOI


CLIMATE REPORT
NATIONAL WEATHER SERVICE BIRMINGHAM, AL
409 PM CDT FRI AUG 28 2015


...................................

...THE TROY CLIMATE SUMMARY FOR AUGUST 28 2015...
VALID AS OF 0400 PM LOCAL TIME.

CLIMATE NORMAL PERIOD 1981 TO 2010
CLIMATE RECORD PERIOD 9999 TO 9999


WEATHER ITEM   OBSERVED TIME   RECORD YEAR NORMAL DEPARTURE LAST
                VALUE   (LST)  VALUE       VALUE  FROM      YEAR
                                                  NORMAL
..................................................................
TEMPERATURE (F)
 TODAY
  MAXIMUM         93    217 PM  MM      MM  91      2       92
  MINIMUM         67    545 AM  MM      MM  69     -2       62
  AVERAGE         80                        80      0       77

PRECIPITATION (IN)
  TODAY            T                         0.11  -0.11     0.00
  MONTH TO DATE    3.15                      4.32  -1.17     2.87
  SINCE JUN 1      9.95                     14.82  -4.87     7.78
  SINCE JAN 1     29.77                     37.65  -7.88    37.84

DEGREE DAYS
 COOLING
  TODAY           15                        15      0       12
  MONTH TO DATE  461                       435     26      444
  SINCE JUN 1   1497                      1308    189     1337
  SINCE JAN 1   1980                      1595    385     1659
..................................................................


WIND (MPH)
  HIGHEST WIND SPEED    17   HIGHEST WIND DIRECTION     E (80)
  HIGHEST GUST SPEED    22   HIGHEST GUST DIRECTION     E (80)
  AVERAGE WIND SPEED     5.6


SKY COVER
  AVERAGE SKY COVER 0.2


WEATHER CONDITIONS
 THE FOLLOWING WEATHER WAS RECORDED TODAY.
  FOG


RELATIVE HUMIDITY (PERCENT)
 HIGHEST    93           400 AM
 LOWEST     52           200 PM
 AVERAGE    73

..........................................................


THE TROY CLIMATE NORMALS FOR TOMORROW
                         NORMAL    RECORD    YEAR
 MAXIMUM TEMPERATURE (F)   90        MM        MM
 MINIMUM TEMPERATURE (F)   69        MM        MM


SUNRISE AND SUNSET
AUGUST 28 2015........SUNRISE   617 AM CDT   SUNSET   713 PM CDT
AUGUST 29 2015........SUNRISE   617 AM CDT   SUNSET   712 PM CDT


-  INDICATES NEGATIVE NUMBERS.
R  INDICATES RECORD WAS SET OR TIED.
MM INDICATES DATA IS MISSING.
T  INDICATES TRACE AMOUNT.




$$
