232
CDUS41 KCLE 262110
CLITOL


CLIMATE REPORT
NATIONAL WEATHER SERVICE CLEVELAND OH
510 PM EDT MON JUN 26 2017


...................................

...THE TOLEDO OH CLIMATE SUMMARY FOR JUNE 26 2017...
VALID TODAY AS OF 0500 PM LOCAL TIME.

CLIMATE NORMAL PERIOD 1981 TO 2010
CLIMATE RECORD PERIOD 1873 TO 2017


WEATHER ITEM   OBSERVED TIME   RECORD YEAR NORMAL DEPARTURE LAST
                VALUE   (LST)  VALUE       VALUE  FROM      YEAR
                                                  NORMAL
..................................................................
TEMPERATURE (F)
 TODAY
  MAXIMUM         72    359 PM 100    1952  84    -12       91
  MINIMUM         53    101 AM  40    1979  61     -8       62
  AVERAGE         63                        72     -9       77

PRECIPITATION (IN)
  TODAY            T                         0.11  -0.11     0.28
  MONTH TO DATE    1.54                      3.14  -1.60     1.62
  SINCE JUN 1      1.54                      3.14  -1.60     1.62
  SINCE JAN 1     19.40                     16.51   2.89    15.38

SNOWFALL (IN)
  TODAY            0.0                       0.0    0.0      0.0
  MONTH TO DATE    0.0                       0.0    0.0      0.0
  SINCE JUN 1      0.0                       0.0    0.0      0.0
  SINCE JUL 1     22.4                      37.6  -15.2     26.4
  SNOW DEPTH       0

DEGREE DAYS
 HEATING
  TODAY            2                         0      2        0
  MONTH TO DATE   15                        35    -20       13
  SINCE JUN 1     15                        35    -20       13
  SINCE JUL 1   5309                      6145   -836     5357

 COOLING
  TODAY            0                         8     -8       12
  MONTH TO DATE  158                       138     20      168
  SINCE JUN 1    158                       138     20      168
  SINCE JAN 1    203                       191     12      237
..................................................................


WIND (MPH)
  HIGHEST WIND SPEED    22   HIGHEST WIND DIRECTION    SW (240)
  HIGHEST GUST SPEED    31   HIGHEST GUST DIRECTION     W (250)


SKY COVER
  POSSIBLE SUNSHINE  MM
  AVERAGE SKY COVER 0.6


WEATHER CONDITIONS
 THE FOLLOWING WEATHER WAS RECORDED TODAY.
  LIGHT RAIN


RELATIVE HUMIDITY (PERCENT)
 HIGHEST    86           500 AM
 LOWEST     38           100 PM
 AVERAGE    62

..........................................................


THE TOLEDO OH CLIMATE NORMALS FOR TOMORROW
                         NORMAL    RECORD    YEAR
 MAXIMUM TEMPERATURE (F)   84        98      1971
                                             1944
 MINIMUM TEMPERATURE (F)   61        45      1988


SUNRISE AND SUNSET
JUNE 26 2017..........SUNRISE   603 AM EDT   SUNSET   913 PM EDT
JUNE 27 2017..........SUNRISE   603 AM EDT   SUNSET   913 PM EDT


-  INDICATES NEGATIVE NUMBERS.
R  INDICATES RECORD WAS SET OR TIED.
MM INDICATES DATA IS MISSING.
T  INDICATES TRACE AMOUNT.




$$
