000
CDUS43 KTOP 292132
CLITOP


CLIMATE REPORT
NATIONAL WEATHER SERVICE TOPEKA KS
432 PM CDT MON AUG 29 2016


...................................

...THE TOPEKA KS CLIMATE SUMMARY FOR AUGUST 29 2016...
VALID TODAY AS OF 0400 PM LOCAL TIME.

CLIMATE NORMAL PERIOD 1981 TO 2010
CLIMATE RECORD PERIOD 1887 TO 2016


WEATHER ITEM   OBSERVED TIME   RECORD YEAR NORMAL DEPARTURE LAST
                VALUE   (LST)  VALUE       VALUE  FROM      YEAR
                                                  NORMAL
..................................................................
TEMPERATURE (F)
 TODAY
  MAXIMUM         90    235 PM 110    1984  87      3       76
  MINIMUM         70    638 AM  41    1988  64      6       62
  AVERAGE         80                        75      5       69

PRECIPITATION (IN)
  TODAY            0.00          3.02 1994   0.13  -0.13     0.00
  MONTH TO DATE    4.51                      3.97   0.54     3.10
  SINCE JUN 1     12.26                     13.19  -0.93    18.65
  SINCE JAN 1     31.57                     26.30   5.27    33.24

SNOWFALL (IN)
  TODAY            0.0           0.0    MM   0.0    0.0      0.0
  MONTH TO DATE    0.0                       0.0    0.0      0.0
  SINCE JAN 1      3.7                      11.3   -7.6      7.9
  SINCE JUL 1      T                         0.0    0.0      0.0
  SNOW DEPTH       0

DEGREE DAYS
 HEATING
  TODAY            0                         0      0        0
  MONTH TO DATE    0                         0      0        0
  SINCE JUN 1      0                         8     -8        0
  SINCE JUL 1      0                         0      0        0

 COOLING
  TODAY           15                        10      5        4
  MONTH TO DATE  376                       366     10      302
  SINCE JUN 1   1289                      1082    207     1116
  SINCE JAN 1   1381                      1208    173     1198
..................................................................


WIND (MPH)
  HIGHEST WIND SPEED    12   HIGHEST WIND DIRECTION    SE (140)
  HIGHEST GUST SPEED    15   HIGHEST GUST DIRECTION    SE (140)
  AVERAGE WIND SPEED     2.9



WEATHER CONDITIONS
 THE FOLLOWING WEATHER WAS RECORDED TODAY.
  NO SIGNIFICANT WEATHER WAS OBSERVED.


RELATIVE HUMIDITY (PERCENT)
 HIGHEST    97           600 AM
 LOWEST     52           200 PM
 AVERAGE    75

..........................................................


THE TOPEKA KS CLIMATE NORMALS FOR TOMORROW
                         NORMAL    RECORD    YEAR
 MAXIMUM TEMPERATURE (F)   86       107      1947
                                             1939
 MINIMUM TEMPERATURE (F)   63        45      1915


SUNRISE AND SUNSET
AUGUST 29 2016........SUNRISE   649 AM CDT   SUNSET   757 PM CDT
AUGUST 30 2016........SUNRISE   650 AM CDT   SUNSET   755 PM CDT


-  INDICATES NEGATIVE NUMBERS.
R  INDICATES RECORD WAS SET OR TIED.
MM INDICATES DATA IS MISSING.
T  INDICATES TRACE AMOUNT.




$$
