000
CDUS45 KCYS 020726
CLITOR


CLIMATE REPORT
NATIONAL WEATHER SERVICE CHEYENNE WY
126 AM MDT WED SEP 2 2015


...................................

...THE TORRINGTON WY AIRPORT CLIMATE SUMMARY FOR SEPTEMBER 1 2015...

CLIMATE NORMAL PERIOD 1981 TO 2010
CLIMATE RECORD PERIOD 1998 TO 2015


WEATHER ITEM   OBSERVED TIME   RECORD YEAR NORMAL DEPARTURE LAST
                VALUE   (LST)  VALUE       VALUE  FROM      YEAR
                                                  NORMAL
..................................................................
TEMPERATURE (F)
 YESTERDAY
  MAXIMUM         95    249 PM  96    2012  84     11       79
                                      2007
  MINIMUM         50    442 AM  41    2005  50      0       44
  AVERAGE         73                        67      6       62

PRECIPITATION (IN)
  YESTERDAY        0.00          0.50 2008   0.05  -0.05     0.00
  MONTH TO DATE    0.00                      0.05  -0.05     0.00
  SINCE JAN 1     15.72                     11.01   4.71    14.16

DEGREE DAYS
 HEATING
  YESTERDAY        0                         2     -2        3
  MONTH TO DATE    0                         2     -2        3
  SINCE SEP 1      0                         2     -2        3
  SINCE JUL 1     34                        24     10       18

 COOLING
  YESTERDAY        8                         4      4        0
  MONTH TO DATE    8                         4      4        0
  SINCE SEP 1      8                         4      4        0
  SINCE JAN 1    627                       637    -10      537
..................................................................


WIND (MPH)
  HIGHEST WIND SPEED    13   HIGHEST WIND DIRECTION     S (170)
  HIGHEST GUST SPEED    19   HIGHEST GUST DIRECTION     W (290)
  AVERAGE WIND SPEED     4.9


SKY COVER
  AVERAGE SKY COVER 0.0


WEATHER CONDITIONS
 THE FOLLOWING WEATHER WAS RECORDED YESTERDAY.
  NO SIGNIFICANT WEATHER WAS OBSERVED.


RELATIVE HUMIDITY (PERCENT)
 HIGHEST    83           400 AM
 LOWEST     12           200 PM
 AVERAGE    48

..........................................................


THE TORRINGTON WY AIRPORT CLIMATE NORMALS FOR TODAY
                         NORMAL    RECORD    YEAR
 MAXIMUM TEMPERATURE (F)   83        97      2001
 MINIMUM TEMPERATURE (F)   50        36      2006


SUNRISE AND SUNSET
SEPTEMBER  2 2015.....SUNRISE   623 AM MDT   SUNSET   729 PM MDT
SEPTEMBER  3 2015.....SUNRISE   624 AM MDT   SUNSET   727 PM MDT


-  INDICATES NEGATIVE NUMBERS.
R  INDICATES RECORD WAS SET OR TIED.
MM INDICATES DATA IS MISSING.
T  INDICATES TRACE AMOUNT.




$$
