000
CDUS45 KCYS 020730
CLITOR


CLIMATE REPORT
NATIONAL WEATHER SERVICE CHEYENNE WY
130 AM MDT TUE SEP 2 2014


...................................

...THE TORRINGTON WY AIRPORT CLIMATE SUMMARY FOR SEPTEMBER 1 2014...

CLIMATE NORMAL PERIOD 1981 TO 2010
CLIMATE RECORD PERIOD 1998 TO 2014


WEATHER ITEM   OBSERVED TIME   RECORD YEAR NORMAL DEPARTURE LAST
                VALUE   (LST)  VALUE       VALUE  FROM      YEAR
                                                  NORMAL
..................................................................
TEMPERATURE (F)
 YESTERDAY
  MAXIMUM         79    248 PM  96    2012  84     -5       87
                                      2007
  MINIMUM         44    528 AM  41    2005  50     -6       53
  AVERAGE         62                        67     -5       70

PRECIPITATION (IN)
  YESTERDAY        0.00          0.50 2008   0.05  -0.05     0.00
  MONTH TO DATE    0.00                      0.05  -0.05     0.00
  SINCE JAN 1     14.16                     11.01   3.15     6.81

DEGREE DAYS
 HEATING
  YESTERDAY        3                         2      1        0
  MONTH TO DATE    3                         2      1        0
  SINCE SEP 1      3                         2      1        0
  SINCE JUL 1     18                        24     -6        2

 COOLING
  YESTERDAY        0                         4     -4        5
  MONTH TO DATE    0                         4     -4        5
  SINCE SEP 1      0                         4     -4        5
  SINCE JAN 1    537                       637   -100      778
..................................................................


WIND (MPH)
  HIGHEST WIND SPEED    25   HIGHEST WIND DIRECTION    NE (30)
  HIGHEST GUST SPEED    31   HIGHEST GUST DIRECTION     N (10)
  AVERAGE WIND SPEED     7.7


SKY COVER
  AVERAGE SKY COVER 0.1


WEATHER CONDITIONS
 THE FOLLOWING WEATHER WAS RECORDED YESTERDAY.
  FOG


RELATIVE HUMIDITY (PERCENT)
 HIGHEST    93          1200 AM
 LOWEST     22           100 PM
 AVERAGE    58

..........................................................


THE TORRINGTON WY AIRPORT CLIMATE NORMALS FOR TODAY
                         NORMAL    RECORD    YEAR
 MAXIMUM TEMPERATURE (F)   83        97      2001
 MINIMUM TEMPERATURE (F)   50        36      2006


SUNRISE AND SUNSET
SEPTEMBER  2 2014.....SUNRISE   623 AM MDT   SUNSET   729 PM MDT
SEPTEMBER  3 2014.....SUNRISE   624 AM MDT   SUNSET   727 PM MDT


-  INDICATES NEGATIVE NUMBERS.
R  INDICATES RECORD WAS SET OR TIED.
MM INDICATES DATA IS MISSING.
T  INDICATES TRACE AMOUNT.




$$
