000
CDUS45 KCYS 300726
CLITOR


CLIMATE REPORT
NATIONAL WEATHER SERVICE CHEYENNE WY
126 AM MDT THU OCT 30 2014


...................................

...THE TORRINGTON WY AIRPORT CLIMATE SUMMARY FOR OCTOBER 29 2014...

CLIMATE NORMAL PERIOD 1981 TO 2010
CLIMATE RECORD PERIOD 1998 TO 2014


WEATHER ITEM   OBSERVED TIME   RECORD YEAR NORMAL DEPARTURE LAST
                VALUE   (LST)  VALUE       VALUE  FROM      YEAR
                                                  NORMAL
..................................................................
TEMPERATURE (F)
 YESTERDAY
  MAXIMUM         71    220 PM  78    2008  58     13       41
                                      2007
  MINIMUM         20    604 AM  17    2002  29     -9       29
  AVERAGE         46                        44      2       35

PRECIPITATION (IN)
  YESTERDAY        0.00          0.07 2002   0.02  -0.02     0.00
  MONTH TO DATE    0.10                      1.04  -0.94     3.72
  SINCE JAN 1     16.85                     13.37   3.48    12.90

DEGREE DAYS
 HEATING
  YESTERDAY       19                        21     -2       30
  MONTH TO DATE  351                       472   -121      555
  SINCE SEP 1    489                       644   -155      658
  SINCE JUL 1    504                       666   -162      660

 COOLING
  YESTERDAY        0                         0      0        0
  MONTH TO DATE    0                         0      0        0
  SINCE SEP 1     50                        45      5      120
  SINCE JAN 1    587                       678    -91      893
..................................................................


WIND (MPH)
  HIGHEST WIND SPEED    29   HIGHEST WIND DIRECTION    NW (320)
  HIGHEST GUST SPEED    39   HIGHEST GUST DIRECTION    NW (330)
  AVERAGE WIND SPEED     8.7


SKY COVER
  AVERAGE SKY COVER 0.1


WEATHER CONDITIONS
 THE FOLLOWING WEATHER WAS RECORDED YESTERDAY.
  NO SIGNIFICANT WEATHER WAS OBSERVED.


RELATIVE HUMIDITY (PERCENT)
 HIGHEST    84           400 AM
 LOWEST     11           100 PM
 AVERAGE    48

..........................................................


THE TORRINGTON WY AIRPORT CLIMATE NORMALS FOR TODAY
                         NORMAL    RECORD    YEAR
 MAXIMUM TEMPERATURE (F)   58        75      2001
 MINIMUM TEMPERATURE (F)   29        11      2002


SUNRISE AND SUNSET
OCTOBER 30 2014.......SUNRISE   727 AM MDT   SUNSET   553 PM MDT
OCTOBER 31 2014.......SUNRISE   728 AM MDT   SUNSET   552 PM MDT


-  INDICATES NEGATIVE NUMBERS.
R  INDICATES RECORD WAS SET OR TIED.
MM INDICATES DATA IS MISSING.
T  INDICATES TRACE AMOUNT.




$$
