000
CDUS42 KTBW 222117
CLITPA


CLIMATE REPORT
NATIONAL WEATHER SERVICE TAMPA BAY FL
513 PM EDT FRI SEP 22 2017


...................................

...THE TAMPA CLIMATE SUMMARY FOR SEPTEMBER 22 2017...
VALID TODAY AS OF 0500 PM LOCAL TIME.

CLIMATE NORMAL PERIOD 1981 TO 2010
CLIMATE RECORD PERIOD 1890 TO 2017


WEATHER ITEM   OBSERVED TIME   RECORD YEAR NORMAL DEPARTURE LAST
                VALUE   (LST)  VALUE       VALUE  FROM      YEAR
                                                  NORMAL
..................................................................
TEMPERATURE (F)
 TODAY
  MAXIMUM         93    332 PM  94    1993  88      5       91
                                      1988
                                      1933
  MINIMUM         75    332 AM  54    1897  74      1       78
  AVERAGE         84                        81      3       85

PRECIPITATION (IN)
  TODAY            0.04          2.69 1947   0.17  -0.13     0.00
  MONTH TO DATE    6.50                      5.01   1.49     3.44
  SINCE SEP 1      6.50                      5.01   1.49     3.44
  SINCE JAN 1     40.12                     38.73   1.39    49.87

DEGREE DAYS
 HEATING
  TODAY            0                         0      0        0
  MONTH TO DATE    0                         0      0        0
  SINCE SEP 1      0                         0      0        0
  SINCE JUL 1      0                         0      0        0

 COOLING
  TODAY           19                        16      3       20
  MONTH TO DATE  403                       379     24      424
  SINCE SEP 1    403                       379     24      424
  SINCE JAN 1   3485                      2894    591     3210
..................................................................


WIND (MPH)
  RESULTANT WIND SPEED   5   RESULTANT WIND DIRECTION  NE (30)
  HIGHEST WIND SPEED    17   HIGHEST WIND DIRECTION    NE (40)
  HIGHEST GUST SPEED    24   HIGHEST GUST DIRECTION    NE (40)
  AVERAGE WIND SPEED     5.9


SKY COVER
  POSSIBLE SUNSHINE  MM
  AVERAGE SKY COVER 0.4


WEATHER CONDITIONS
 THE FOLLOWING WEATHER WAS RECORDED TODAY.
  LIGHT RAIN
  HAZE


RELATIVE HUMIDITY (PERCENT)
 HIGHEST    82           400 AM
 LOWEST     52           100 PM

..........................................................


THE TAMPA CLIMATE NORMALS FOR TOMORROW
                         NORMAL    RECORD    YEAR
 MAXIMUM TEMPERATURE (F)   88        93      2016
                                             2010
                                             1990
 MINIMUM TEMPERATURE (F)   74        59      1897


SUNRISE AND SUNSET
SEPTEMBER 22 2017.....SUNRISE   719 AM EDT   SUNSET   726 PM EDT
SEPTEMBER 23 2017.....SUNRISE   719 AM EDT   SUNSET   725 PM EDT


-  INDICATES NEGATIVE NUMBERS.
R  INDICATES RECORD WAS SET OR TIED.
MM INDICATES DATA IS MISSING.
T  INDICATES TRACE AMOUNT.




$$


&&
------------------------------------------------------------------
******************** SUPPLEMENTAL DATA ***************************

...RUSKIN                HIGH 92    LOW 72    PCPN 0.02
...SARASOTA/BRADENTON    HIGH 91    LOW 74    PCPN 0.00
...LAKELAND*             HIGH 90    LOW 72    PCPN 0.00
...ST. PETERSBURG        HIGH 91    LOW 78    PCPN 0.00
...GULF WATER TEMPERATURE AT CLEARWATER BEACH 85 DEGREES

*LAKELAND DATA IS FROM 4:30 PM THURSDAY TO 4:30 PM FRIDAY
AND MAY REFLECT YESTERDAYS RAINFALL AND HIGH TEMPERATURE.
