000
CDUS42 KTBW 212128
CLITPA


CLIMATE REPORT
NATIONAL WEATHER SERVICE TAMPA BAY FL
525 PM EDT FRI JUL 21 2017


...................................

...THE TAMPA CLIMATE SUMMARY FOR JULY 21 2017...
VALID TODAY AS OF 0500 PM LOCAL TIME.

CLIMATE NORMAL PERIOD 1981 TO 2010
CLIMATE RECORD PERIOD 1890 TO 2017


WEATHER ITEM   OBSERVED TIME   RECORD YEAR NORMAL DEPARTURE LAST
                VALUE   (LST)  VALUE       VALUE  FROM      YEAR
                                                  NORMAL
..................................................................
TEMPERATURE (F)
 TODAY
  MAXIMUM         89   1258 PM  98    1942  90     -1       94
  MINIMUM         77    356 AM  69    1895  76      1       78
  AVERAGE         83                        83      0       86

PRECIPITATION (IN)
  TODAY            0.37          2.91 1919   0.23   0.14      T
  MONTH TO DATE    4.74                      4.86  -0.12     1.40
  SINCE JUN 1     12.64                     11.54   1.10    12.88
  SINCE JAN 1     18.66                     23.74  -5.08    28.78

DEGREE DAYS
 HEATING
  TODAY            0                         0      0        0
  MONTH TO DATE    0                         0      0        0
  SINCE JUN 1      0                         0      0        0
  SINCE JUL 1      0                         0      0        0

 COOLING
  TODAY           18                        18      0       21
  MONTH TO DATE  411                       378     33      432
  SINCE JUN 1    947                       894     53      983
  SINCE JAN 1   2263                      1771    492     2003
..................................................................


WIND (MPH)
  RESULTANT WIND SPEED   2   RESULTANT WIND DIRECTION  SE (130)
  HIGHEST WIND SPEED    15   HIGHEST WIND DIRECTION     W (280)
  HIGHEST GUST SPEED    20   HIGHEST GUST DIRECTION     W (280)
  AVERAGE WIND SPEED     3.3


SKY COVER
  POSSIBLE SUNSHINE  MM
  AVERAGE SKY COVER 0.6


WEATHER CONDITIONS
 THE FOLLOWING WEATHER WAS RECORDED TODAY.
  THUNDERSTORM
  RAIN
  LIGHT RAIN
  FOG


RELATIVE HUMIDITY (PERCENT)
 HIGHEST    91           600 AM
 LOWEST     72           100 PM

..........................................................


THE TAMPA CLIMATE NORMALS FOR TOMORROW
                         NORMAL    RECORD    YEAR
 MAXIMUM TEMPERATURE (F)   90        97      1942
 MINIMUM TEMPERATURE (F)   76        68      1907


SUNRISE AND SUNSET
JULY 21 2017..........SUNRISE   647 AM EDT   SUNSET   826 PM EDT
JULY 22 2017..........SUNRISE   647 AM EDT   SUNSET   825 PM EDT


-  INDICATES NEGATIVE NUMBERS.
R  INDICATES RECORD WAS SET OR TIED.
MM INDICATES DATA IS MISSING.
T  INDICATES TRACE AMOUNT.




$$


&&
------------------------------------------------------------------
******************** SUPPLEMENTAL DATA ***************************

...RUSKIN                HIGH 88    LOW 74    PCPN 0.47
...SARASOTA/BRADENTON    HIGH 88    LOW 77    PCPN 0.13
...LAKELAND*             HIGH 93    LOW 73    PCPN 1.80
...ST. PETERSBURG        HIGH 89    LOW 81    PCPN 0.01
...GULF WATER TEMPERATURE AT CLEARWATER BEACH 89 DEGREES

*LAKELAND DATA IS FROM 4:30 PM THURSDAY TO 4:30 PM FRIDAY
AND MAY REFLECT YESTERDAYS RAINFALL AND HIGH TEMPERATURE.
