000
CDUS42 KTBW 202217
CLITPA


CLIMATE REPORT
NATIONAL WEATHER SERVICE TAMPA BAY FL
515 PM EST SAT JAN 20 2018


...................................

...THE TAMPA CLIMATE SUMMARY FOR JANUARY 20 2018...
VALID TODAY AS OF 0500 PM LOCAL TIME.

CLIMATE NORMAL PERIOD 1981 TO 2010
CLIMATE RECORD PERIOD 1890 TO 2018


WEATHER ITEM   OBSERVED TIME   RECORD YEAR NORMAL DEPARTURE LAST
                VALUE   (LST)  VALUE       VALUE  FROM      YEAR
                                                  NORMAL
..................................................................
TEMPERATURE (F)
 TODAY
  MAXIMUM         70    127 PM  85    1990  70      0       80
  MINIMUM         47    330 AM  26    1977  52     -5       66
  AVERAGE         59                        61     -2       73

PRECIPITATION (IN)
  TODAY            0.00          1.31 1903   0.08  -0.08     0.00
  MONTH TO DATE    1.14                      1.35  -0.21     0.23
  SINCE DEC 1      1.99                      3.82  -1.83     0.66
  SINCE JAN 1      1.14                      1.35  -0.21     0.23

DEGREE DAYS
 HEATING
  TODAY            6                         6      0        0
  MONTH TO DATE  188                       120     68       42
  SINCE DEC 1    244                       259    -15       69
  SINCE JUL 1    252                       303    -51       84

 COOLING
  TODAY            0                         2     -2        8
  MONTH TO DATE   22                        38    -16       98
  SINCE DEC 1    160                       118     42      290
  SINCE JAN 1     22                        38    -16       98
..................................................................


WIND (MPH)
  RESULTANT WIND SPEED   1   RESULTANT WIND DIRECTION  NE (60)
  HIGHEST WIND SPEED     8   HIGHEST WIND DIRECTION    SW (230)
  HIGHEST GUST SPEED    12   HIGHEST GUST DIRECTION     N (20)
  AVERAGE WIND SPEED     2.8


SKY COVER
  POSSIBLE SUNSHINE  MM
  AVERAGE SKY COVER 0.8


WEATHER CONDITIONS
 THE FOLLOWING WEATHER WAS RECORDED TODAY.
  NO SIGNIFICANT WEATHER WAS OBSERVED.


RELATIVE HUMIDITY (PERCENT)
 HIGHEST    66           800 AM
 LOWEST     46           100 AM

..........................................................


THE TAMPA CLIMATE NORMALS FOR TOMORROW
                         NORMAL    RECORD    YEAR
 MAXIMUM TEMPERATURE (F)   70        83      1959
                                             1929
 MINIMUM TEMPERATURE (F)   52        21      1985


SUNRISE AND SUNSET
JANUARY 20 2018.......SUNRISE   722 AM EST   SUNSET   601 PM EST
JANUARY 21 2018.......SUNRISE   722 AM EST   SUNSET   602 PM EST


-  INDICATES NEGATIVE NUMBERS.
R  INDICATES RECORD WAS SET OR TIED.
MM INDICATES DATA IS MISSING.
T  INDICATES TRACE AMOUNT.




$$


&&
------------------------------------------------------------------
******************** SUPPLEMENTAL DATA ***************************

...RUSKIN                HIGH 68    LOW 45    PCPN 0.00
...SARASOTA/BRADENTON    HIGH 67    LOW 48    PCPN 0.00
...LAKELAND              HIGH 70    LOW 44    PCPN 0.00
...ST. PETERSBURG        HIGH 65    LOW 49    PCPN 0.00
...GULF WATER TEMPERATURE AT CLEARWATER BEACH 53 DEGREES

*LAKELAND DATA IS FROM 4:30 PM FRIDAY TO 4:30 PM SATURDAY
AND MAY REFLECT YESTERDAYS RAINFALL AND HIGH TEMPERATURE.
