000
CDUS42 KTBW 112213
CLITPA


CLIMATE REPORT
NATIONAL WEATHER SERVICE TAMPA BAY FL
512 PM EST THU FEB 11 2016


...................................

...THE TAMPA CLIMATE SUMMARY FOR FEBRUARY 11 2016...
VALID TODAY AS OF 0500 PM LOCAL TIME.

CLIMATE NORMAL PERIOD 1981 TO 2010
CLIMATE RECORD PERIOD 1890 TO 2016


WEATHER ITEM   OBSERVED TIME   RECORD YEAR NORMAL DEPARTURE LAST
                VALUE   (LST)  VALUE       VALUE  FROM      YEAR
                                                  NORMAL
..................................................................
TEMPERATURE (F)
 TODAY
  MAXIMUM         66    325 PM  84    1965  72     -6       66
                                      1959
  MINIMUM         42    557 AM  32    1973  54    -12       47
                                      1971
                                      1947
  AVERAGE         54                        63     -9       57

PRECIPITATION (IN)
  TODAY            0.00          2.58 1963   0.11  -0.11     0.00
  MONTH TO DATE    1.31                      1.12   0.19     2.80
  SINCE DEC 1      7.98                      5.82   2.16     6.12
  SINCE JAN 1      7.49                      3.35   4.14     4.55

DEGREE DAYS
 HEATING
  TODAY           11                         4      7        8
  MONTH TO DATE   76                        51     25       47
  SINCE DEC 1    255                       372   -117      263
  SINCE JUL 1    260                       416   -156      351

 COOLING
  TODAY            0                         2     -2        0
  MONTH TO DATE   29                        22      7        1
  SINCE DEC 1    334                       152    182      152
  SINCE JAN 1     59                        72    -13       57
..................................................................


WIND (MPH)
  RESULTANT WIND SPEED   1   RESULTANT WIND DIRECTION  SW (230)
  HIGHEST WIND SPEED    12   HIGHEST WIND DIRECTION     S (200)
  HIGHEST GUST SPEED    14   HIGHEST GUST DIRECTION    SW (230)
  AVERAGE WIND SPEED     4.5


SKY COVER
  POSSIBLE SUNSHINE  MM
  AVERAGE SKY COVER 0.0


WEATHER CONDITIONS
 THE FOLLOWING WEATHER WAS RECORDED TODAY.
  HAZE


RELATIVE HUMIDITY (PERCENT)
 HIGHEST    83           300 AM
 LOWEST     42          1200 PM

..........................................................


THE TAMPA CLIMATE NORMALS FOR TOMORROW
                         NORMAL    RECORD    YEAR
 MAXIMUM TEMPERATURE (F)   72        87      1959
 MINIMUM TEMPERATURE (F)   54        33      1973
                                             1964
                                             1955


SUNRISE AND SUNSET
FEBRUARY 11 2016......SUNRISE   711 AM EST   SUNSET   618 PM EST
FEBRUARY 12 2016......SUNRISE   710 AM EST   SUNSET   619 PM EST


-  INDICATES NEGATIVE NUMBERS.
R  INDICATES RECORD WAS SET OR TIED.
MM INDICATES DATA IS MISSING.
T  INDICATES TRACE AMOUNT.




$$


&&
------------------------------------------------------------------
******************** SUPPLEMENTAL DATA ***************************

...RUSKIN                HIGH 68    LOW 40    PCPN 0.00
...SARASOTA/BRADENTON    HIGH 65    LOW 39    PCPN 0.00
...LAKELAND              HIGH 65    LOW 39    PCPN 0.00
...ST. PETERSBURG        HIGH 64    LOW 47    PCPN 0.00
...GULF WATER TEMPERATURE AT CLEARWATER BEACH 56 DEGREES
