000
CDUS42 KTBW 022124
CLITPA


CLIMATE REPORT
NATIONAL WEATHER SERVICE TAMPA BAY FL
521 PM EDT TUE SEP 2 2014


...................................

...THE TAMPA CLIMATE SUMMARY FOR SEPTEMBER 2 2014...
VALID TODAY AS OF 0500 PM LOCAL TIME.

CLIMATE NORMAL PERIOD 1981 TO 2010
CLIMATE RECORD PERIOD 1890 TO 2014


WEATHER ITEM   OBSERVED TIME   RECORD YEAR NORMAL DEPARTURE LAST
                VALUE   (LST)  VALUE       VALUE  FROM      YEAR
                                                  NORMAL
..................................................................
TEMPERATURE (F)
 TODAY
  MAXIMUM         92   1252 PM  96    1958  90      2       90
                                      1912
  MINIMUM         77    213 AM  69    1968  76      1       78
                                      1914
                                      1911
  AVERAGE         85                        83      2       84

PRECIPITATION (IN)
  TODAY            T             1.80 1955   0.26  -0.26     0.00
  MONTH TO DATE    0.22                      0.52  -0.30      T
  SINCE SEP 1      0.22                      0.52  -0.30      T
  SINCE JAN 1     40.17                     34.24   5.93    42.52

DEGREE DAYS
 HEATING
  TODAY            0                         0      0        0
  MONTH TO DATE    0                         0      0        0
  SINCE SEP 1      0                         0      0        0
  SINCE JUL 1      0                         0      0        0

 COOLING
  TODAY           20                        18      2       19
  MONTH TO DATE   40                        36      4       38
  SINCE SEP 1     40                        36      4       38
  SINCE JAN 1   2557                      2551      6     2675
..................................................................


WIND (MPH)
  RESULTANT WIND SPEED   1   RESULTANT WIND DIRECTION  SW (230)
  HIGHEST WIND SPEED    20   HIGHEST WIND DIRECTION     W (270)
  HIGHEST GUST SPEED    23   HIGHEST GUST DIRECTION     W (270)
  AVERAGE WIND SPEED     5.1


SKY COVER
  POSSIBLE SUNSHINE  MM
  AVERAGE SKY COVER 0.5


WEATHER CONDITIONS
 THE FOLLOWING WEATHER WAS RECORDED TODAY.
  THUNDERSTORM


RELATIVE HUMIDITY (PERCENT)
 HIGHEST    85          1200 AM
 LOWEST     52           100 PM

..........................................................


THE TAMPA CLIMATE NORMALS FOR TOMORROW
                         NORMAL    RECORD    YEAR
 MAXIMUM TEMPERATURE (F)   90        95      1961
                                             1958
                                             1951
 MINIMUM TEMPERATURE (F)   76        66      1907


SUNRISE AND SUNSET
SEPTEMBER  2 2014.....SUNRISE   709 AM EDT   SUNSET   750 PM EDT
SEPTEMBER  3 2014.....SUNRISE   710 AM EDT   SUNSET   749 PM EDT


-  INDICATES NEGATIVE NUMBERS.
R  INDICATES RECORD WAS SET OR TIED.
MM INDICATES DATA IS MISSING.
T  INDICATES TRACE AMOUNT.




$$


&&
------------------------------------------------------------------
******************** SUPPLEMENTAL DATA ***************************

...RUSKIN                HIGH 94    LOW 76    PCPN    T
...SARASOTA/BRADENTON    HIGH 94    LOW 80    PCPN 0.20
...LAKELAND              HIGH 95    LOW 76    PCPN 0.00
...ST. PETERSBURG        HIGH 91    LOW 82    PCPN 0.01
...GULF WATER TEMPERATURE AT CLEARWATER BEACH 88
