269
CDUS42 KTBW 262219
CLITPA


CLIMATE REPORT
NATIONAL WEATHER SERVICE TAMPA BAY FL
517 PM EST SUN FEB 26 2017


...................................

...THE TAMPA CLIMATE SUMMARY FOR FEBRUARY 26 2017...
VALID TODAY AS OF 0500 PM LOCAL TIME.

CLIMATE NORMAL PERIOD 1981 TO 2010
CLIMATE RECORD PERIOD 1890 TO 2017


WEATHER ITEM   OBSERVED TIME   RECORD YEAR NORMAL DEPARTURE LAST
                VALUE   (LST)  VALUE       VALUE  FROM      YEAR
                                                  NORMAL
..................................................................
TEMPERATURE (F)
 TODAY
  MAXIMUM         81    439 PM  88    1971  74      7       62
  MINIMUM         59    743 AM  27    1967  56      3       49
  AVERAGE         70                        65      5       56

PRECIPITATION (IN)
  TODAY            0.00          2.69 1958   0.10  -0.10     0.00
  MONTH TO DATE    2.02                      2.63  -0.61     2.53
  SINCE DEC 1      3.35                      7.33  -3.98     9.20
  SINCE JAN 1      2.92                      4.86  -1.94     8.71

DEGREE DAYS
 HEATING
  TODAY            0                         3     -3        9
  MONTH TO DATE   13                       101    -88      109
  SINCE DEC 1    121                       422   -301      288
  SINCE JUL 1    136                       466   -330      293

 COOLING
  TODAY            5                         3      2        0
  MONTH TO DATE  107                        56     51       47
  SINCE DEC 1    426                       186    240      352
  SINCE JAN 1    234                       106    128       77
..................................................................


WIND (MPH)
  RESULTANT WIND SPEED   7   RESULTANT WIND DIRECTION  NE (30)
  HIGHEST WIND SPEED    16   HIGHEST WIND DIRECTION     N (360)
  HIGHEST GUST SPEED    23   HIGHEST GUST DIRECTION    NE (60)
  AVERAGE WIND SPEED     7.9


SKY COVER
  POSSIBLE SUNSHINE  MM
  AVERAGE SKY COVER 0.0


WEATHER CONDITIONS
 THE FOLLOWING WEATHER WAS RECORDED TODAY.
  NO SIGNIFICANT WEATHER WAS OBSERVED.


RELATIVE HUMIDITY (PERCENT)
 HIGHEST    93           100 AM
 LOWEST     16           400 PM

..........................................................


THE TAMPA CLIMATE NORMALS FOR TOMORROW
                         NORMAL    RECORD    YEAR
 MAXIMUM TEMPERATURE (F)   74        85      1939
 MINIMUM TEMPERATURE (F)   56        30      1974


SUNRISE AND SUNSET
FEBRUARY 26 2017......SUNRISE   657 AM EST   SUNSET   629 PM EST
FEBRUARY 27 2017......SUNRISE   656 AM EST   SUNSET   629 PM EST


-  INDICATES NEGATIVE NUMBERS.
R  INDICATES RECORD WAS SET OR TIED.
MM INDICATES DATA IS MISSING.
T  INDICATES TRACE AMOUNT.




$$


&&
------------------------------------------------------------------
******************** SUPPLEMENTAL DATA ***************************

...RUSKIN                HIGH 81    LOW 56    PCPN 0.00
...SARASOTA/BRADENTON    HIGH 81    LOW 60    PCPN 0.00
...LAKELAND*             HIGH 80    LOW 55    PCPN 0.00
...ST. PETERSBURG        HIGH 76    LOW 62    PCPN 0.00
...GULF WATER TEMPERATURE AT CLEARWATER BEACH MM DEGREES

*LAKELAND DATA IS FROM 4:30 PM SATURDAY TO 4:30 PM SUNDAY
AND MAY REFLECT YESTERDAYS RAINFALL AND HIGH TEMPERATURE.
