000
CDUS42 KTBW 210931
CLITPA


CLIMATE REPORT
NATIONAL WEATHER SERVICE TAMPA BAY FL
429 AM EST SUN DEC 21 2014


...................................

...THE TAMPA CLIMATE SUMMARY FOR DECEMBER 20 2014...

CLIMATE NORMAL PERIOD 1981 TO 2010
CLIMATE RECORD PERIOD 1890 TO 2014


WEATHER ITEM   OBSERVED TIME   RECORD YEAR NORMAL DEPARTURE LAST
                VALUE   (LST)  VALUE       VALUE  FROM      YEAR
                                                  NORMAL
..................................................................
TEMPERATURE (F)
 YESTERDAY
  MAXIMUM         76   1232 PM  86    1990  71      5       83
  MINIMUM         54    503 AM  29    1981  53      1       60
  AVERAGE         65                        62      3       72

PRECIPITATION (IN)
  YESTERDAY        T             1.39 1915   0.10  -0.10     0.00
  MONTH TO DATE    0.18                      1.59  -1.41     0.25
  SINCE DEC 1      0.18                      1.59  -1.41     0.25
  SINCE JAN 1     56.48                     45.42  11.06    51.92

DEGREE DAYS
 HEATING
  YESTERDAY        0                         5     -5        0
  MONTH TO DATE   81                        78      3       27
  SINCE DEC 1     81                        78      3       27
  SINCE JUL 1    169                       122     47       57

 COOLING
  YESTERDAY        0                         2     -2        7
  MONTH TO DATE   44                        56    -12      104
  SINCE DEC 1     44                        56    -12      104
  SINCE JAN 1   3469                      3586   -117     3840
..................................................................


WIND (MPH)
  RESULTANT WIND SPEED   1   RESULTANT WIND DIRECTION   S (160)
  HIGHEST WIND SPEED     8   HIGHEST WIND DIRECTION     W (260)
  HIGHEST GUST SPEED    11   HIGHEST GUST DIRECTION     S (190)
  AVERAGE WIND SPEED     2.1


SKY COVER
  POSSIBLE SUNSHINE  MM
  AVERAGE SKY COVER 0.6


WEATHER CONDITIONS
 THE FOLLOWING WEATHER WAS RECORDED YESTERDAY.
  NO SIGNIFICANT WEATHER WAS OBSERVED.


RELATIVE HUMIDITY (PERCENT)
 HIGHEST    86           800 AM
 LOWEST     52          1200 AM
 AVERAGE    69

..........................................................


THE TAMPA CLIMATE NORMALS FOR TODAY
                         NORMAL    RECORD    YEAR
 MAXIMUM TEMPERATURE (F)   71        85      1990
 MINIMUM TEMPERATURE (F)   53        24      1901


SUNRISE AND SUNSET
DECEMBER 21 2014......SUNRISE   717 AM EST   SUNSET   539 PM EST
DECEMBER 22 2014......SUNRISE   718 AM EST   SUNSET   540 PM EST


-  INDICATES NEGATIVE NUMBERS.
R  INDICATES RECORD WAS SET OR TIED.
MM INDICATES DATA IS MISSING.
T  INDICATES TRACE AMOUNT.




$$


&&
------------------------------------------------------------------
******************** SUPPLEMENTAL DATA ***************************

...RUSKIN                HIGH 79    LOW 53    PCPN 0.00
...SARASOTA/BRADENTON    HIGH 77    LOW 52    PCPN 0.00
...ST. PETERSBURG        HIGH 76    LOW 60    PCPN 0.00
...GULF WATER TEMPERATURE AT CLEARWATER BEACH 65
