000
CDUS42 KTBW 242142
CLITPA


CLIMATE REPORT
NATIONAL WEATHER SERVICE TAMPA BAY FL
540 PM EDT MON APR 24 2017


...................................

...THE TAMPA CLIMATE SUMMARY FOR APRIL 24 2017...
VALID TODAY AS OF 0500 PM LOCAL TIME.

CLIMATE NORMAL PERIOD 1981 TO 2010
CLIMATE RECORD PERIOD 1890 TO 2017


WEATHER ITEM   OBSERVED TIME   RECORD YEAR NORMAL DEPARTURE LAST
                VALUE   (LST)  VALUE       VALUE  FROM      YEAR
                                                  NORMAL
..................................................................
TEMPERATURE (F)
 TODAY
  MAXIMUM         80    214 PM  90    2002  83     -3       85
                                      1999
  MINIMUM         73    637 AM  48    1903  65      8       66
  AVERAGE         77                        74      3       76

PRECIPITATION (IN)
  TODAY            0.00          1.28 1994   0.06  -0.06     0.03
  MONTH TO DATE    0.59                      1.69  -1.10     1.54
  SINCE MAR 1      1.58                      4.72  -3.14     3.30
  SINCE JAN 1      4.54                      9.76  -5.22    12.01

DEGREE DAYS
 HEATING
  TODAY            0                         0      0        0
  MONTH TO DATE    0                         9     -9        0
  SINCE MAR 1     28                        65    -37       15
  SINCE JUL 1    164                       536   -372      323

 COOLING
  TODAY           12                         9      3       11
  MONTH TO DATE  273                       164    109      206
  SINCE MAR 1    464                       290    174      421
  SINCE JAN 1    717                       403    314      499
..................................................................


WIND (MPH)
  RESULTANT WIND SPEED  11   RESULTANT WIND DIRECTION   W (270)
  HIGHEST WIND SPEED    23   HIGHEST WIND DIRECTION     W (270)
  HIGHEST GUST SPEED    30   HIGHEST GUST DIRECTION     W (270)
  AVERAGE WIND SPEED    11.6


SKY COVER
  POSSIBLE SUNSHINE  MM
  AVERAGE SKY COVER 0.6


WEATHER CONDITIONS
 THE FOLLOWING WEATHER WAS RECORDED TODAY.
  NO SIGNIFICANT WEATHER WAS OBSERVED.


RELATIVE HUMIDITY (PERCENT)
 HIGHEST    79          1200 AM
 LOWEST     48           200 PM

..........................................................


THE TAMPA CLIMATE NORMALS FOR TOMORROW
                         NORMAL    RECORD    YEAR
 MAXIMUM TEMPERATURE (F)   83        93      1958
 MINIMUM TEMPERATURE (F)   65        52      2005
                                             1903


SUNRISE AND SUNSET
APRIL 24 2017.........SUNRISE   656 AM EDT   SUNSET   801 PM EDT
APRIL 25 2017.........SUNRISE   655 AM EDT   SUNSET   801 PM EDT


-  INDICATES NEGATIVE NUMBERS.
R  INDICATES RECORD WAS SET OR TIED.
MM INDICATES DATA IS MISSING.
T  INDICATES TRACE AMOUNT.




$$


&&
------------------------------------------------------------------
******************** SUPPLEMENTAL DATA ***************************

...RUSKIN                HIGH 77    LOW 68    PCPN TRACE
...SARASOTA/BRADENTON    HIGH 80    LOW 73    PCPN TRACE
...LAKELAND*             HIGH 87    LOW 67    PCPN TRACE
...ST. PETERSBURG        HIGH 75    LOW 71    PCPN 0.00
...GULF WATER TEMPERATURE AT CLEARWATER BEACH 78 DEGREES

*LAKELAND DATA IS FROM 4:30 PM SUNDAY TO 4:30 PM MONDAY
AND MAY REFLECT YESTERDAYS RAINFALL AND HIGH TEMPERATURE.
