000
CDUS42 KTBW 030828
CLITPA


CLIMATE REPORT
NATIONAL WEATHER SERVICE TAMPA BAY FL
426 AM EDT TUE MAY 3 2016


...................................

...THE TAMPA CLIMATE SUMMARY FOR MAY 2 2016...

CLIMATE NORMAL PERIOD 1981 TO 2010
CLIMATE RECORD PERIOD 1890 TO 2016


WEATHER ITEM   OBSERVED TIME   RECORD YEAR NORMAL DEPARTURE LAST
                VALUE   (LST)  VALUE       VALUE  FROM      YEAR
                                                  NORMAL
..................................................................
TEMPERATURE (F)
 YESTERDAY
  MAXIMUM         89    242 PM  97    1990  85      4       82
  MINIMUM         74    627 AM  52    1999  66      8       63
  AVERAGE         82                        75      7       73

PRECIPITATION (IN)
  YESTERDAY        0.00          3.11 2014   0.05  -0.05     0.00
  MONTH TO DATE    0.00                      0.10  -0.10     0.00
  SINCE MAR 1      3.43                      5.16  -1.73     5.85
  SINCE JAN 1     12.14                     10.20   1.94    14.15

DEGREE DAYS
 HEATING
  YESTERDAY        0                         0      0        0
  MONTH TO DATE    0                         0      0        0
  SINCE MAR 1     15                        67    -52       12
  SINCE JUL 1    323                       538   -215      467

 COOLING
  YESTERDAY       17                        11      6        8
  MONTH TO DATE   34                        21     13       17
  SINCE MAR 1    543                       368    175      682
  SINCE JAN 1    621                       481    140      749
..................................................................


WIND (MPH)
  RESULTANT WIND SPEED   6   RESULTANT WIND DIRECTION   S (200)
  HIGHEST WIND SPEED    16   HIGHEST WIND DIRECTION     S (200)
  HIGHEST GUST SPEED    20   HIGHEST GUST DIRECTION     S (200)
  AVERAGE WIND SPEED     8.8


SKY COVER
  POSSIBLE SUNSHINE  MM
  AVERAGE SKY COVER 0.3


WEATHER CONDITIONS
 THE FOLLOWING WEATHER WAS RECORDED YESTERDAY.
  NO SIGNIFICANT WEATHER WAS OBSERVED.


RELATIVE HUMIDITY (PERCENT)
 HIGHEST    87           500 AM
 LOWEST     55           100 PM
 AVERAGE    71

..........................................................


THE TAMPA CLIMATE NORMALS FOR TODAY
                         NORMAL    RECORD    YEAR
 MAXIMUM TEMPERATURE (F)   85        94      1953
 MINIMUM TEMPERATURE (F)   67        54      1925


SUNRISE AND SUNSET
MAY  3 2016...........SUNRISE   648 AM EDT   SUNSET   806 PM EDT
MAY  4 2016...........SUNRISE   648 AM EDT   SUNSET   807 PM EDT


-  INDICATES NEGATIVE NUMBERS.
R  INDICATES RECORD WAS SET OR TIED.
MM INDICATES DATA IS MISSING.
T  INDICATES TRACE AMOUNT.




$$


&&
------------------------------------------------------------------
******************** SUPPLEMENTAL DATA ***************************

...RUSKIN                HIGH 91    LOW 69    PCPN 0.00
...SARASOTA/BRADENTON    HIGH 88    LOW 70    PCPN 0.00
...ST. PETERSBURG        HIGH 86    LOW 74    PCPN 0.00
...GULF WATER TEMPERATURE AT CLEARWATER BEACH 81 DEGREES
