000
CDUS42 KTBW 302119
CLITPA


CLIMATE REPORT
NATIONAL WEATHER SERVICE TAMPA BAY FL
517 PM EDT FRI SEP 30 2016


...................................

...THE TAMPA CLIMATE SUMMARY FOR SEPTEMBER 30 2016...
VALID TODAY AS OF 0500 PM LOCAL TIME.

CLIMATE NORMAL PERIOD 1981 TO 2010
CLIMATE RECORD PERIOD 1890 TO 2016


WEATHER ITEM   OBSERVED TIME   RECORD YEAR NORMAL DEPARTURE LAST
                VALUE   (LST)  VALUE       VALUE  FROM      YEAR
                                                  NORMAL
..................................................................
TEMPERATURE (F)
 TODAY
  MAXIMUM         89    240 PM  93    2005  87      2       90
                                      1986
                                      1961
  MINIMUM         77    513 AM  62    1947  72      5       78
                                      1920
  AVERAGE         83                        80      3       84

PRECIPITATION (IN)
  TODAY            0.03          2.72 1987   0.15  -0.12     0.00
  MONTH TO DATE    4.10                      6.30  -2.20     5.46
  SINCE SEP 1      4.10                      6.30  -2.20     5.46
  SINCE JAN 1     50.53                     40.02  10.51    60.89

DEGREE DAYS
 HEATING
  TODAY            0                         0      0        0
  MONTH TO DATE    0                         0      0        0
  SINCE SEP 1      0                         0      0        0
  SINCE JUL 1      0                         0      0        0

 COOLING
  TODAY           18                        15      3       19
  MONTH TO DATE  570                       501     69      540
  SINCE SEP 1    570                       501     69      540
  SINCE JAN 1   3356                      3016    340     3454
..................................................................


WIND (MPH)
  RESULTANT WIND SPEED   5   RESULTANT WIND DIRECTION   S (190)
  HIGHEST WIND SPEED    14   HIGHEST WIND DIRECTION     W (290)
  HIGHEST GUST SPEED    18   HIGHEST GUST DIRECTION     S (170)
  AVERAGE WIND SPEED     6.3


SKY COVER
  POSSIBLE SUNSHINE  MM
  AVERAGE SKY COVER 0.4


WEATHER CONDITIONS
 THE FOLLOWING WEATHER WAS RECORDED TODAY.
  THUNDERSTORM
  LIGHT RAIN


RELATIVE HUMIDITY (PERCENT)
 HIGHEST    94           500 AM
 LOWEST     68          1200 PM

..........................................................


THE TAMPA CLIMATE NORMALS FOR TOMORROW
                         NORMAL    RECORD    YEAR
 MAXIMUM TEMPERATURE (F)   87        92      2015
                                             2002
                                             1990
 MINIMUM TEMPERATURE (F)   72        52      1920


SUNRISE AND SUNSET
SEPTEMBER 30 2016.....SUNRISE   723 AM EDT   SUNSET   717 PM EDT
OCTOBER  1 2016.......SUNRISE   723 AM EDT   SUNSET   716 PM EDT


-  INDICATES NEGATIVE NUMBERS.
R  INDICATES RECORD WAS SET OR TIED.
MM INDICATES DATA IS MISSING.
T  INDICATES TRACE AMOUNT.




$$


&&
------------------------------------------------------------------
******************** SUPPLEMENTAL DATA ***************************

...RUSKIN                HIGH 88    LOW 73    PCPN 0.60
...SARASOTA/BRADENTON    HIGH 90    LOW 76    PCPN TRACE
...ST. PETERSBURG        HIGH 86    LOW 78    PCPN 0.14
...GULF WATER TEMPERATURE AT CLEARWATER BEACH 86 DEGREES
