000
CDUS42 KTBW 122118
CLITPA


CLIMATE REPORT
NATIONAL WEATHER SERVICE TAMPA BAY FL
515 PM EDT SAT JUL 12 2014


...................................

...THE TAMPA CLIMATE SUMMARY FOR JULY 12 2014...
VALID TODAY AS OF 0500 PM LOCAL TIME.

CLIMATE NORMAL PERIOD 1981 TO 2010
CLIMATE RECORD PERIOD 1890 TO 2014


WEATHER ITEM   OBSERVED TIME   RECORD YEAR NORMAL DEPARTURE LAST
                VALUE   (LST)  VALUE       VALUE  FROM      YEAR
                                                  NORMAL
..................................................................
TEMPERATURE (F)
 TODAY
  MAXIMUM         90    300 PM  96    1988  90      0       87
                                      1932
  MINIMUM         77    612 AM  66    1890  76      1       76
  AVERAGE         84                        83      1       82

PRECIPITATION (IN)
  TODAY            0.00          4.78 1933   0.22  -0.22     0.06
  MONTH TO DATE    6.58                      2.94   3.64     4.28
  SINCE JUN 1      8.35                      9.62  -1.27    15.58
  SINCE JAN 1     27.68                     21.82   5.86    24.70

DEGREE DAYS
 HEATING
  TODAY            0                         0      0        0
  MONTH TO DATE    0                         0      0        0
  SINCE JUN 1      0                         0      0        0
  SINCE JUL 1      0                         0      0        0

 COOLING
  TODAY           19                        18      1       17
  MONTH TO DATE  206                       216    -10      209
  SINCE JUN 1    732                       732      0      732
  SINCE JAN 1   1555                      1609    -54     1707
..................................................................


WIND (MPH)
  RESULTANT WIND SPEED   1   RESULTANT WIND DIRECTION   S (180)
  HIGHEST WIND SPEED    17   HIGHEST WIND DIRECTION    NW (320)
  HIGHEST GUST SPEED    20   HIGHEST GUST DIRECTION    NW (330)
  AVERAGE WIND SPEED     5.8


SKY COVER
  POSSIBLE SUNSHINE  MM
  AVERAGE SKY COVER 0.8


WEATHER CONDITIONS
 THE FOLLOWING WEATHER WAS RECORDED TODAY.
  NO SIGNIFICANT WEATHER WAS OBSERVED.


RELATIVE HUMIDITY (PERCENT)
 HIGHEST    88           600 AM
 LOWEST     56           200 PM

..........................................................


THE TAMPA CLIMATE NORMALS FOR TOMORROW
                         NORMAL    RECORD    YEAR
 MAXIMUM TEMPERATURE (F)   90        96      1961
 MINIMUM TEMPERATURE (F)   76        68      1920
                                             1917
                                             1902


SUNRISE AND SUNSET
JULY 12 2014..........SUNRISE   642 AM EDT   SUNSET   829 PM EDT
JULY 13 2014..........SUNRISE   643 AM EDT   SUNSET   829 PM EDT


-  INDICATES NEGATIVE NUMBERS.
R  INDICATES RECORD WAS SET OR TIED.
MM INDICATES DATA IS MISSING.
T  INDICATES TRACE AMOUNT.




$$


&&
------------------------------------------------------------------
******************** SUPPLEMENTAL DATA ***************************

...RUSKIN                HIGH 93    LOW 73    PCPN 0.00
...SARASOTA/BRADENTON    HIGH 93    LOW 76    PCPN T
...LAKELAND              HIGH 91    LOW 75    PCPN 0.23
...ST. PETERSBURG        HIGH 90    LOW 78    PCPN 0.00
...GULF WATER TEMPERATURE AT CLEARWATER BEACH 87
