000
CDUS42 KTBW 282133
CLITPA


CLIMATE REPORT
NATIONAL WEATHER SERVICE TAMPA BAY FL
531 PM EDT SUN AUG 28 2016


...................................

...THE TAMPA CLIMATE SUMMARY FOR AUGUST 28 2016...
VALID TODAY AS OF 0500 PM LOCAL TIME.

CLIMATE NORMAL PERIOD 1981 TO 2010
CLIMATE RECORD PERIOD 1890 TO 2016


WEATHER ITEM   OBSERVED TIME   RECORD YEAR NORMAL DEPARTURE LAST
                VALUE   (LST)  VALUE       VALUE  FROM      YEAR
                                                  NORMAL
..................................................................
TEMPERATURE (F)
 TODAY
  MAXIMUM         95    205 PM  97    1960  90      5       88
  MINIMUM         78    222 AM  68    1984  76      2       75
  AVERAGE         87                        83      4       82

PRECIPITATION (IN)
  TODAY            0.04          4.65 1925   0.25  -0.21      T
  MONTH TO DATE    6.96                      7.03  -0.07    14.89
  SINCE JUN 1     24.78                     20.78   4.00    32.96
  SINCE JAN 1     40.68                     32.98   7.70    53.85

DEGREE DAYS
 HEATING
  TODAY            0                         0      0        0
  MONTH TO DATE    0                         0      0        0
  SINCE JUN 1      0                         0      0        0
  SINCE JUL 1      0                         0      0        0

 COOLING
  TODAY           22                        18      4       17
  MONTH TO DATE  542                       504     38      523
  SINCE JUN 1   1717                      1578    139     1639
  SINCE JAN 1   2737                      2455    282     2860
..................................................................


WIND (MPH)
  RESULTANT WIND SPEED   6   RESULTANT WIND DIRECTION   E (70)
  HIGHEST WIND SPEED    17   HIGHEST WIND DIRECTION    NE (50)
  HIGHEST GUST SPEED    25   HIGHEST GUST DIRECTION     E (70)
  AVERAGE WIND SPEED     6.7


SKY COVER
  POSSIBLE SUNSHINE  MM
  AVERAGE SKY COVER 0.6


WEATHER CONDITIONS
 THE FOLLOWING WEATHER WAS RECORDED TODAY.
  THUNDERSTORM
  LIGHT RAIN
  HAZE


RELATIVE HUMIDITY (PERCENT)
 HIGHEST    97           400 AM
 LOWEST     52           200 PM

..........................................................


THE TAMPA CLIMATE NORMALS FOR TOMORROW
                         NORMAL    RECORD    YEAR
 MAXIMUM TEMPERATURE (F)   90        97      1951
 MINIMUM TEMPERATURE (F)   76        69      1969


SUNRISE AND SUNSET
AUGUST 28 2016........SUNRISE   707 AM EDT   SUNSET   755 PM EDT
AUGUST 29 2016........SUNRISE   708 AM EDT   SUNSET   754 PM EDT


-  INDICATES NEGATIVE NUMBERS.
R  INDICATES RECORD WAS SET OR TIED.
MM INDICATES DATA IS MISSING.
T  INDICATES TRACE AMOUNT.




$$


&&
------------------------------------------------------------------
******************** SUPPLEMENTAL DATA ***************************


...GULF WATER TEMPERATURE AT CLEARWATER BEACH 87 DEGREES
