000
CDUS45 KLKN 040936
CLITPH


CLIMATE REPORT
NATIONAL WEATHER SERVICE ELKO NV
230 AM PDT SAT JUL 4 2015


...................................

...THE TONOPAH AIRPORT NV CLIMATE SUMMARY FOR JULY 3 2015...

CLIMATE NORMAL PERIOD 1981 TO 2010
CLIMATE RECORD PERIOD 1954 TO 2015


WEATHER ITEM   OBSERVED TIME   RECORD YEAR NORMAL DEPARTURE LAST
                VALUE   (LST)  VALUE       VALUE  FROM      YEAR
                                                  NORMAL
..................................................................
TEMPERATURE (F)
 YESTERDAY
  MAXIMUM         96    345 PM 102    2013  90      6       96
  MINIMUM         65    514 AM  42    1979  56      9       61
  AVERAGE         81                        73      8       79

PRECIPITATION (IN)
  YESTERDAY        0.00          0.03 2013   0.01  -0.01     0.00
  MONTH TO DATE    0.06                      0.02   0.04      T
  SINCE OCT 1      2.61                      3.92  -1.31     1.38
  SINCE JAN 1      2.13                      2.83  -0.70     0.92

DEGREE DAYS
 HEATING
  YESTERDAY        0                         0      0        0
  MONTH TO DATE    0                         0      0        0
  SINCE JUN 1      6                        50    -44       15
  SINCE JUL 1      0                         0      0        0

 COOLING
  YESTERDAY       16                         8      8       14
  MONTH TO DATE   49                        24     25       48
  SINCE JUN 1    340                       169    171      264
  SINCE JAN 1    363                       196    167      298
..................................................................


WIND (MPH)
  HIGHEST WIND SPEED    21   HIGHEST WIND DIRECTION    SW (220)
  HIGHEST GUST SPEED    26   HIGHEST GUST DIRECTION    SW (210)
  AVERAGE WIND SPEED     8.3



WEATHER CONDITIONS
 THE FOLLOWING WEATHER WAS RECORDED YESTERDAY.
  NO SIGNIFICANT WEATHER WAS OBSERVED.


RELATIVE HUMIDITY (PERCENT)
 HIGHEST    63           400 AM
 LOWEST     10           500 PM
 AVERAGE    37

..........................................................


THE TONOPAH AIRPORT NV CLIMATE NORMALS FOR TODAY
                         NORMAL    RECORD    YEAR
 MAXIMUM TEMPERATURE (F)   91       101      1985
 MINIMUM TEMPERATURE (F)   56        42      1978


SUNRISE AND SUNSET
JULY  4 2015..........SUNRISE   531 AM PDT   SUNSET   815 PM PDT
JULY  5 2015..........SUNRISE   531 AM PDT   SUNSET   814 PM PDT


-  INDICATES NEGATIVE NUMBERS.
R  INDICATES RECORD WAS SET OR TIED.
MM INDICATES DATA IS MISSING.
T  INDICATES TRACE AMOUNT.




$$
