000
CDUS45 KLKN 270931
CLITPH


CLIMATE REPORT
NATIONAL WEATHER SERVICE ELKO NV
226 AM PDT MON MAR 27 2017


...................................

...THE TONOPAH AIRPORT NV CLIMATE SUMMARY FOR MARCH 26 2017...

CLIMATE NORMAL PERIOD 1981 TO 2010
CLIMATE RECORD PERIOD 1954 TO 2017


WEATHER ITEM   OBSERVED TIME   RECORD YEAR NORMAL DEPARTURE LAST
                VALUE   (LST)  VALUE       VALUE  FROM      YEAR
                                                  NORMAL
..................................................................
TEMPERATURE (F)
 YESTERDAY
  MAXIMUM         58    441 PM  77    1960  59     -1       56
  MINIMUM         32    534 AM  16    1975  30      2       32
  AVERAGE         45                        45      0       44

PRECIPITATION (IN)
  YESTERDAY        0.00          0.29 1982   0.02  -0.02     0.00
  MONTH TO DATE    0.34                      0.50  -0.16     0.38
  SINCE OCT 1      1.85                      2.60  -0.75     4.83
  SINCE JAN 1      1.32                      1.51  -0.19     1.45

DEGREE DAYS
 HEATING
  YESTERDAY       20                        20      0       21
  MONTH TO DATE  431                       586   -155      478
  SINCE MAR 1    431                       586   -155      478
  SINCE JUL 1   4296                      4628   -332     4405

 COOLING
  YESTERDAY        0                         0      0        0
  MONTH TO DATE    0                         0      0        0
  SINCE MAR 1      0                         0      0        0
  SINCE JAN 1      0                         0      0        0
..................................................................


WIND (MPH)
  HIGHEST WIND SPEED    20   HIGHEST WIND DIRECTION     S (190)
  HIGHEST GUST SPEED    25   HIGHEST GUST DIRECTION     S (170)
  AVERAGE WIND SPEED     9.2



WEATHER CONDITIONS
 THE FOLLOWING WEATHER WAS RECORDED YESTERDAY.
  NO SIGNIFICANT WEATHER WAS OBSERVED.


RELATIVE HUMIDITY (PERCENT)
 HIGHEST    MM
 LOWEST     MM
 AVERAGE    MM

..........................................................


THE TONOPAH AIRPORT NV CLIMATE NORMALS FOR TODAY
                         NORMAL    RECORD    YEAR
 MAXIMUM TEMPERATURE (F)   59        78      2015
 MINIMUM TEMPERATURE (F)   31        16      1975


SUNRISE AND SUNSET
MARCH 27 2017.........SUNRISE   641 AM PDT   SUNSET   707 PM PDT
MARCH 28 2017.........SUNRISE   639 AM PDT   SUNSET   708 PM PDT


-  INDICATES NEGATIVE NUMBERS.
R  INDICATES RECORD WAS SET OR TIED.
MM INDICATES DATA IS MISSING.
T  INDICATES TRACE AMOUNT.




$$
