000
CDUS45 KLKN 300931
CLITPH


CLIMATE REPORT
NATIONAL WEATHER SERVICE ELKO NV
227 AM PDT THU JUL 30 2015


...................................

...THE TONOPAH AIRPORT NV CLIMATE SUMMARY FOR JULY 29 2015...

CLIMATE NORMAL PERIOD 1981 TO 2010
CLIMATE RECORD PERIOD 1954 TO 2015


WEATHER ITEM   OBSERVED TIME   RECORD YEAR NORMAL DEPARTURE LAST
                VALUE   (LST)  VALUE       VALUE  FROM      YEAR
                                                  NORMAL
..................................................................
TEMPERATURE (F)
 YESTERDAY
  MAXIMUM         93    421 PM 100    1991  92      1       86
  MINIMUM         59    436 AM  49    1983  58      1       61
  AVERAGE         76                        75      1       74

PRECIPITATION (IN)
  YESTERDAY        0.00          0.17 2014   0.02  -0.02     0.17
  MONTH TO DATE    0.11                      0.41  -0.30     1.29
  SINCE OCT 1      2.66                      4.31  -1.65     2.67
  SINCE JAN 1      2.18                      3.22  -1.04     2.21

DEGREE DAYS
 HEATING
  YESTERDAY        0                         0      0        0
  MONTH TO DATE    0                         0      0        0
  SINCE JUN 1      6                        50    -44       15
  SINCE JUL 1      0                         0      0        0

 COOLING
  YESTERDAY       11                        10      1        9
  MONTH TO DATE  244                       278    -34      380
  SINCE JUN 1    535                       423    112      596
  SINCE JAN 1    558                       450    108      630
..................................................................


WIND (MPH)
  HIGHEST WIND SPEED    18   HIGHEST WIND DIRECTION     N (10)
  HIGHEST GUST SPEED    22   HIGHEST GUST DIRECTION    SE (150)
  AVERAGE WIND SPEED     8.1



WEATHER CONDITIONS
 THE FOLLOWING WEATHER WAS RECORDED YESTERDAY.
  NO SIGNIFICANT WEATHER WAS OBSERVED.


RELATIVE HUMIDITY (PERCENT)
 HIGHEST    19           400 AM
 LOWEST      6           200 PM
 AVERAGE    13

..........................................................


THE TONOPAH AIRPORT NV CLIMATE NORMALS FOR TODAY
                         NORMAL    RECORD    YEAR
 MAXIMUM TEMPERATURE (F)   92       100      2000
                                             1971
 MINIMUM TEMPERATURE (F)   58        51      2001
                                             1998
                                             1987


SUNRISE AND SUNSET
JULY 30 2015..........SUNRISE   549 AM PDT   SUNSET   800 PM PDT
JULY 31 2015..........SUNRISE   550 AM PDT   SUNSET   759 PM PDT


-  INDICATES NEGATIVE NUMBERS.
R  INDICATES RECORD WAS SET OR TIED.
MM INDICATES DATA IS MISSING.
T  INDICATES TRACE AMOUNT.




$$
