000
CDUS45 KLKN 020932
CLITPH


CLIMATE REPORT
NATIONAL WEATHER SERVICE ELKO NV
131 AM PST FRI DEC 2 2016


...................................

...THE TONOPAH AIRPORT NV CLIMATE SUMMARY FOR DECEMBER 1 2016...

CLIMATE NORMAL PERIOD 1981 TO 2010
CLIMATE RECORD PERIOD 1954 TO 2016


WEATHER ITEM   OBSERVED TIME   RECORD YEAR NORMAL DEPARTURE LAST
                VALUE   (LST)  VALUE       VALUE  FROM      YEAR
                                                  NORMAL
..................................................................
TEMPERATURE (F)
 YESTERDAY
  MAXIMUM         41    257 PM  70    1959  47     -6       49
  MINIMUM         23    720 AM   9    1967  21      2       19
  AVERAGE         32                        34     -2       34

PRECIPITATION (IN)
  YESTERDAY        0.00          0.18 1955   0.01  -0.01     0.00
  MONTH TO DATE    0.00                      0.01  -0.01     0.00
  SINCE OCT 1      0.20                      0.79  -0.59     3.31
  SINCE JAN 1      3.77                      4.94  -1.17     5.78

DEGREE DAYS
 HEATING
  YESTERDAY       33                        31      2       31
  MONTH TO DATE   33                        31      2       31
  SINCE DEC 1     33                        31      2       31
  SINCE JUL 1   1050                      1248   -198     1105

 COOLING
  YESTERDAY        0                         0      0        0
  MONTH TO DATE    0                         0      0        0
  SINCE DEC 1      0                         0      0        0
  SINCE JAN 1   1022                       783    239     1034
..................................................................


WIND (MPH)
  HIGHEST WIND SPEED    18   HIGHEST WIND DIRECTION     N (360)
  HIGHEST GUST SPEED    22   HIGHEST GUST DIRECTION     N (10)
  AVERAGE WIND SPEED    11.4



WEATHER CONDITIONS
 THE FOLLOWING WEATHER WAS RECORDED YESTERDAY.
  NO SIGNIFICANT WEATHER WAS OBSERVED.


RELATIVE HUMIDITY (PERCENT)
 HIGHEST    88           500 AM
 LOWEST     34           100 PM
 AVERAGE    61

..........................................................


THE TONOPAH AIRPORT NV CLIMATE NORMALS FOR TODAY
                         NORMAL    RECORD    YEAR
 MAXIMUM TEMPERATURE (F)   47        64      1958
 MINIMUM TEMPERATURE (F)   21         8      1967


SUNRISE AND SUNSET
DECEMBER  2 2016......SUNRISE   647 AM PST   SUNSET   429 PM PST
DECEMBER  3 2016......SUNRISE   648 AM PST   SUNSET   429 PM PST


-  INDICATES NEGATIVE NUMBERS.
R  INDICATES RECORD WAS SET OR TIED.
MM INDICATES DATA IS MISSING.
T  INDICATES TRACE AMOUNT.




$$
