000
CDUS45 KLKN 290933
CLITPH


CLIMATE REPORT
NATIONAL WEATHER SERVICE ELKO NV
228 AM PDT FRI AUG 29 2014


...................................

...THE TONOPAH AIRPORT NV CLIMATE SUMMARY FOR AUGUST 28 2014...

CLIMATE NORMAL PERIOD 1981 TO 2010
CLIMATE RECORD PERIOD 1954 TO 2014


WEATHER ITEM   OBSERVED TIME   RECORD YEAR NORMAL DEPARTURE LAST
                VALUE   (LST)  VALUE       VALUE  FROM      YEAR
                                                  NORMAL
..................................................................
TEMPERATURE (F)
 YESTERDAY
  MAXIMUM         90    400 PM  97    2001  87      3       89
  MINIMUM         56    528 AM  45    1980  53      3       59
                                      1975
                                      1963
  AVERAGE         73                        70      3       74

PRECIPITATION (IN)
  YESTERDAY        0.00          0.21 1982   0.01  -0.01     0.01
  MONTH TO DATE    0.77                      0.46   0.31     0.17
  SINCE OCT 1      3.48                      4.81  -1.33     3.25
  SINCE JAN 1      3.02                      3.72  -0.70     2.03

DEGREE DAYS
 HEATING
  YESTERDAY        0                         0      0        0
  MONTH TO DATE    0                         0      0        0
  SINCE JUN 1     15                        52    -37        3
  SINCE JUL 1      0                         2     -2        0

 COOLING
  YESTERDAY        8                         6      2        9
  MONTH TO DATE  182                       223    -41      217
  SINCE JUN 1    800                       671    129      868
  SINCE JAN 1    834                       698    136      891
..................................................................


WIND (MPH)
  HIGHEST WIND SPEED    15   HIGHEST WIND DIRECTION     W (280)
  HIGHEST GUST SPEED    20   HIGHEST GUST DIRECTION     W (280)
  AVERAGE WIND SPEED     6.6



WEATHER CONDITIONS
 THE FOLLOWING WEATHER WAS RECORDED YESTERDAY.
  NO SIGNIFICANT WEATHER WAS OBSERVED.


RELATIVE HUMIDITY (PERCENT)
 HIGHEST    33           400 AM
 LOWEST      9           300 PM
 AVERAGE    21

..........................................................


THE TONOPAH AIRPORT NV CLIMATE NORMALS FOR TODAY
                         NORMAL    RECORD    YEAR
 MAXIMUM TEMPERATURE (F)   87        97      1998
 MINIMUM TEMPERATURE (F)   53        41      1957


SUNRISE AND SUNSET
AUGUST 29 2014........SUNRISE   616 AM PDT   SUNSET   722 PM PDT
AUGUST 30 2014........SUNRISE   616 AM PDT   SUNSET   721 PM PDT


-  INDICATES NEGATIVE NUMBERS.
R  INDICATES RECORD WAS SET OR TIED.
MM INDICATES DATA IS MISSING.
T  INDICATES TRACE AMOUNT.




$$
