000
CDUS45 KLKN 240930
CLITPH


CLIMATE REPORT
NATIONAL WEATHER SERVICE ELKO NV
229 AM PDT WED AUG 24 2016


...................................

...THE TONOPAH AIRPORT NV CLIMATE SUMMARY FOR AUGUST 23 2016...

CLIMATE NORMAL PERIOD 1981 TO 2010
CLIMATE RECORD PERIOD 1954 TO 2016


WEATHER ITEM   OBSERVED TIME   RECORD YEAR NORMAL DEPARTURE LAST
                VALUE   (LST)  VALUE       VALUE  FROM      YEAR
                                                  NORMAL
..................................................................
TEMPERATURE (F)
 YESTERDAY
  MAXIMUM         91    323 PM  96    1993  89      2       93
  MINIMUM         54    409 AM  40    1978  54      0       58
                                      1968
  AVERAGE         73                        71      2       76

PRECIPITATION (IN)
  YESTERDAY        0.00          1.10 1955   0.02  -0.02     0.00
  MONTH TO DATE    T                         0.38  -0.38     0.22
  SINCE OCT 1      5.74                      4.73   1.01     2.88
  SINCE JAN 1      2.36                      3.64  -1.28     2.40

DEGREE DAYS
 HEATING
  YESTERDAY        0                         0      0        0
  MONTH TO DATE    0                         0      0        0
  SINCE JUN 1     10                        52    -42        6
  SINCE JUL 1      0                         2     -2        0

 COOLING
  YESTERDAY        8                         7      1       11
  MONTH TO DATE  240                       193     47      238
  SINCE JUN 1    889                       641    248      798
  SINCE JAN 1    897                       668    229      821
..................................................................


WIND (MPH)
  HIGHEST WIND SPEED    28   HIGHEST WIND DIRECTION     W (250)
  HIGHEST GUST SPEED    38   HIGHEST GUST DIRECTION     W (260)
  AVERAGE WIND SPEED     9.2



WEATHER CONDITIONS
 THE FOLLOWING WEATHER WAS RECORDED YESTERDAY.
  NO SIGNIFICANT WEATHER WAS OBSERVED.


RELATIVE HUMIDITY (PERCENT)
 HIGHEST    47           400 AM
 LOWEST     10           300 PM
 AVERAGE    29

..........................................................


THE TONOPAH AIRPORT NV CLIMATE NORMALS FOR TODAY
                         NORMAL    RECORD    YEAR
 MAXIMUM TEMPERATURE (F)   88        97      1985
 MINIMUM TEMPERATURE (F)   54        37      1963


SUNRISE AND SUNSET
AUGUST 24 2016........SUNRISE   612 AM PDT   SUNSET   729 PM PDT
AUGUST 25 2016........SUNRISE   613 AM PDT   SUNSET   727 PM PDT


-  INDICATES NEGATIVE NUMBERS.
R  INDICATES RECORD WAS SET OR TIED.
MM INDICATES DATA IS MISSING.
T  INDICATES TRACE AMOUNT.




$$
