000
CDUS45 KLKN 040930
CLITPH


CLIMATE REPORT
NATIONAL WEATHER SERVICE ELKO NV
227 AM PDT FRI SEP 4 2015


...................................

...THE TONOPAH AIRPORT NV CLIMATE SUMMARY FOR SEPTEMBER 3 2015...

CLIMATE NORMAL PERIOD 1981 TO 2010
CLIMATE RECORD PERIOD 1954 TO 2015


WEATHER ITEM   OBSERVED TIME   RECORD YEAR NORMAL DEPARTURE LAST
                VALUE   (LST)  VALUE       VALUE  FROM      YEAR
                                                  NORMAL
..................................................................
TEMPERATURE (F)
 YESTERDAY
  MAXIMUM         84    324 PM  94    2007  86     -2       89
                                      1988
                                      1982
  MINIMUM         50    509 AM  39    1964  52     -2       55
  AVERAGE         67                        69     -2       72

PRECIPITATION (IN)
  YESTERDAY        0.00          1.00 1960   0.01  -0.01     0.00
  MONTH TO DATE    0.00                      0.04  -0.04     0.00
  SINCE OCT 1      2.88                      4.90  -2.02     3.48
  SINCE JAN 1      2.40                      3.81  -1.41     3.02

DEGREE DAYS
 HEATING
  YESTERDAY        0                         1     -1        0
  MONTH TO DATE    0                         3     -3        0
  SINCE SEP 1      0                         3     -3        0
  SINCE JUL 1      0                         9     -9        0

 COOLING
  YESTERDAY        2                         4     -2        7
  MONTH TO DATE   12                        14     -2       26
  SINCE SEP 1     12                        14     -2       26
  SINCE JAN 1    917                       727    190      889
..................................................................


WIND (MPH)
  HIGHEST WIND SPEED    29   HIGHEST WIND DIRECTION     S (200)
  HIGHEST GUST SPEED    38   HIGHEST GUST DIRECTION     S (190)
  AVERAGE WIND SPEED    10.9



WEATHER CONDITIONS
 THE FOLLOWING WEATHER WAS RECORDED YESTERDAY.
  NO SIGNIFICANT WEATHER WAS OBSERVED.


RELATIVE HUMIDITY (PERCENT)
 HIGHEST    30           600 AM
 LOWEST      8           200 PM
 AVERAGE    19

..........................................................


THE TONOPAH AIRPORT NV CLIMATE NORMALS FOR TODAY
                         NORMAL    RECORD    YEAR
 MAXIMUM TEMPERATURE (F)   85        95      1955
 MINIMUM TEMPERATURE (F)   52        41      2004


SUNRISE AND SUNSET
SEPTEMBER  4 2015.....SUNRISE   621 AM PDT   SUNSET   714 PM PDT
SEPTEMBER  5 2015.....SUNRISE   621 AM PDT   SUNSET   712 PM PDT


-  INDICATES NEGATIVE NUMBERS.
R  INDICATES RECORD WAS SET OR TIED.
MM INDICATES DATA IS MISSING.
T  INDICATES TRACE AMOUNT.




$$
