000
CDUS45 KLKN 010028
CLITPH


CLIMATE REPORT
NATIONAL WEATHER SERVICE ELKO NV
526 PM PDT FRI OCT 31 2014


...................................

...THE TONOPAH AIRPORT NV CLIMATE SUMMARY FOR OCTOBER 31 2014...
VALID TODAY AS OF 500 PM LOCAL TIME.

CLIMATE NORMAL PERIOD 1981 TO 2010
CLIMATE RECORD PERIOD 1954 TO 2014


WEATHER ITEM   OBSERVED TIME   RECORD YEAR NORMAL DEPARTURE LAST
                VALUE   (LST)  VALUE       VALUE  FROM      YEAR
                                                  NORMAL
..................................................................
TEMPERATURE (F)
 TODAY
  MAXIMUM         65    139 PM  75    1999  61      4       59
  MINIMUM         39    529 AM  19    1989  32      7       29
  AVERAGE         52                        47      5       44

PRECIPITATION (IN)
  TODAY            0.00          0.22 1974   0.01  -0.01     0.00
  MONTH TO DATE    0.00                      0.34  -0.34     0.15
  SINCE OCT 1      0.00                      0.34  -0.34     0.15
  SINCE JAN 1      3.71                      4.49  -0.78     4.18

DEGREE DAYS
 HEATING
  TODAY           13                        18     -5       21
  MONTH TO DATE  233                       381   -148      465
  SINCE SEP 1    276                       466   -190      562
  SINCE JUL 1    276                       472   -196      562

 COOLING
  TODAY            0                         0      0        0
  MONTH TO DATE    0                         2     -2        0
  SINCE SEP 1    141                        70     71      121
  SINCE JAN 1   1004                       783    221     1042
..................................................................


WIND (MPH)
  HIGHEST WIND SPEED    31   HIGHEST WIND DIRECTION     S (170)
  HIGHEST GUST SPEED    39   HIGHEST GUST DIRECTION     S (170)



WEATHER CONDITIONS
 THE FOLLOWING WEATHER WAS RECORDED TODAY.
  NO SIGNIFICANT WEATHER WAS OBSERVED.


RELATIVE HUMIDITY (PERCENT)
 HIGHEST    39           600 AM
 LOWEST     19          1200 PM
 AVERAGE    29

..........................................................


THE TONOPAH AIRPORT NV CLIMATE NORMALS FOR TOMORROW
                         NORMAL    RECORD    YEAR
 MAXIMUM TEMPERATURE (F)   61        73      2009
 MINIMUM TEMPERATURE (F)   32        13      1956


SUNRISE AND SUNSET
OCTOBER 31 2014.......SUNRISE   713 AM PDT   SUNSET   550 PM PDT
NOVEMBER  1 2014......SUNRISE   714 AM PDT   SUNSET   549 PM PDT


-  INDICATES NEGATIVE NUMBERS.
R  INDICATES RECORD WAS SET OR TIED.
MM INDICATES DATA IS MISSING.
T  INDICATES TRACE AMOUNT.




$$
