000
CDUS45 KLKN 270936
CLITPH


CLIMATE REPORT
NATIONAL WEATHER SERVICE ELKO NV
233 AM PDT FRI MAR 27 2015


...................................

...THE TONOPAH AIRPORT NV CLIMATE SUMMARY FOR MARCH 26 2015...

CLIMATE NORMAL PERIOD 1981 TO 2010
CLIMATE RECORD PERIOD 1954 TO 2015


WEATHER ITEM   OBSERVED TIME   RECORD YEAR NORMAL DEPARTURE LAST
                VALUE   (LST)  VALUE       VALUE  FROM      YEAR
                                                  NORMAL
..................................................................
TEMPERATURE (F)
 YESTERDAY
  MAXIMUM         72    416 PM  77    1960  59     13       54
  MINIMUM         39    601 AM  16    1975  30      9       32
  AVERAGE         56                        45     11       43

PRECIPITATION (IN)
  YESTERDAY        0.00          0.29 1982   0.02  -0.02      T
  MONTH TO DATE    0.26                      0.50  -0.24      T
  SINCE OCT 1      0.92                      2.60  -1.68     1.12
  SINCE JAN 1      0.44                      1.51  -1.07     0.66

DEGREE DAYS
 HEATING
  YESTERDAY        9                        20    -11       22
  MONTH TO DATE  421                       586   -165      508
  SINCE MAR 1    421                       586   -165      508
  SINCE JUL 1   3543                      4628  -1085     4281

 COOLING
  YESTERDAY        0                         0      0        0
  MONTH TO DATE    0                         0      0        0
  SINCE MAR 1      0                         0      0        0
  SINCE JAN 1      0                         0      0        0
..................................................................


WIND (MPH)
  HIGHEST WIND SPEED    20   HIGHEST WIND DIRECTION     N (20)
  HIGHEST GUST SPEED    23   HIGHEST GUST DIRECTION     N (20)
  AVERAGE WIND SPEED     7.5



WEATHER CONDITIONS
 THE FOLLOWING WEATHER WAS RECORDED YESTERDAY.
  NO SIGNIFICANT WEATHER WAS OBSERVED.


RELATIVE HUMIDITY (PERCENT)
 HIGHEST    50           600 AM
 LOWEST     16           400 PM
 AVERAGE    33

..........................................................


THE TONOPAH AIRPORT NV CLIMATE NORMALS FOR TODAY
                         NORMAL    RECORD    YEAR
 MAXIMUM TEMPERATURE (F)   59        74      1986
 MINIMUM TEMPERATURE (F)   31        16      1975


SUNRISE AND SUNSET
MARCH 27 2015.........SUNRISE   641 AM PDT   SUNSET   707 PM PDT
MARCH 28 2015.........SUNRISE   640 AM PDT   SUNSET   708 PM PDT


-  INDICATES NEGATIVE NUMBERS.
R  INDICATES RECORD WAS SET OR TIED.
MM INDICATES DATA IS MISSING.
T  INDICATES TRACE AMOUNT.




$$
