000
CDUS45 KLKN 300932
CLITPH


CLIMATE REPORT
NATIONAL WEATHER SERVICE ELKO NV
232 AM PDT WED JUL 30 2014


...................................

...THE TONOPAH AIRPORT NV CLIMATE SUMMARY FOR JULY 29 2014...

CLIMATE NORMAL PERIOD 1981 TO 2010
CLIMATE RECORD PERIOD 1954 TO 2014


WEATHER ITEM   OBSERVED TIME   RECORD YEAR NORMAL DEPARTURE LAST
                VALUE   (LST)  VALUE       VALUE  FROM      YEAR
                                                  NORMAL
..................................................................
TEMPERATURE (F)
 YESTERDAY
  MAXIMUM         86    505 PM 100    1991  92     -6       88
  MINIMUM         61    545 AM  49    1983  58      3       58
  AVERAGE         74                        75     -1       73

PRECIPITATION (IN)
  YESTERDAY        0.17R         0.14 1973   0.02   0.15     0.02
  MONTH TO DATE    1.29                      0.41   0.88     0.91
  SINCE OCT 1      2.67                      4.31  -1.64     3.08
  SINCE JAN 1      2.21                      3.22  -1.01     1.86

DEGREE DAYS
 HEATING
  YESTERDAY        0                         0      0        0
  MONTH TO DATE    0                         0      0        0
  SINCE JUN 1     15                        50    -35        3
  SINCE JUL 1      0                         0      0        0

 COOLING
  YESTERDAY        9                        10     -1        8
  MONTH TO DATE  380                       278    102      378
  SINCE JUN 1    596                       423    173      630
  SINCE JAN 1    630                       450    180      653
..................................................................


WIND (MPH)
  HIGHEST WIND SPEED    18   HIGHEST WIND DIRECTION     N (10)
  HIGHEST GUST SPEED    22   HIGHEST GUST DIRECTION     N (10)
  AVERAGE WIND SPEED     7.4



WEATHER CONDITIONS
 THE FOLLOWING WEATHER WAS RECORDED YESTERDAY.
  LIGHT RAIN


RELATIVE HUMIDITY (PERCENT)
 HIGHEST    90           300 AM
 LOWEST     25           500 PM
 AVERAGE    58

..........................................................


THE TONOPAH AIRPORT NV CLIMATE NORMALS FOR TODAY
                         NORMAL    RECORD    YEAR
 MAXIMUM TEMPERATURE (F)   92       100      2000
                                             1971
 MINIMUM TEMPERATURE (F)   58        51      2001
                                             1998
                                             1987


SUNRISE AND SUNSET
JULY 30 2014..........SUNRISE   550 AM PDT   SUNSET   759 PM PDT
JULY 31 2014..........SUNRISE   550 AM PDT   SUNSET   758 PM PDT


-  INDICATES NEGATIVE NUMBERS.
R  INDICATES RECORD WAS SET OR TIED.
MM INDICATES DATA IS MISSING.
T  INDICATES TRACE AMOUNT.




$$
