000
CDUS45 KLKN 310927
CLITPH


CLIMATE REPORT
NATIONAL WEATHER SERVICE ELKO NV
227 AM PDT TUE MAY 31 2016


...................................

...THE TONOPAH AIRPORT NV CLIMATE SUMMARY FOR MAY 30 2016...

CLIMATE NORMAL PERIOD 1981 TO 2010
CLIMATE RECORD PERIOD 1954 TO 2016


WEATHER ITEM   OBSERVED TIME   RECORD YEAR NORMAL DEPARTURE LAST
                VALUE   (LST)  VALUE       VALUE  FROM      YEAR
                                                  NORMAL
..................................................................
TEMPERATURE (F)
 YESTERDAY
  MAXIMUM         84    300 PM  94    1972  79      5       89
  MINIMUM         50    414 AM  34    1988  47      3       53
                                      1985
  AVERAGE         67                        63      4       71

PRECIPITATION (IN)
  YESTERDAY        0.00          0.15 1994   0.01  -0.01     0.00
  MONTH TO DATE    0.32                      0.51  -0.19     1.24
  SINCE OCT 1      5.55                      3.60   1.95     2.29
  SINCE JAN 1      2.17                      2.51  -0.34     1.81

DEGREE DAYS
 HEATING
  YESTERDAY        0                         4     -4        0
  MONTH TO DATE  232                       216     16      241
  SINCE MAR 1   1211                      1367   -156     1127
  SINCE JUL 1   5138                      5409   -271     4249

 COOLING
  YESTERDAY        2                         2      0        6
  MONTH TO DATE    3                        22    -19       17
  SINCE MAR 1      3                        23    -20       17
  SINCE JAN 1      3                        23    -20       17
..................................................................


WIND (MPH)
  HIGHEST WIND SPEED    25   HIGHEST WIND DIRECTION    NW (310)
  HIGHEST GUST SPEED    32   HIGHEST GUST DIRECTION    NW (320)
  AVERAGE WIND SPEED    12.3



WEATHER CONDITIONS
 THE FOLLOWING WEATHER WAS RECORDED YESTERDAY.
  NO SIGNIFICANT WEATHER WAS OBSERVED.


RELATIVE HUMIDITY (PERCENT)
 HIGHEST    48           400 AM
 LOWEST     12           300 PM
 AVERAGE    30

..........................................................


THE TONOPAH AIRPORT NV CLIMATE NORMALS FOR TODAY
                         NORMAL    RECORD    YEAR
 MAXIMUM TEMPERATURE (F)   79        93      1997
 MINIMUM TEMPERATURE (F)   47        28      1971


SUNRISE AND SUNSET
MAY 31 2016...........SUNRISE   528 AM PDT   SUNSET   805 PM PDT
JUNE  1 2016..........SUNRISE   527 AM PDT   SUNSET   806 PM PDT


-  INDICATES NEGATIVE NUMBERS.
R  INDICATES RECORD WAS SET OR TIED.
MM INDICATES DATA IS MISSING.
T  INDICATES TRACE AMOUNT.




$$
