000
CDUS45 KLKN 180932
CLITPH


CLIMATE REPORT
NATIONAL WEATHER SERVICE ELKO NV
227 AM PDT FRI AUG 18 2017


...................................

...THE TONOPAH AIRPORT NV CLIMATE SUMMARY FOR AUGUST 17 2017...

CLIMATE NORMAL PERIOD 1981 TO 2010
CLIMATE RECORD PERIOD 1954 TO 2017


WEATHER ITEM   OBSERVED TIME   RECORD YEAR NORMAL DEPARTURE LAST
                VALUE   (LST)  VALUE       VALUE  FROM      YEAR
                                                  NORMAL
..................................................................
TEMPERATURE (F)
 YESTERDAY
  MAXIMUM         91   1210 PM  99    2002  90      1       91
                                      1966
  MINIMUM         58    541 AM  42    1976  55      3       55
  AVERAGE         75                        73      2       73

PRECIPITATION (IN)
  YESTERDAY        0.00          1.62 1977   0.02  -0.02     0.00
  MONTH TO DATE    0.19                      0.28  -0.09     0.00
  SINCE OCT 1      3.63                      4.63  -1.00     5.74
  SINCE JAN 1      3.10                      3.54  -0.44     2.36

DEGREE DAYS
 HEATING
  YESTERDAY        0                         0      0        0
  MONTH TO DATE    0                         0      0        0
  SINCE JUN 1     31                        52    -21       10
  SINCE JUL 1      0                         2     -2        0

 COOLING
  YESTERDAY       10                         8      2        8
  MONTH TO DATE  197                       151     46      183
  SINCE JUN 1    922                       599    323      832
  SINCE JAN 1    955                       626    329      840
..................................................................


WIND (MPH)
  HIGHEST WIND SPEED    16   HIGHEST WIND DIRECTION     N (10)
  HIGHEST GUST SPEED    27   HIGHEST GUST DIRECTION    SW (210)
  AVERAGE WIND SPEED     6.5



WEATHER CONDITIONS
 THE FOLLOWING WEATHER WAS RECORDED YESTERDAY.
  NO SIGNIFICANT WEATHER WAS OBSERVED.


RELATIVE HUMIDITY (PERCENT)
 HIGHEST    49           200 AM
 LOWEST     16           100 PM
 AVERAGE    33

..........................................................


THE TONOPAH AIRPORT NV CLIMATE NORMALS FOR TODAY
                         NORMAL    RECORD    YEAR
 MAXIMUM TEMPERATURE (F)   90        98      2001
                                             1992
 MINIMUM TEMPERATURE (F)   55        41      1978


SUNRISE AND SUNSET
AUGUST 18 2017........SUNRISE   606 AM PDT   SUNSET   737 PM PDT
AUGUST 19 2017........SUNRISE   607 AM PDT   SUNSET   736 PM PDT


-  INDICATES NEGATIVE NUMBERS.
R  INDICATES RECORD WAS SET OR TIED.
MM INDICATES DATA IS MISSING.
T  INDICATES TRACE AMOUNT.




$$
