000
CDUS45 KLKN 250930
CLITPH


CLIMATE REPORT
NATIONAL WEATHER SERVICE ELKO NV
227 AM PDT SAT OCT 25 2014


...................................

...THE TONOPAH AIRPORT NV CLIMATE SUMMARY FOR OCTOBER 24 2014...

CLIMATE NORMAL PERIOD 1981 TO 2010
CLIMATE RECORD PERIOD 1954 TO 2014


WEATHER ITEM   OBSERVED TIME   RECORD YEAR NORMAL DEPARTURE LAST
                VALUE   (LST)  VALUE       VALUE  FROM      YEAR
                                                  NORMAL
..................................................................
TEMPERATURE (F)
 YESTERDAY
  MAXIMUM         77    204 PM  85    1959  65     12       72
  MINIMUM         39    623 AM  18    1975  35      4       38
  AVERAGE         58                        50      8       55

PRECIPITATION (IN)
  YESTERDAY        0.00          0.20 1971   0.01  -0.01     0.00
  MONTH TO DATE    0.00                      0.25  -0.25     0.05
  SINCE OCT 1      0.00                      0.25  -0.25     0.05
  SINCE JAN 1      3.71                      4.40  -0.69     4.08

DEGREE DAYS
 HEATING
  YESTERDAY        7                        15     -8       10
  MONTH TO DATE  142                       262   -120      327
  SINCE SEP 1    185                       347   -162      424
  SINCE JUL 1    185                       353   -168      424

 COOLING
  YESTERDAY        0                         0      0        0
  MONTH TO DATE    0                         0      0        0
  SINCE SEP 1    141                        68     73      121
  SINCE JAN 1   1004                       781    223     1042
..................................................................


WIND (MPH)
  HIGHEST WIND SPEED    24   HIGHEST WIND DIRECTION     S (170)
  HIGHEST GUST SPEED    30   HIGHEST GUST DIRECTION     S (170)
  AVERAGE WIND SPEED    11.7



WEATHER CONDITIONS
 THE FOLLOWING WEATHER WAS RECORDED YESTERDAY.
  NO SIGNIFICANT WEATHER WAS OBSERVED.


RELATIVE HUMIDITY (PERCENT)
 HIGHEST    50           500 AM
 LOWEST     14           300 PM
 AVERAGE    32

..........................................................


THE TONOPAH AIRPORT NV CLIMATE NORMALS FOR TODAY
                         NORMAL    RECORD    YEAR
 MAXIMUM TEMPERATURE (F)   64        82      1959
 MINIMUM TEMPERATURE (F)   34        22      1975
                                             1956


SUNRISE AND SUNSET
OCTOBER 25 2014.......SUNRISE   707 AM PDT   SUNSET   557 PM PDT
OCTOBER 26 2014.......SUNRISE   708 AM PDT   SUNSET   556 PM PDT


-  INDICATES NEGATIVE NUMBERS.
R  INDICATES RECORD WAS SET OR TIED.
MM INDICATES DATA IS MISSING.
T  INDICATES TRACE AMOUNT.




$$
