000
CDUS44 KMRX 032219
CLITRI

CLIMATE REPORT NATIONAL WEATHER SERVICE MORRISTOWN TN
519 PM EST TUE MAR 3 2015

...................................

...THE TRI-CITIES  CLIMATE SUMMARY FOR MARCH 3 2015... VALID TODAY
AS OF 500 PM LOCAL TIME.

CLIMATE NORMAL PERIOD 1981 TO 2010
CLIMATE RECORD PERIOD 1934 TO 2015


WEATHER ITEM   OBSERVED TIME   RECORD YEAR NORMAL DEPARTURE LAST
                VALUE   (LST)  VALUE       VALUE  FROM      YEAR
                                                  NORMAL
..................................................................
TEMPERATURE (F)
 TODAY
  MAXIMUM         52    324 PM  79    1976  55     -3       53
  MINIMUM         33   1250 AM  -2    1980  31      2       23
  AVERAGE         43                        43      0       38

PRECIPITATION (IN)
  TODAY            0.01          1.11 1999   0.11  -0.10     0.93
  MONTH TO DATE    0.52                      0.33   0.19     1.01
  SINCE MAR 1      0.52                      0.33   0.19     1.01
  SINCE JAN 1      5.85                      7.15  -1.30     6.07

SNOWFALL (IN)
  TODAY            0.0                       0.1   -0.1      0.2
  MONTH TO DATE    0.0                       0.2   -0.2      0.2
  SINCE MAR 1      0.0                       0.2   -0.2      0.2
  SINCE JUL 1     15.5                      11.0    4.5     12.5
  SNOW DEPTH       0

DEGREE DAYS
 HEATING
  TODAY           22                        22      0       27
  MONTH TO DATE   67                        66      1       58
  SINCE MAR 1     67                        66      1       58
  SINCE JUL 1   3694                      3448    246     3553

 COOLING
  TODAY            0                         0      0        0
  MONTH TO DATE    0                         0      0        0
  SINCE MAR 1      0                         0      0        0
  SINCE JAN 1      0                         0      0        0
..................................................................


WIND (MPH)
  HIGHEST WIND SPEED     7   HIGHEST WIND DIRECTION    NW (300)
  HIGHEST GUST SPEED     8   HIGHEST GUST DIRECTION     N (340)
  AVERAGE WIND SPEED     0.0


SKY COVER
  POSSIBLE SUNSHINE  MM
  AVERAGE SKY COVER 1.0


WEATHER CONDITIONS
 THE FOLLOWING WEATHER WAS RECORDED TODAY.
  LIGHT RAIN


RELATIVE HUMIDITY (PERCENT)
 HIGHEST    82           100 AM
 LOWEST     60          1100 AM
 AVERAGE    71

..........................................................


THE TRI-CITIES      ASOS CLIMATE NORMALS FOR TOMORROW
                         NORMAL    RECORD    YEAR
 MAXIMUM TEMPERATURE (F)   55        82      1976
 MINIMUM TEMPERATURE (F)   32         3      1943


SUNRISE AND SUNSET
MARCH  3 2015.........SUNRISE   658 AM EST   SUNSET   626 PM EST
MARCH  4 2015.........SUNRISE   656 AM EST   SUNSET   627 PM EST


-  INDICATES NEGATIVE NUMBERS.
R  INDICATES RECORD WAS SET OR TIED.
MM INDICATES DATA IS MISSING.
T  INDICATES TRACE AMOUNT.




$$
