000
CDUS44 KMRX 052122
CLITRI


CLIMATE REPORT
NATIONAL WEATHER SERVICE MORRISTOWN TN
522 PM EDT THU MAY 5 2016


...................................

...THE TRI-CITIES      ASOS CLIMATE SUMMARY FOR MAY 5 2016...
VALID TODAY AS OF 0500 PM LOCAL TIME.

CLIMATE NORMAL PERIOD 1981 TO 2010
CLIMATE RECORD PERIOD 1934 TO 2016


WEATHER ITEM   OBSERVED TIME   RECORD YEAR NORMAL DEPARTURE LAST
                VALUE   (LST)  VALUE       VALUE  FROM      YEAR
                                                  NORMAL
..................................................................
TEMPERATURE (F)
 TODAY
  MAXIMUM         56    249 PM  89    1949  73    -17       85
  MINIMUM         43    600 AM  30    1940  48     -5       49
  AVERAGE         50                        61    -11       67

PRECIPITATION (IN)
  TODAY            0.01          1.87 1958   0.12  -0.11     0.00
  MONTH TO DATE    0.42                      0.59  -0.17      T
  SINCE MAR 1      4.95                      7.36  -2.41     8.88
  SINCE JAN 1     12.35                     14.18  -1.83    14.21

SNOWFALL (IN)
  TODAY            0.0                       0.0    0.0      0.0
  MONTH TO DATE    0.0                       0.0    0.0      0.0
  SINCE MAR 1      T                         2.5   -2.5       T
  SINCE JUL 1     18.4                      13.3    5.1     15.5
  SNOW DEPTH       0

DEGREE DAYS
 HEATING
  TODAY           15                         5     10        0
  MONTH TO DATE   25                        28     -3       28
  SINCE MAR 1    659                       900   -241      736
  SINCE JUL 1   3479                      4282   -803     4363

 COOLING
  TODAY            0                         1     -1        2
  MONTH TO DATE    9                         5      4        2
  SINCE MAR 1     35                        16     19       12
  SINCE JAN 1     35                        16     19       12
..................................................................


WIND (MPH)
  HIGHEST WIND SPEED    16   HIGHEST WIND DIRECTION     N (340)
  HIGHEST GUST SPEED    24   HIGHEST GUST DIRECTION     N (360)
  AVERAGE WIND SPEED     6.0


SKY COVER
  POSSIBLE SUNSHINE  MM
  AVERAGE SKY COVER 0.9


WEATHER CONDITIONS
 THE FOLLOWING WEATHER WAS RECORDED TODAY.
  LIGHT RAIN
  FOG


RELATIVE HUMIDITY (PERCENT)
 HIGHEST    93           100 AM
 LOWEST     51           300 PM
 AVERAGE    72

..........................................................


THE TRI-CITIES      ASOS CLIMATE NORMALS FOR TOMORROW
                         NORMAL    RECORD    YEAR
 MAXIMUM TEMPERATURE (F)   73        88      1949
                                             1941
 MINIMUM TEMPERATURE (F)   48        35      1968
                                             1954


SUNRISE AND SUNSET
MAY  5 2016...........SUNRISE   631 AM EDT   SUNSET   822 PM EDT
MAY  6 2016...........SUNRISE   630 AM EDT   SUNSET   822 PM EDT


-  INDICATES NEGATIVE NUMBERS.
R  INDICATES RECORD WAS SET OR TIED.
MM INDICATES DATA IS MISSING.
T  INDICATES TRACE AMOUNT.




$$
