000
CDUS44 KMRX 270807 RRB
CLITRI

MEMCLITRI 000
TTAA00 KMRX 270806


CLIMATE REPORT
NATIONAL WEATHER SERVICE MORRISTOWN TN
406 AM EDT FRI MAR 27 2015


...................................

...THE TRI-CITIES CLIMATE SUMMARY FOR MARCH 26 2015...

CLIMATE NORMAL PERIOD 1981 TO 2010
CLIMATE RECORD PERIOD 1934 TO 2015


WEATHER ITEM   OBSERVED TIME   RECORD YEAR NORMAL DEPARTURE LAST
                VALUE   (LST)  VALUE       VALUE  FROM      YEAR
                                                  NORMAL
..................................................................
TEMPERATURE (F)
 YESTERDAY
  MAXIMUM         74    337 PM  82    1944  62     12       43
  MINIMUM         44   1159 PM  11    1940  37      7       23
  AVERAGE         59                        49     10       33

PRECIPITATION (IN)
  YESTERDAY        0.17          1.48 1965   0.12   0.05      T
  MONTH TO DATE    3.78                      2.87   0.91     1.64
  SINCE MAR 1      3.78                      2.87   0.91     1.64
  SINCE JAN 1      9.11                      9.69  -0.58     6.70

SNOWFALL (IN)
  YESTERDAY        0.0                       0.1   -0.1       T
  MONTH TO DATE    T                         1.3   -1.3      0.7
  SINCE MAR 1      T                         1.3   -1.3      0.7
  SINCE JUL 1     15.5                      12.1    3.4     13.0
  SNOW DEPTH       0

DEGREE DAYS
 HEATING
  YESTERDAY        6                        16    -10       32
  MONTH TO DATE  396                       494    -98      538
  SINCE MAR 1    396                       494    -98      538
  SINCE JUL 1   4023                      3876    147     4033

 COOLING
  YESTERDAY        0                         0      0        0
  MONTH TO DATE    0                         0      0        0
  SINCE MAR 1      0                         0      0        0
  SINCE JAN 1      0                         0      0        0
..................................................................


WIND (MPH)
  HIGHEST WIND SPEED    28   HIGHEST WIND DIRECTION    SW (230)
  HIGHEST GUST SPEED    34   HIGHEST GUST DIRECTION     W (260)
  AVERAGE WIND SPEED    10.3


SKY COVER
  POSSIBLE SUNSHINE  MM
  AVERAGE SKY COVER  MM


WEATHER CONDITIONS
 THE FOLLOWING WEATHER WAS RECORDED YESTERDAY.
  RAIN
  LIGHT RAIN
  FOG


RELATIVE HUMIDITY (PERCENT)
 HIGHEST    93           600 AM
 LOWEST     41           400 PM
 AVERAGE    67

..........................................................


THE TRI-CITIES CLIMATE NORMALS FOR TODAY
                         NORMAL    RECORD    YEAR
 MAXIMUM TEMPERATURE (F)   62        82      1989
 MINIMUM TEMPERATURE (F)   37        12      1955


SUNRISE AND SUNSET
MARCH 27 2015.........SUNRISE   723 AM EDT   SUNSET   747 PM EDT
MARCH 28 2015.........SUNRISE   722 AM EDT   SUNSET   748 PM EDT


-  INDICATES NEGATIVE NUMBERS.
R  INDICATES RECORD WAS SET OR TIED.
MM INDICATES DATA IS MISSING.
T  INDICATES TRACE AMOUNT.




$$
