000
CDUS44 KMRX 250817
CLITRI


CLIMATE REPORT
NATIONAL WEATHER SERVICE MORRISTOWN TN
416 AM EDT MON JUL 25 2016


...................................

...THE TRI-CITIES      ASOS CLIMATE SUMMARY FOR JULY 24 2016...

CLIMATE NORMAL PERIOD 1981 TO 2010
CLIMATE RECORD PERIOD 1934 TO 2016


WEATHER ITEM   OBSERVED TIME   RECORD YEAR NORMAL DEPARTURE LAST
                VALUE   (LST)  VALUE       VALUE  FROM      YEAR
                                                  NORMAL
..................................................................
TEMPERATURE (F)
 YESTERDAY
  MAXIMUM         97R   423 PM  97    2010  85     12       88
                                      1987
  MINIMUM         67    551 AM  51    1947  64      3       68
  AVERAGE         82                        75      7       78

PRECIPITATION (IN)
  YESTERDAY        0.00          2.48 1978   0.16  -0.16     0.00
  MONTH TO DATE    1.58                      3.63  -2.05     5.79
  SINCE JUN 1      3.71                      7.53  -3.82     8.24
  SINCE JAN 1     19.62                     24.92  -5.30    23.15

SNOWFALL (IN)
  YESTERDAY        0.0                       0.0    0.0      0.0
  MONTH TO DATE    0.0                       0.0    0.0      0.0
  SINCE JUN 1      0.0                       0.0    0.0      0.0
  SINCE JUL 1      0.0                       0.0    0.0      0.0
  SNOW DEPTH       0

DEGREE DAYS
 HEATING
  YESTERDAY        0                         0      0        0
  MONTH TO DATE    0                         0      0        0
  SINCE JUN 1      0                        11    -11        0
  SINCE JUL 1      0                         0      0        0

 COOLING
  YESTERDAY       17                        10      7       13
  MONTH TO DATE  315                       237     78      268
  SINCE JUN 1    595                       443    152      582
  SINCE JAN 1    691                       516    175      748
..................................................................


WIND (MPH)
  HIGHEST WIND SPEED    14   HIGHEST WIND DIRECTION     N (350)
  HIGHEST GUST SPEED    19   HIGHEST GUST DIRECTION     E (80)
  AVERAGE WIND SPEED     2.3


SKY COVER
  POSSIBLE SUNSHINE  MM
  AVERAGE SKY COVER 0.6


WEATHER CONDITIONS
 THE FOLLOWING WEATHER WAS RECORDED YESTERDAY.
  THUNDERSTORM
  FOG


RELATIVE HUMIDITY (PERCENT)
 HIGHEST    97           200 AM
 LOWEST     33           400 PM
 AVERAGE    65

..........................................................


THE TRI-CITIES      ASOS CLIMATE NORMALS FOR TODAY
                         NORMAL    RECORD    YEAR
 MAXIMUM TEMPERATURE (F)   85        97      2010
                                             1987
 MINIMUM TEMPERATURE (F)   64        56      2003
                                             1947


SUNRISE AND SUNSET
JULY 25 2016..........SUNRISE   631 AM EDT   SUNSET   841 PM EDT
JULY 26 2016..........SUNRISE   632 AM EDT   SUNSET   840 PM EDT


-  INDICATES NEGATIVE NUMBERS.
R  INDICATES RECORD WAS SET OR TIED.
MM INDICATES DATA IS MISSING.
T  INDICATES TRACE AMOUNT.




$$
