000
CDUS44 KMRX 140922
CLITRI


CLIMATE REPORT
NATIONAL WEATHER SERVICE MORRISTOWN TN
422 AM EST THU DEC 14 2017


...................................

...THE TRI-CITIES      ASOS CLIMATE SUMMARY FOR DECEMBER 13 2017...

CLIMATE NORMAL PERIOD 1981 TO 2010
CLIMATE RECORD PERIOD 1934 TO 2017


WEATHER ITEM   OBSERVED TIME   RECORD YEAR NORMAL DEPARTURE LAST
                VALUE   (LST)  VALUE       VALUE  FROM      YEAR
                                                  NORMAL
..................................................................
TEMPERATURE (F)
 YESTERDAY
  MAXIMUM         43   1159 PM  72    2015  48     -5       48
  MINIMUM         17    744 AM  -9    1962  28    -11       34
  AVERAGE         30                        38     -8       41

PRECIPITATION (IN)
  YESTERDAY        0.00          1.18 1998   0.11  -0.11     0.16
  MONTH TO DATE    0.59                      1.49  -0.90     2.92
  SINCE DEC 1      0.59                      1.49  -0.90     2.92
  SINCE JAN 1     41.94                     39.13   2.81    33.44

SNOWFALL (IN)
  YESTERDAY        0.0                       0.1   -0.1      0.0
  MONTH TO DATE    1.5                       0.8    0.7       T
  SINCE DEC 1      1.5                       0.8    0.7       T
  SINCE JUL 1      1.5                       1.1    0.4       T
  SNOW DEPTH       0

DEGREE DAYS
 HEATING
  YESTERDAY       35                        27      8       24
  MONTH TO DATE  316                       330    -14      336
  SINCE DEC 1    316                       330    -14      336
  SINCE JUL 1   1095                      1216   -121      955

 COOLING
  YESTERDAY        0                         0      0        0
  MONTH TO DATE    0                         0      0        0
  SINCE DEC 1      0                         0      0        0
  SINCE JAN 1   1142                       981    161     1492
..................................................................


WIND (MPH)
  HIGHEST WIND SPEED    23   HIGHEST WIND DIRECTION    SW (240)
  HIGHEST GUST SPEED    32   HIGHEST GUST DIRECTION    SW (220)
  AVERAGE WIND SPEED     9.8


SKY COVER
  POSSIBLE SUNSHINE  MM
  AVERAGE SKY COVER 0.2


WEATHER CONDITIONS
 THE FOLLOWING WEATHER WAS RECORDED YESTERDAY.
  NO SIGNIFICANT WEATHER WAS OBSERVED.


RELATIVE HUMIDITY (PERCENT)
 HIGHEST    67           800 AM
 LOWEST     27           200 PM
 AVERAGE    47

..........................................................


THE TRI-CITIES      ASOS CLIMATE NORMALS FOR TODAY
                         NORMAL    RECORD    YEAR
 MAXIMUM TEMPERATURE (F)   48        71      2015
 MINIMUM TEMPERATURE (F)   28         9      1942


SUNRISE AND SUNSET
DECEMBER 14 2017......SUNRISE   734 AM EST   SUNSET   515 PM EST
DECEMBER 15 2017......SUNRISE   734 AM EST   SUNSET   515 PM EST


-  INDICATES NEGATIVE NUMBERS.
R  INDICATES RECORD WAS SET OR TIED.
MM INDICATES DATA IS MISSING.
T  INDICATES TRACE AMOUNT.




$$
