000
CDUS44 KMRX 250911
CLITRI


CLIMATE REPORT
NATIONAL WEATHER SERVICE MORRISTOWN TN
411 AM EST SAT FEB 25 2017


...................................

...THE TRI-CITIES      ASOS CLIMATE SUMMARY FOR FEBRUARY 24 2017...

CLIMATE NORMAL PERIOD 1981 TO 2010
CLIMATE RECORD PERIOD 1934 TO 2017


WEATHER ITEM   OBSERVED TIME   RECORD YEAR NORMAL DEPARTURE LAST
                VALUE   (LST)  VALUE       VALUE  FROM      YEAR
                                                  NORMAL
..................................................................
TEMPERATURE (F)
 YESTERDAY
  MAXIMUM         77R   458 PM  72    1982  53     24       63
  MINIMUM         44    634 AM   4    1967  30     14       35
  AVERAGE         61                        41     20       49

PRECIPITATION (IN)
  YESTERDAY        0.00          1.17 2011   0.12  -0.12     0.41
  MONTH TO DATE    1.43                      2.98  -1.55     4.45
  SINCE DEC 1      9.34                      9.72  -0.38    12.64
  SINCE JAN 1      3.98                      6.35  -2.37     7.37

SNOWFALL (IN)
  YESTERDAY        0.0                       0.2   -0.2       T
  MONTH TO DATE    T                         3.0   -3.0      8.6
  SINCE DEC 1      4.0                      10.1   -6.1     18.4
  SINCE JUL 1      4.0                      10.4   -6.4     18.4
  SNOW DEPTH       0

DEGREE DAYS
 HEATING
  YESTERDAY        4                        24    -20       16
  MONTH TO DATE  458                       636   -178      607
  SINCE DEC 1   1869                      2404   -535     2052
  SINCE JUL 1   2488                      3290   -802     2695

 COOLING
  YESTERDAY        0                         0      0        0
  MONTH TO DATE    0                         0      0        0
  SINCE DEC 1      0                         0      0        0
  SINCE JAN 1      0                         0      0        0
..................................................................


WIND (MPH)
  HIGHEST WIND SPEED    16   HIGHEST WIND DIRECTION     W (250)
  HIGHEST GUST SPEED    21   HIGHEST GUST DIRECTION    SE (150)
  AVERAGE WIND SPEED     4.6


SKY COVER
  POSSIBLE SUNSHINE  MM
  AVERAGE SKY COVER 0.3


WEATHER CONDITIONS
 THE FOLLOWING WEATHER WAS RECORDED YESTERDAY.
  FOG


RELATIVE HUMIDITY (PERCENT)
 HIGHEST   100           600 AM
 LOWEST     36           500 PM
 AVERAGE    68

..........................................................


THE TRI-CITIES      ASOS CLIMATE NORMALS FOR TODAY
                         NORMAL    RECORD    YEAR
 MAXIMUM TEMPERATURE (F)   53        74      2000
 MINIMUM TEMPERATURE (F)   30        -1      1967


SUNRISE AND SUNSET
FEBRUARY 25 2017......SUNRISE   705 AM EST   SUNSET   621 PM EST
FEBRUARY 26 2017......SUNRISE   704 AM EST   SUNSET   622 PM EST


-  INDICATES NEGATIVE NUMBERS.
R  INDICATES RECORD WAS SET OR TIED.
MM INDICATES DATA IS MISSING.
T  INDICATES TRACE AMOUNT.




$$
