000
CDUS46 KSGX 281134
CLITRM


CLIMATE REPORT
NATIONAL WEATHER SERVICE SAN DIEGO, CA
433 AM PDT FRI JUL 28 2017


...................................

...THE THERMAL AIRPORT CA CLIMATE SUMMARY FOR JULY 27 2017...

CLIMATE NORMAL PERIOD 1981 TO 2010
CLIMATE RECORD PERIOD 1950 TO 2017


WEATHER ITEM   OBSERVED TIME   RECORD YEAR NORMAL DEPARTURE LAST
                VALUE   (LST)  VALUE       VALUE  FROM      YEAR
                                                  NORMAL
..................................................................
TEMPERATURE (F)
 YESTERDAY
  MAXIMUM        113    303 PM 123    1998 107      6      114
  MINIMUM         79    457 AM  62    2002  75      4       85
  AVERAGE         96                        91      5      100

PRECIPITATION (IN)
  YESTERDAY        0.00          0.02 1984   0.01  -0.01     0.00
  MONTH TO DATE    T                         0.12  -0.12     0.00
  SINCE OCT 1      3.69                      2.75   0.94     1.98
  SINCE JAN 1      2.01                      1.94   0.07     1.55

DEGREE DAYS
 HEATING
  YESTERDAY        0                         0      0        0
  MONTH TO DATE    0                         0      0        0
  SINCE JUN 1      0                         0      0        0
  SINCE JUL 1      0                         0      0        0

 COOLING
  YESTERDAY       31                        26      5       35
  MONTH TO DATE  777                       685     92      736
  SINCE JUN 1   1499                      1293    206     1497
  SINCE JAN 1   2473                      1966    507     2374
..................................................................


WIND (MPH)
  RESULTANT WIND SPEED   1   RESULTANT WIND DIRECTION   N (350)
  HIGHEST WIND SPEED    18   HIGHEST WIND DIRECTION     N (340)
  HIGHEST GUST SPEED    25   HIGHEST GUST DIRECTION     N (350)
  AVERAGE WIND SPEED     7.7


SKY COVER
  POSSIBLE SUNSHINE  MM
  AVERAGE SKY COVER 0.0


WEATHER CONDITIONS
 THE FOLLOWING WEATHER WAS RECORDED YESTERDAY.
  NO SIGNIFICANT WEATHER WAS OBSERVED.


RELATIVE HUMIDITY (PERCENT)
 HIGHEST    54           500 AM
 LOWEST     11           500 PM
 AVERAGE    33

..........................................................


THE THERMAL AIRPORT CA CLIMATE NORMALS FOR TODAY
                         NORMAL    RECORD    YEAR
 MAXIMUM TEMPERATURE (F)  107       126      1995
 MINIMUM TEMPERATURE (F)   75        63      2012
                                             1986


SUNRISE AND SUNSET
JULY 28 2017..........SUNRISE   554 AM PDT   SUNSET   748 PM PDT
JULY 29 2017..........SUNRISE   555 AM PDT   SUNSET   747 PM PDT


-  INDICATES NEGATIVE NUMBERS.
R  INDICATES RECORD WAS SET OR TIED.
MM INDICATES DATA IS MISSING.
T  INDICATES TRACE AMOUNT.




$$
