012
CDUS46 KSGX 271417
CLITRM


CLIMATE REPORT
NATIONAL WEATHER SERVICE SAN DIEGO, CA
717 AM PDT WED JUL 27 2016


...................................

...THE THERMAL AIRPORT CA CLIMATE SUMMARY FOR JULY 26 2016...

CLIMATE NORMAL PERIOD 1981 TO 2010
CLIMATE RECORD PERIOD 1950 TO 2016


WEATHER ITEM   OBSERVED TIME   RECORD YEAR NORMAL DEPARTURE LAST
                VALUE   (LST)  VALUE       VALUE  FROM      YEAR
                                                  NORMAL
..................................................................
TEMPERATURE (F)
 YESTERDAY
  MAXIMUM        112    238 PM 120    1998 107      5      110
  MINIMUM         85    314 AM  65    1995  75     10       82
  AVERAGE         99                        91      8       96

PRECIPITATION (IN)
  YESTERDAY        0.00          0.09 1956   0.00   0.00     0.00
  MONTH TO DATE    0.00                      0.11  -0.11     0.84
  SINCE OCT 1      1.98                      2.74  -0.76     1.68
  SINCE JAN 1      1.55                      1.93  -0.38     1.53

DEGREE DAYS
 HEATING
  YESTERDAY        0                         0      0        0
  MONTH TO DATE    0                         0      0        0
  SINCE JUN 1      0                         0      0        0
  SINCE JUL 1      0                         0      0        0

 COOLING
  YESTERDAY       34                        26      8       31
  MONTH TO DATE  701                       659     42      664
  SINCE JUN 1   1462                      1267    195     1337
  SINCE JAN 1   2339                      1940    399     2091
..................................................................


WIND (MPH)
  RESULTANT WIND SPEED   2   RESULTANT WIND DIRECTION  SE (120)
  HIGHEST WIND SPEED    16   HIGHEST WIND DIRECTION    SE (140)
  HIGHEST GUST SPEED    21   HIGHEST GUST DIRECTION    SE (130)
  AVERAGE WIND SPEED     7.6


SKY COVER
  POSSIBLE SUNSHINE  MM
  AVERAGE SKY COVER 0.0


WEATHER CONDITIONS
 THE FOLLOWING WEATHER WAS RECORDED YESTERDAY.
  NO SIGNIFICANT WEATHER WAS OBSERVED.


RELATIVE HUMIDITY (PERCENT)
 HIGHEST    44          1200 AM
 LOWEST     16           200 PM
 AVERAGE    30

..........................................................


THE THERMAL AIRPORT CA CLIMATE NORMALS FOR TODAY
                         NORMAL    RECORD    YEAR
 MAXIMUM TEMPERATURE (F)  107       123      1998
 MINIMUM TEMPERATURE (F)   75        62      2002


SUNRISE AND SUNSET
JULY 27 2016..........SUNRISE   554 AM PDT   SUNSET   748 PM PDT
JULY 28 2016..........SUNRISE   554 AM PDT   SUNSET   747 PM PDT


-  INDICATES NEGATIVE NUMBERS.
R  INDICATES RECORD WAS SET OR TIED.
MM INDICATES DATA IS MISSING.
T  INDICATES TRACE AMOUNT.




$$
