000
CDUS46 KSGX 240119
CLITRM


CLIMATE REPORT
NATIONAL WEATHER SERVICE SAN DIEGO, CA
518 PM PST FRI FEB 23 2018


...................................

...THE THERMAL AIRPORT CA CLIMATE SUMMARY FOR FEBRUARY 23 2018...
VALID TODAY AS OF 0500 PM LOCAL TIME.

CLIMATE NORMAL PERIOD 1981 TO 2010
CLIMATE RECORD PERIOD 1950 TO 2018


WEATHER ITEM   OBSERVED TIME   RECORD YEAR NORMAL DEPARTURE LAST
                VALUE   (LST)  VALUE       VALUE  FROM      YEAR
                                                  NORMAL
..................................................................
TEMPERATURE (F)
 TODAY
  MAXIMUM         67    356 PM  93    1954  76     -9       68
  MINIMUM         40    628 AM  30    1994  43     -3       52
  AVERAGE         54                        60     -6       60

PRECIPITATION (IN)
  TODAY            0.00          0.51 2005   0.02  -0.02     0.00
  MONTH TO DATE    0.00                      0.54  -0.54     0.37
  SINCE OCT 1      0.41                      2.02  -1.61     3.36
  SINCE JAN 1      0.41                      1.21  -0.80     1.68

DEGREE DAYS
 HEATING
  TODAY           11                         6      5        5
  MONTH TO DATE  101                       178    -77       70
  SINCE DEC 1    485                       871   -386      698
  SINCE JUL 1    502                      1038   -536      816

 COOLING
  TODAY            0                         1     -1        0
  MONTH TO DATE   20                         3     17       32
  SINCE DEC 1     31                         6     25       34
  SINCE JAN 1     31                         5     26       32
..................................................................


WIND (MPH)
  RESULTANT WIND SPEED   5   RESULTANT WIND DIRECTION  NW (320)
  HIGHEST WIND SPEED    17   HIGHEST WIND DIRECTION    NW (310)
  HIGHEST GUST SPEED    25   HIGHEST GUST DIRECTION    NW (300)
  AVERAGE WIND SPEED     6.8


SKY COVER
  POSSIBLE SUNSHINE  MM
  AVERAGE SKY COVER 0.0


WEATHER CONDITIONS
 THE FOLLOWING WEATHER WAS RECORDED TODAY.
  NO SIGNIFICANT WEATHER WAS OBSERVED.


RELATIVE HUMIDITY (PERCENT)
 HIGHEST    57           500 AM
 LOWEST     13           300 PM
 AVERAGE    35

..........................................................


THE THERMAL AIRPORT CA CLIMATE NORMALS FOR TOMORROW
                         NORMAL    RECORD    YEAR
 MAXIMUM TEMPERATURE (F)   77        95      1986
 MINIMUM TEMPERATURE (F)   43        31      1996


SUNRISE AND SUNSET
FEBRUARY 23 2018......SUNRISE   620 AM PST   SUNSET   536 PM PST
FEBRUARY 24 2018......SUNRISE   619 AM PST   SUNSET   537 PM PST


-  INDICATES NEGATIVE NUMBERS.
R  INDICATES RECORD WAS SET OR TIED.
MM INDICATES DATA IS MISSING.
T  INDICATES TRACE AMOUNT.




$$
