000
CDUS46 KSGX 220154
CLITRM


CLIMATE REPORT
NATIONAL WEATHER SERVICE SAN DIEGO, CA
554 PM PST TUE FEB 21 2017


...................................

...THE THERMAL AIRPORT CA CLIMATE SUMMARY FOR FEBRUARY 21 2017...
VALID TODAY AS OF 0500 PM LOCAL TIME.

CLIMATE NORMAL PERIOD 1981 TO 2010
CLIMATE RECORD PERIOD 1950 TO 2017


WEATHER ITEM   OBSERVED TIME   RECORD YEAR NORMAL DEPARTURE LAST
                VALUE   (LST)  VALUE       VALUE  FROM      YEAR
                                                  NORMAL
..................................................................
TEMPERATURE (F)
 TODAY
  MAXIMUM         77    258 PM  89    1977  76      1       87
  MINIMUM         48    709 AM  28    1955  43      5       48
  AVERAGE         63                        59      4       68

PRECIPITATION (IN)
  TODAY            0.00          0.33 2005   0.03  -0.03     0.00
  MONTH TO DATE    0.37                      0.49  -0.12     0.00
  SINCE OCT 1      3.36                      1.97   1.39     1.63
  SINCE JAN 1      1.68                      1.16   0.52     1.20

DEGREE DAYS
 HEATING
  TODAY            2                         6     -4        0
  MONTH TO DATE   63                       166   -103       89
  SINCE DEC 1    691                       859   -168      813
  SINCE JUL 1    809                      1026   -217     1012

 COOLING
  TODAY            0                         1     -1        3
  MONTH TO DATE   32                         1     31       50
  SINCE DEC 1     34                         4     30       50
  SINCE JAN 1     32                         3     29       50
..................................................................


WIND (MPH)
  RESULTANT WIND SPEED   1   RESULTANT WIND DIRECTION   E (70)
  HIGHEST WIND SPEED     9   HIGHEST WIND DIRECTION     S (170)
  HIGHEST GUST SPEED    12   HIGHEST GUST DIRECTION     S (160)
  AVERAGE WIND SPEED     1.9


SKY COVER
  POSSIBLE SUNSHINE  MM
  AVERAGE SKY COVER 0.0


WEATHER CONDITIONS
 THE FOLLOWING WEATHER WAS RECORDED TODAY.
  FOG


RELATIVE HUMIDITY (PERCENT)
 HIGHEST   100           500 AM
 LOWEST     46           200 PM
 AVERAGE    73

..........................................................


THE THERMAL AIRPORT CA CLIMATE NORMALS FOR TOMORROW
                         NORMAL    RECORD    YEAR
 MAXIMUM TEMPERATURE (F)   76        92      1954
 MINIMUM TEMPERATURE (F)   43        27      1955


SUNRISE AND SUNSET
FEBRUARY 21 2017......SUNRISE   622 AM PST   SUNSET   535 PM PST
FEBRUARY 22 2017......SUNRISE   621 AM PST   SUNSET   536 PM PST


-  INDICATES NEGATIVE NUMBERS.
R  INDICATES RECORD WAS SET OR TIED.
MM INDICATES DATA IS MISSING.
T  INDICATES TRACE AMOUNT.




$$
