000
CDUS46 KPQR 091324
CLITTD


CLIMATE REPORT
NATIONAL WEATHER SERVICE PORTLAND OREGON
524 AM PST FRI DEC 9 2016


...................................

...THE TROUTDALE OR CLIMATE SUMMARY FOR DECEMBER 8 2016...

CLIMATE NORMAL PERIOD 1981 TO 2010
CLIMATE RECORD PERIOD 1948 TO 2016


WEATHER ITEM   OBSERVED TIME   RECORD YEAR NORMAL DEPARTURE LAST
                VALUE   (LST)  VALUE       VALUE  FROM      YEAR
                                                  NORMAL
..................................................................
TEMPERATURE (F)
 YESTERDAY
  MAXIMUM         34   1049 AM  64    2015  45    -11       64
  MINIMUM         30    939 PM  12    1972  34     -4       56
  AVERAGE         32                        40     -8       60

PRECIPITATION (IN)
  YESTERDAY        0.08                      0.22  -0.14     1.44
  MONTH TO DATE    0.37                      1.81  -1.44     5.39
  SINCE OCT 1     18.33                     13.04   5.29    14.18
  SINCE JAN 1     40.84                     41.61  -0.77    31.29

DEGREE DAYS
 HEATING
  YESTERDAY       33                        25      8        5
  MONTH TO DATE  200                       196      4      147

 COOLING
  YESTERDAY        0                         0      0        0
  MONTH TO DATE    0                         0      0        0
..................................................................


WIND (MPH)
  HIGHEST WIND SPEED    36   HIGHEST WIND DIRECTION     E (90)
  HIGHEST GUST SPEED    45   HIGHEST GUST DIRECTION     E (90)
  AVERAGE WIND SPEED    25.2


SKY COVER
  POSSIBLE SUNSHINE  MM
  AVERAGE SKY COVER 0.6


WEATHER CONDITIONS
 THE FOLLOWING WEATHER WAS RECORDED YESTERDAY.
  LT FREEZING RAIN
  SNOW
  LIGHT SNOW
  FOG
  HAZE


RELATIVE HUMIDITY (PERCENT)
 HIGHEST    85           600 PM
 LOWEST     51          1200 AM
 AVERAGE    68

..........................................................


THE TROUTDALE OR CLIMATE NORMALS FOR TODAY
                         NORMAL    RECORD    YEAR
 MAXIMUM TEMPERATURE (F)   45        63      1987
 MINIMUM TEMPERATURE (F)   34        12      1972


SUNRISE AND SUNSET
DECEMBER  9 2016......SUNRISE   739 AM PST   SUNSET   426 PM PST
DECEMBER 10 2016......SUNRISE   739 AM PST   SUNSET   426 PM PST


-  INDICATES NEGATIVE NUMBERS.
R  INDICATES RECORD WAS SET OR TIED.
MM INDICATES DATA IS MISSING.
T  INDICATES TRACE AMOUNT.




$$
