000
CDUS46 KPQR 201141
CLITTD


CLIMATE REPORT
NATIONAL WEATHER SERVICE PORTLAND OREGON
340 AM PST SAT DEC 20 2014


...................................

...THE TROUTDALE OR CLIMATE SUMMARY FOR DECEMBER 19 2014...

CLIMATE NORMAL PERIOD 1981 TO 2010
CLIMATE RECORD PERIOD 9999 TO 9999


WEATHER ITEM   OBSERVED TIME   NORMAL DEPARTURE LAST
                VALUE   (LST)  VALUE  FROM      YEAR
                                      NORMAL
......................................................
TEMPERATURE (F)
 YESTERDAY
  MAXIMUM         54    320 PM  44     10       40
  MINIMUM         43    247 AM  33     10       30
  AVERAGE         49            38     11       35

PRECIPITATION (IN)
  YESTERDAY        0.08          0.25  -0.17     0.00
  MONTH TO DATE    2.16          4.32  -2.16     1.41
  SINCE OCT 1     12.82         15.55  -2.73     6.63
  SINCE JAN 1     35.52         44.12  -8.60    27.55

DEGREE DAYS
 HEATING
  YESTERDAY       16            27    -11       30
  MONTH TO DATE  396           485    -89      566

 COOLING
  YESTERDAY        0             0      0        0
  MONTH TO DATE    0             0      0        0
......................................................


WIND (MPH)
  HIGHEST WIND SPEED    14   HIGHEST WIND DIRECTION     E (90)
  HIGHEST GUST SPEED    19   HIGHEST GUST DIRECTION    SW (230)
  AVERAGE WIND SPEED     6.7


SKY COVER
  POSSIBLE SUNSHINE  MM
  AVERAGE SKY COVER 0.9


WEATHER CONDITIONS
 THE FOLLOWING WEATHER WAS RECORDED YESTERDAY.
  LIGHT RAIN
  FOG


RELATIVE HUMIDITY (PERCENT)
 HIGHEST    92          1200 AM
 LOWEST     64           300 PM
 AVERAGE    78

..........................................................


THE TROUTDALE OR CLIMATE NORMALS FOR TODAY
                         NORMAL    RECORD    YEAR
 MAXIMUM TEMPERATURE (F)   44        60      1972
 MINIMUM TEMPERATURE (F)   33        12      1990


SUNRISE AND SUNSET
DECEMBER 20 2014......SUNRISE   746 AM PST   SUNSET   428 PM PST
DECEMBER 21 2014......SUNRISE   747 AM PST   SUNSET   429 PM PST


-  INDICATES NEGATIVE NUMBERS.
R  INDICATES RECORD WAS SET OR TIED.
MM INDICATES DATA IS MISSING.
T  INDICATES TRACE AMOUNT.




$$
