000
CDUS46 KPQR 251142
CLITTD


CLIMATE REPORT
NATIONAL WEATHER SERVICE PORTLAND OREGON
442 AM PDT THU MAY 25 2017


...................................

...THE TROUTDALE OR CLIMATE SUMMARY FOR MAY 24 2017...

CLIMATE NORMAL PERIOD 1981 TO 2010
CLIMATE RECORD PERIOD 1948 TO 2017


WEATHER ITEM   OBSERVED TIME   RECORD YEAR NORMAL DEPARTURE LAST
                VALUE   (LST)  VALUE       VALUE  FROM      YEAR
                                                  NORMAL
..................................................................
TEMPERATURE (F)
 YESTERDAY
  MAXIMUM         65    451 PM  94    1999  70     -5       73
  MINIMUM         50    415 AM  35    1964  48      2       54
  AVERAGE         58                        59     -1       64

PRECIPITATION (IN)
  YESTERDAY        0.00                      0.10  -0.10     0.00
  MONTH TO DATE    2.19                      2.26  -0.07     1.72
  SINCE OCT 1     46.45                     40.42   6.03    36.74
  SINCE JAN 1     25.36                     22.02   3.34    16.92

DEGREE DAYS
 HEATING
  YESTERDAY        7                         7      0        1
  MONTH TO DATE  175                       211    -36       90

 COOLING
  YESTERDAY        0                         1     -1        0
  MONTH TO DATE   29                         7     22       23
..................................................................


WIND (MPH)
  HIGHEST WIND SPEED    14   HIGHEST WIND DIRECTION    NW (310)
  HIGHEST GUST SPEED    20   HIGHEST GUST DIRECTION    NW (310)
  AVERAGE WIND SPEED     5.2


SKY COVER
  POSSIBLE SUNSHINE  MM
  AVERAGE SKY COVER 0.6


WEATHER CONDITIONS
 THE FOLLOWING WEATHER WAS RECORDED YESTERDAY.
  NO SIGNIFICANT WEATHER WAS OBSERVED.


RELATIVE HUMIDITY (PERCENT)
 HIGHEST    71          1100 PM
 LOWEST     44           200 PM
 AVERAGE    58

..........................................................


THE TROUTDALE OR CLIMATE NORMALS FOR TODAY
                         NORMAL    RECORD    YEAR
 MAXIMUM TEMPERATURE (F)   70        87      1979
 MINIMUM TEMPERATURE (F)   48        38      1975


SUNRISE AND SUNSET
MAY 25 2017...........SUNRISE   529 AM PDT   SUNSET   845 PM PDT
MAY 26 2017...........SUNRISE   528 AM PDT   SUNSET   846 PM PDT


-  INDICATES NEGATIVE NUMBERS.
R  INDICATES RECORD WAS SET OR TIED.
MM INDICATES DATA IS MISSING.
T  INDICATES TRACE AMOUNT.




$$
