000
CDUS46 KPQR 041144
CLITTD


CLIMATE REPORT
NATIONAL WEATHER SERVICE PORTLAND OREGON
443 AM PDT TUE AUG 4 2015


...................................

...THE TROUTDALE OR CLIMATE SUMMARY FOR AUGUST 3 2015...

CLIMATE NORMAL PERIOD 1981 TO 2010
CLIMATE RECORD PERIOD 1948 TO 2015


WEATHER ITEM   OBSERVED TIME   RECORD YEAR NORMAL DEPARTURE LAST
                VALUE   (LST)  VALUE       VALUE  FROM      YEAR
                                                  NORMAL
..................................................................
TEMPERATURE (F)
 YESTERDAY
  MAXIMUM         85    311 PM 103    1952  83      2       90
  MINIMUM         64   1159 PM  45    1956  55      9       60
  AVERAGE         75                        69      6       75

PRECIPITATION (IN)
  YESTERDAY        T                         0.01  -0.01     0.00
  MONTH TO DATE    T                         0.05  -0.05     0.01
  SINCE OCT 1     29.53                     44.31 -14.78    29.16
  SINCE JAN 1     14.57                     25.91 -11.34    21.57

DEGREE DAYS
 HEATING
  YESTERDAY        0                         1     -1        0
  MONTH TO DATE    0                         3     -3        0

 COOLING
  YESTERDAY       10                         5      5       10
  MONTH TO DATE   30                        15     15       33
..................................................................


WIND (MPH)
  HIGHEST WIND SPEED    10   HIGHEST WIND DIRECTION    NW (320)
  HIGHEST GUST SPEED    16   HIGHEST GUST DIRECTION    NW (330)
  AVERAGE WIND SPEED     2.3


SKY COVER
  POSSIBLE SUNSHINE  MM
  AVERAGE SKY COVER 0.1


WEATHER CONDITIONS
 THE FOLLOWING WEATHER WAS RECORDED YESTERDAY.
  NO SIGNIFICANT WEATHER WAS OBSERVED.


RELATIVE HUMIDITY (PERCENT)
 HIGHEST    78           500 AM
 LOWEST     32           300 PM
 AVERAGE    55

..........................................................


THE TROUTDALE OR CLIMATE NORMALS FOR TODAY
                         NORMAL    RECORD    YEAR
 MAXIMUM TEMPERATURE (F)   83       102      1990
 MINIMUM TEMPERATURE (F)   55        46      1954


SUNRISE AND SUNSET
AUGUST  4 2015........SUNRISE   557 AM PDT   SUNSET   834 PM PDT
AUGUST  5 2015........SUNRISE   558 AM PDT   SUNSET   833 PM PDT


-  INDICATES NEGATIVE NUMBERS.
R  INDICATES RECORD WAS SET OR TIED.
MM INDICATES DATA IS MISSING.
T  INDICATES TRACE AMOUNT.




$$
