000
CDUS41 KPHI 160546
CLITTN


CLIMATE REPORT
NATIONAL WEATHER SERVICE MOUNT HOLLY NJ
1245 AM EST TUE JAN 16 2018


...................................

...THE TRENTON NJ CLIMATE SUMMARY FOR JANUARY 15 2018...

CLIMATE NORMAL PERIOD 1981 TO 2010
CLIMATE RECORD PERIOD 1865 TO 2018


WEATHER ITEM   OBSERVED TIME   RECORD YEAR NORMAL DEPARTURE LAST
                VALUE   (LST)  VALUE       VALUE  FROM      YEAR
                                                  NORMAL
..................................................................
TEMPERATURE (F)
 YESTERDAY
  MAXIMUM         32    302 PM  70    1932  39     -7       38
  MINIMUM         14    546 AM   2    2004  23     -9       27
                                      1957
  AVERAGE         23                        31     -8       33

PRECIPITATION (IN)
  YESTERDAY        0.00          1.80 1892   0.10  -0.10     0.00
  MONTH TO DATE    1.50                      1.62  -0.12     1.29
  SINCE DEC 1      3.09                      5.32  -2.23     3.94
  SINCE JAN 1      1.50                      1.62  -0.12     1.29

DEGREE DAYS
 HEATING
  YESTERDAY       42                        34      8       32
  MONTH TO DATE  598                       509     89      463
  SINCE DEC 1   1565                      1428    137     1337
  SINCE JUL 1   2351                      2404    -53     2147

 COOLING
  YESTERDAY        0                         0      0        0
  MONTH TO DATE    0                         0      0        0
  SINCE DEC 1      0                         0      0        0
  SINCE JAN 1      0                         0      0        0
..................................................................


WIND (MPH)
  HIGHEST WIND SPEED    14   HIGHEST WIND DIRECTION     E (70)
  HIGHEST GUST SPEED    19   HIGHEST GUST DIRECTION    NE (40)
  AVERAGE WIND SPEED     8.1


SKY COVER
  POSSIBLE SUNSHINE  MM
  AVERAGE SKY COVER 0.7


WEATHER CONDITIONS
 THE FOLLOWING WEATHER WAS RECORDED YESTERDAY.
  NO SIGNIFICANT WEATHER WAS OBSERVED.


RELATIVE HUMIDITY (PERCENT)
 HIGHEST    81          1100 PM
 LOWEST     51           100 AM
 AVERAGE    66

..........................................................


THE TRENTON NJ CLIMATE NORMALS FOR TODAY
                         NORMAL    RECORD    YEAR
 MAXIMUM TEMPERATURE (F)   39        63      2007
 MINIMUM TEMPERATURE (F)   23        -5      1893


SUNRISE AND SUNSET
JANUARY 16 2018.......SUNRISE   720 AM EST   SUNSET   459 PM EST
JANUARY 17 2018.......SUNRISE   719 AM EST   SUNSET   500 PM EST


-  INDICATES NEGATIVE NUMBERS.
R  INDICATES RECORD WAS SET OR TIED.
MM INDICATES DATA IS MISSING.
T  INDICATES TRACE AMOUNT.




$$
