000
CDUS41 KPHI 230627
CLITTN


CLIMATE REPORT
NATIONAL WEATHER SERVICE MOUNT HOLLY NJ
226 AM EDT TUE SEP 23 2014


...................................

...THE TRENTON NJ CLIMATE SUMMARY FOR SEPTEMBER 22 2014...

CLIMATE NORMAL PERIOD 1981 TO 2010
CLIMATE RECORD PERIOD 1865 TO 2014


WEATHER ITEM   OBSERVED TIME   RECORD YEAR NORMAL DEPARTURE LAST
                VALUE   (LST)  VALUE       VALUE  FROM      YEAR
                                                  NORMAL
..................................................................
TEMPERATURE (F)
 YESTERDAY
  MAXIMUM         71    328 PM  97    1895  74     -3       69
  MINIMUM         50   1159 PM  35    1904  54     -4       53
  AVERAGE         61                        64     -3       61

PRECIPITATION (IN)
  YESTERDAY        0.00          1.00 1994   0.16  -0.16     0.21
                                      1990
  MONTH TO DATE    0.71                      3.00  -2.29     1.61
  SINCE SEP 1      0.71                      3.00  -2.29     1.61
  SINCE JAN 1     32.17                     33.98  -1.81    33.96

SNOWFALL (IN)
  YESTERDAY       MM            MM      MM  MM     MM       MM
  MONTH TO DATE   MM                        MM     MM       MM
  SINCE SEP 1     MM                        MM     MM       MM
  SINCE JUL 1     MM                        MM     MM       MM
  SNOW DEPTH      MM

DEGREE DAYS
 HEATING
  YESTERDAY        4                         3      1        4
  MONTH TO DATE   32                        25      7       51
  SINCE SEP 1     32                        25      7       51
  SINCE JUL 1     32                        28      4       51

 COOLING
  YESTERDAY        0                         2     -2        0
  MONTH TO DATE  116                        89     27       91
  SINCE SEP 1    116                        89     27       91
  SINCE JAN 1    899                       945    -46     1041
..................................................................


WIND (MPH)
  HIGHEST WIND SPEED    20   HIGHEST WIND DIRECTION    NW (310)
  HIGHEST GUST SPEED    25   HIGHEST GUST DIRECTION    NW (330)
  AVERAGE WIND SPEED     8.2


SKY COVER
  POSSIBLE SUNSHINE  MM
  AVERAGE SKY COVER 0.3


WEATHER CONDITIONS
 THE FOLLOWING WEATHER WAS RECORDED YESTERDAY.
  NO SIGNIFICANT WEATHER WAS OBSERVED.


RELATIVE HUMIDITY (PERCENT)
 HIGHEST    81           200 AM
 LOWEST     39           400 PM
 AVERAGE    60

..........................................................


THE TRENTON NJ CLIMATE NORMALS FOR TODAY
                         NORMAL    RECORD    YEAR
 MAXIMUM TEMPERATURE (F)   73        97      1895
 MINIMUM TEMPERATURE (F)   53        38      1904


SUNRISE AND SUNSET
SEPTEMBER 23 2014.....SUNRISE   648 AM EDT   SUNSET   655 PM EDT
SEPTEMBER 24 2014.....SUNRISE   649 AM EDT   SUNSET   653 PM EDT


-  INDICATES NEGATIVE NUMBERS.
R  INDICATES RECORD WAS SET OR TIED.
MM INDICATES DATA IS MISSING.
T  INDICATES TRACE AMOUNT.




$$
