000
CDUS41 KPHI 280628
CLITTN


CLIMATE REPORT
NATIONAL WEATHER SERVICE MOUNT HOLLY NJ
227 AM EDT SUN MAY 28 2017


...................................

...THE TRENTON NJ CLIMATE SUMMARY FOR MAY 27 2017...

CLIMATE NORMAL PERIOD 1981 TO 2010
CLIMATE RECORD PERIOD 1865 TO 2017


WEATHER ITEM   OBSERVED TIME   RECORD YEAR NORMAL DEPARTURE LAST
                VALUE   (LST)  VALUE       VALUE  FROM      YEAR
                                                  NORMAL
..................................................................
TEMPERATURE (F)
 YESTERDAY
  MAXIMUM         73    512 PM  94    1914  75     -2       89
                                      1880
  MINIMUM         57    519 AM  41    1961  54      3       66
  AVERAGE         65                        65      0       78

PRECIPITATION (IN)
  YESTERDAY        T             1.15 1892   0.18  -0.18     0.00
  MONTH TO DATE    4.99                      3.64   1.35     2.87
  SINCE MAR 1     12.76                     11.32   1.44     6.16
  SINCE JAN 1     17.50                     16.79   0.71    13.36

DEGREE DAYS
 HEATING
  YESTERDAY        0                         3     -3        0
  MONTH TO DATE  166                       157      9      187
  SINCE MAR 1   1215                      1311    -96     1111
  SINCE JUL 1   4434                      5125   -691     4205

 COOLING
  YESTERDAY        0                         3     -3       13
  MONTH TO DATE   48                        38     10       32
  SINCE MAR 1     79                        46     33       44
  SINCE JAN 1     79                        46     33       44
..................................................................


WIND (MPH)
  HIGHEST WIND SPEED     9   HIGHEST WIND DIRECTION    SW (230)
  HIGHEST GUST SPEED    13   HIGHEST GUST DIRECTION    NW (310)
  AVERAGE WIND SPEED     4.3


SKY COVER
  POSSIBLE SUNSHINE  MM
  AVERAGE SKY COVER 0.3


WEATHER CONDITIONS
 THE FOLLOWING WEATHER WAS RECORDED YESTERDAY.
  LIGHT RAIN


RELATIVE HUMIDITY (PERCENT)
 HIGHEST    87           300 AM
 LOWEST     53           700 PM
 AVERAGE    70

..........................................................


THE TRENTON NJ CLIMATE NORMALS FOR TODAY
                         NORMAL    RECORD    YEAR
 MAXIMUM TEMPERATURE (F)   76        94      1941
 MINIMUM TEMPERATURE (F)   54        38      1994


SUNRISE AND SUNSET
MAY 28 2017...........SUNRISE   534 AM EDT   SUNSET   820 PM EDT
MAY 29 2017...........SUNRISE   533 AM EDT   SUNSET   821 PM EDT


-  INDICATES NEGATIVE NUMBERS.
R  INDICATES RECORD WAS SET OR TIED.
MM INDICATES DATA IS MISSING.
T  INDICATES TRACE AMOUNT.




$$
