796
CDUS41 KPHI 142131
CLITTN


CLIMATE REPORT
NATIONAL WEATHER SERVICE MOUNT HOLLY NJ
431 PM EST SUN FEB 14 2016


...................................

...THE TRENTON NJ CLIMATE SUMMARY FOR FEBRUARY 14 2016...
VALID TODAY AS OF 0400 PM LOCAL TIME.

CLIMATE NORMAL PERIOD 1981 TO 2010
CLIMATE RECORD PERIOD 1865 TO 2016


WEATHER ITEM   OBSERVED TIME   RECORD YEAR NORMAL DEPARTURE LAST
                VALUE   (LST)  VALUE       VALUE  FROM      YEAR
                                                  NORMAL
..................................................................
TEMPERATURE (F)
 TODAY
  MAXIMUM         16    359 PM  66    1946  42    -26       31
  MINIMUM          4    733 AM   0    1916  26    -22       12
  AVERAGE         10                        34    -24       22

PRECIPITATION (IN)
  TODAY            0.00          1.18 2005   0.08  -0.08     0.13
  MONTH TO DATE    1.05                      1.07  -0.02     1.35
  SINCE DEC 1      8.75                      7.93   0.82     9.83
  SINCE JAN 1      4.34                      4.23   0.11     5.69

SNOWFALL (IN)
  TODAY           MM            MM      MM  MM     MM       MM
  MONTH TO DATE   MM                        MM     MM       MM
  SINCE DEC 1     MM                        MM     MM       MM
  SINCE JUL 1     MM                        MM     MM       MM
  SNOW DEPTH      MM

DEGREE DAYS
 HEATING
  TODAY           55                        31     24       43
  MONTH TO DATE  459                       452      7      534
  SINCE DEC 1   1982                      2422   -440     2469
  SINCE JUL 1   2728                      3398   -670     3439

 COOLING
  TODAY            0                         0      0        0
  MONTH TO DATE    0                         0      0        0
  SINCE DEC 1      2                         0      2        0
  SINCE JAN 1      0                         0      0        0
..................................................................


WIND (MPH)
  HIGHEST WIND SPEED    20   HIGHEST WIND DIRECTION     N (350)
  HIGHEST GUST SPEED    25   HIGHEST GUST DIRECTION     N (350)
  AVERAGE WIND SPEED     9.5


SKY COVER
  POSSIBLE SUNSHINE  MM
  AVERAGE SKY COVER 0.0


WEATHER CONDITIONS
 THE FOLLOWING WEATHER WAS RECORDED TODAY.
  NO SIGNIFICANT WEATHER WAS OBSERVED.


RELATIVE HUMIDITY (PERCENT)
 HIGHEST    60           200 AM
 LOWEST     30           200 PM
 AVERAGE    45

..........................................................


THE TRENTON NJ CLIMATE NORMALS FOR TOMORROW
                         NORMAL    RECORD    YEAR
 MAXIMUM TEMPERATURE (F)   42        73      1949
 MINIMUM TEMPERATURE (F)   26        -2      1943
                                             1899


SUNRISE AND SUNSET
FEBRUARY 14 2016......SUNRISE   654 AM EST   SUNSET   533 PM EST
FEBRUARY 15 2016......SUNRISE   653 AM EST   SUNSET   534 PM EST


-  INDICATES NEGATIVE NUMBERS.
R  INDICATES RECORD WAS SET OR TIED.
MM INDICATES DATA IS MISSING.
T  INDICATES TRACE AMOUNT.




$$
