000
CDUS41 KPHI 300629
CLITTN


CLIMATE REPORT
NATIONAL WEATHER SERVICE MOUNT HOLLY NJ
228 AM EDT THU OCT 30 2014


...................................

...THE TRENTON NJ CLIMATE SUMMARY FOR OCTOBER 29 2014...

CLIMATE NORMAL PERIOD 1981 TO 2010
CLIMATE RECORD PERIOD 1865 TO 2014


WEATHER ITEM   OBSERVED TIME   RECORD YEAR NORMAL DEPARTURE LAST
                VALUE   (LST)  VALUE       VALUE  FROM      YEAR
                                                  NORMAL
..................................................................
TEMPERATURE (F)
 YESTERDAY
  MAXIMUM         70   1044 AM  79    1918  61      9       59
  MINIMUM         47   1040 PM  22    1985  41      6       40
  AVERAGE         59                        51      8       50

PRECIPITATION (IN)
  YESTERDAY        0.03          3.11 1973   0.13  -0.10     0.00
  MONTH TO DATE    3.14                      3.94  -0.80     1.61
  SINCE SEP 1      4.19                      8.21  -4.02     3.22
  SINCE JAN 1     35.65                     39.19  -3.54    35.57

SNOWFALL (IN)
  YESTERDAY       MM            MM      MM  MM     MM       MM
  MONTH TO DATE   MM                        MM     MM       MM
  SINCE SEP 1     MM                        MM     MM       MM
  SINCE JUL 1     MM                        MM     MM       MM
  SNOW DEPTH      MM

DEGREE DAYS
 HEATING
  YESTERDAY        6                        14     -8       15
  MONTH TO DATE  206                       302    -96      238
  SINCE SEP 1    254                       364   -110      326
  SINCE JUL 1    254                       367   -113      326

 COOLING
  YESTERDAY        0                         0      0        0
  MONTH TO DATE   14                         7      7       36
  SINCE SEP 1    147                       106     41      127
  SINCE JAN 1    930                       962    -32     1077
..................................................................


WIND (MPH)
  HIGHEST WIND SPEED    18   HIGHEST WIND DIRECTION    NW (300)
  HIGHEST GUST SPEED    26   HIGHEST GUST DIRECTION    NW (300)
  AVERAGE WIND SPEED     4.8


SKY COVER
  POSSIBLE SUNSHINE  MM
  AVERAGE SKY COVER 0.4


WEATHER CONDITIONS
 THE FOLLOWING WEATHER WAS RECORDED YESTERDAY.
  LIGHT RAIN
  FOG
  FOG W/VISIBILITY <= 1/4 MILE
  HAZE


RELATIVE HUMIDITY (PERCENT)
 HIGHEST   100           700 AM
 LOWEST     40           100 PM
 AVERAGE    70

..........................................................


THE TRENTON NJ CLIMATE NORMALS FOR TODAY
                         NORMAL    RECORD    YEAR
 MAXIMUM TEMPERATURE (F)   61        81      1946
 MINIMUM TEMPERATURE (F)   40        27      1988
                                             1983


SUNRISE AND SUNSET
OCTOBER 30 2014.......SUNRISE   726 AM EDT   SUNSET   559 PM EDT
OCTOBER 31 2014.......SUNRISE   728 AM EDT   SUNSET   558 PM EDT


-  INDICATES NEGATIVE NUMBERS.
R  INDICATES RECORD WAS SET OR TIED.
MM INDICATES DATA IS MISSING.
T  INDICATES TRACE AMOUNT.




$$
