000
CDUS41 KPHI 220546
CLITTN


CLIMATE REPORT
NATIONAL WEATHER SERVICE MOUNT HOLLY NJ
145 AM EDT FRI SEP 22 2017


...................................

...THE TRENTON NJ CLIMATE SUMMARY FOR SEPTEMBER 21 2017...

CLIMATE NORMAL PERIOD 1981 TO 2010
CLIMATE RECORD PERIOD 1865 TO 2017


WEATHER ITEM   OBSERVED TIME   RECORD YEAR NORMAL DEPARTURE LAST
                VALUE   (LST)  VALUE       VALUE  FROM      YEAR
                                                  NORMAL
..................................................................
TEMPERATURE (F)
 YESTERDAY
  MAXIMUM         85    251 PM  96    1895  74     11       85
  MINIMUM         66    354 AM  40    1962  54     12       63
                                      1956
  AVERAGE         76                        64     12       74

PRECIPITATION (IN)
  YESTERDAY        0.00          3.37 1966   0.15  -0.15     0.00
  MONTH TO DATE    1.86                      2.84  -0.98     1.73
  SINCE SEP 1      1.86                      2.84  -0.98     1.73
  SINCE JAN 1     33.03                     33.82  -0.79    26.53

DEGREE DAYS
 HEATING
  YESTERDAY        0                         3     -3        0
  MONTH TO DATE   20                        22     -2        0
  SINCE SEP 1     20                        22     -2        0
  SINCE JUL 1     21                        25     -4        0

 COOLING
  YESTERDAY       11                         2      9        9
  MONTH TO DATE   94                        87      7      187
  SINCE SEP 1     94                        87      7      187
  SINCE JAN 1   1014                       943     71     1338
..................................................................


WIND (MPH)
  HIGHEST WIND SPEED    15   HIGHEST WIND DIRECTION    NE (40)
  HIGHEST GUST SPEED    20   HIGHEST GUST DIRECTION    NE (30)
  AVERAGE WIND SPEED     6.1


SKY COVER
  POSSIBLE SUNSHINE  MM
  AVERAGE SKY COVER 0.1


WEATHER CONDITIONS
 THE FOLLOWING WEATHER WAS RECORDED YESTERDAY.
  NO SIGNIFICANT WEATHER WAS OBSERVED.


RELATIVE HUMIDITY (PERCENT)
 HIGHEST    93           200 AM
 LOWEST     47           400 PM
 AVERAGE    70

..........................................................


THE TRENTON NJ CLIMATE NORMALS FOR TODAY
                         NORMAL    RECORD    YEAR
 MAXIMUM TEMPERATURE (F)   74        97      1895
 MINIMUM TEMPERATURE (F)   54        35      1904


SUNRISE AND SUNSET
SEPTEMBER 22 2017.....SUNRISE   647 AM EDT   SUNSET   656 PM EDT
SEPTEMBER 23 2017.....SUNRISE   648 AM EDT   SUNSET   654 PM EDT


-  INDICATES NEGATIVE NUMBERS.
R  INDICATES RECORD WAS SET OR TIED.
MM INDICATES DATA IS MISSING.
T  INDICATES TRACE AMOUNT.




$$
