000
CDUS41 KPHI 230628
CLITTN


CLIMATE REPORT
NATIONAL WEATHER SERVICE MOUNT HOLLY NJ
228 AM EDT WED APR 23 2014


...................................

...THE TRENTON NJ CLIMATE SUMMARY FOR APRIL 22 2014...

CLIMATE NORMAL PERIOD 1981 TO 2010
CLIMATE RECORD PERIOD 1865 TO 2014


WEATHER ITEM   OBSERVED TIME   RECORD YEAR NORMAL DEPARTURE LAST
                VALUE   (LST)  VALUE       VALUE  FROM      YEAR
                                                  NORMAL
..................................................................
TEMPERATURE (F)
 YESTERDAY
  MAXIMUM         75    139 PM  89    1985  64     11       51
  MINIMUM         45    541 AM  30    1922  43      2       35
  AVERAGE         60                        53      7       43

PRECIPITATION (IN)
  YESTERDAY        T             2.06 2012   0.11  -0.11     0.00
  MONTH TO DATE    1.40                      2.77  -1.37     2.01
  SINCE MAR 1      4.73                      6.91  -2.18     4.60
  SINCE JAN 1     12.39                     12.38   0.01     9.22

SNOWFALL (IN)
  YESTERDAY       MM            MM      MM  MM     MM       MM
  MONTH TO DATE   MM                        MM     MM       MM
  SINCE MAR 1     MM                        MM     MM       MM
  SINCE JUL 1     MM                        MM     MM       MM
  SNOW DEPTH      MM

DEGREE DAYS
 HEATING
  YESTERDAY        5                        12     -7       22
  MONTH TO DATE  303                       335    -32      297
  SINCE MAR 1   1176                      1067    109     1082
  SINCE JUL 1   5262                      4881    381     4683

 COOLING
  YESTERDAY        0                         0      0        0
  MONTH TO DATE    6                         0      6       14
  SINCE MAR 1      6                         0      6       14
  SINCE JAN 1      6                         0      6       14
..................................................................


WIND (MPH)
  HIGHEST WIND SPEED    17   HIGHEST WIND DIRECTION     W (290)
  HIGHEST GUST SPEED    28   HIGHEST GUST DIRECTION    NW (320)
  AVERAGE WIND SPEED     8.3


SKY COVER
  POSSIBLE SUNSHINE  MM
  AVERAGE SKY COVER 0.3


WEATHER CONDITIONS
 THE FOLLOWING WEATHER WAS RECORDED YESTERDAY.
  LIGHT RAIN
  FOG


RELATIVE HUMIDITY (PERCENT)
 HIGHEST    93           600 AM
 LOWEST     35           200 PM
 AVERAGE    64

..........................................................


THE TRENTON NJ CLIMATE NORMALS FOR TODAY
                         NORMAL    RECORD    YEAR
 MAXIMUM TEMPERATURE (F)   64        89      1960
 MINIMUM TEMPERATURE (F)   43        30      1988


SUNRISE AND SUNSET
APRIL 23 2014.........SUNRISE   610 AM EDT   SUNSET   746 PM EDT
APRIL 24 2014.........SUNRISE   608 AM EDT   SUNSET   747 PM EDT


-  INDICATES NEGATIVE NUMBERS.
R  INDICATES RECORD WAS SET OR TIED.
MM INDICATES DATA IS MISSING.
T  INDICATES TRACE AMOUNT.




$$
