000
CDUS41 KPHI 220627
CLITTN


CLIMATE REPORT
NATIONAL WEATHER SERVICE MOUNT HOLLY NJ
127 AM EST SAT NOV 22 2014


...................................

...THE TRENTON NJ CLIMATE SUMMARY FOR NOVEMBER 21 2014...

CLIMATE NORMAL PERIOD 1981 TO 2010
CLIMATE RECORD PERIOD 1865 TO 2014


WEATHER ITEM   OBSERVED TIME   RECORD YEAR NORMAL DEPARTURE LAST
                VALUE   (LST)  VALUE       VALUE  FROM      YEAR
                                                  NORMAL
..................................................................
TEMPERATURE (F)
 YESTERDAY
  MAXIMUM         36    218 PM  75    1931  52    -16       54
  MINIMUM         24   1156 PM  14    1987  36    -12       29
  AVERAGE         30                        44    -14       42

PRECIPITATION (IN)
  YESTERDAY        0.00          1.51 1954   0.10  -0.10     0.00
  MONTH TO DATE    2.66                      2.20   0.46     0.60
  SINCE SEP 1      6.85                     10.65  -3.80     3.86
  SINCE JAN 1     38.31                     41.63  -3.32    36.21

SNOWFALL (IN)
  YESTERDAY       MM            MM      MM  MM     MM       MM
  MONTH TO DATE   MM                        MM     MM       MM
  SINCE SEP 1     MM                        MM     MM       MM
  SINCE JUL 1     MM                        MM     MM       MM
  SNOW DEPTH      MM

DEGREE DAYS
 HEATING
  YESTERDAY       35                        21     14       23
  MONTH TO DATE  459                       375     84      388
  SINCE SEP 1    751                       769    -18      734
  SINCE JUL 1    751                       772    -21      734

 COOLING
  YESTERDAY        0                         0      0        0
  MONTH TO DATE    0                         0      0        0
  SINCE SEP 1    147                       109     38      127
  SINCE JAN 1    930                       965    -35     1077
..................................................................


WIND (MPH)
  HIGHEST WIND SPEED    20   HIGHEST WIND DIRECTION    NW (310)
  HIGHEST GUST SPEED    29   HIGHEST GUST DIRECTION    NW (320)
  AVERAGE WIND SPEED     9.2


SKY COVER
  POSSIBLE SUNSHINE  MM
  AVERAGE SKY COVER 0.0


WEATHER CONDITIONS
 THE FOLLOWING WEATHER WAS RECORDED YESTERDAY.
  NO SIGNIFICANT WEATHER WAS OBSERVED.


RELATIVE HUMIDITY (PERCENT)
 HIGHEST    46           600 AM
 LOWEST     29           300 PM
 AVERAGE    38

..........................................................


THE TRENTON NJ CLIMATE NORMALS FOR TODAY
                         NORMAL    RECORD    YEAR
 MAXIMUM TEMPERATURE (F)   52        72      1931
 MINIMUM TEMPERATURE (F)   36        15      1880


SUNRISE AND SUNSET
NOVEMBER 22 2014......SUNRISE   653 AM EST   SUNSET   437 PM EST
NOVEMBER 23 2014......SUNRISE   654 AM EST   SUNSET   437 PM EST


-  INDICATES NEGATIVE NUMBERS.
R  INDICATES RECORD WAS SET OR TIED.
MM INDICATES DATA IS MISSING.
T  INDICATES TRACE AMOUNT.




$$
