000
CDUS44 KTSA 260650
CLITUL

CLIMATE REPORT
NATIONAL WEATHER SERVICE TULSA OK
147 AM CDT SAT JUL 26 2014


...................................

...THE TULSA OKLAHOMA CLIMATE SUMMARY FOR JULY 25 2014...

CLIMATE NORMAL PERIOD 1981 TO 2010
CLIMATE RECORD PERIOD 1882 TO 2014


WEATHER ITEM   OBSERVED TIME   RECORD YEAR NORMAL DEPARTURE LAST
                VALUE   (LST)  VALUE       VALUE  FROM      YEAR
                                                  NORMAL
..................................................................
TEMPERATURE (F)
 YESTERDAY
  MAXIMUM         95    401 PM 108    1934  94      1       86
  MINIMUM         74    604 AM  54    1911  73      1       71
  AVERAGE         85                        84      1       79

PRECIPITATION (IN)
  YESTERDAY        0.00          2.34 1931   0.10  -0.10     0.00
  MONTH TO DATE    2.48                      2.80  -0.32     2.89
  SINCE JUN 1      7.15                      7.52  -0.37     4.58
  SINCE JAN 1     15.60                     24.02  -8.42    18.46

DEGREE DAYS
 COOLING
  YESTERDAY       20                        19      1       14
  MONTH TO DATE  335                       442   -107      429
  SINCE JUN 1    738                       821    -83      860
  SINCE JAN 1   1009                      1055    -46     1052
..................................................................


WIND (MPH)
  HIGHEST WIND SPEED    23   HIGHEST WIND DIRECTION     S (170)
  HIGHEST GUST SPEED    27   HIGHEST GUST DIRECTION     S (170)
  AVERAGE WIND SPEED    13.4


SKY COVER
  POSSIBLE SUNSHINE  MM
  AVERAGE SKY COVER 0.2


WEATHER CONDITIONS
 THE FOLLOWING WEATHER WAS RECORDED YESTERDAY.
  NO SIGNIFICANT WEATHER WAS OBSERVED.


RELATIVE HUMIDITY (PERCENT)
 HIGHEST    93           600 AM
 LOWEST     46           300 PM
 AVERAGE    70

..........................................................


THE TULSA OKLAHOMA CLIMATE NORMALS FOR TODAY
                         NORMAL    RECORD    YEAR
 MAXIMUM TEMPERATURE (F)   94       106      1978
                                             1934
 MINIMUM TEMPERATURE (F)   73        60      2004
                                             1905


SUNRISE AND SUNSET
JULY 26 2014..........SUNRISE   626 AM CDT   SUNSET   834 PM CDT
JULY 27 2014..........SUNRISE   627 AM CDT   SUNSET   833 PM CDT


-  INDICATES NEGATIVE NUMBERS.
R  INDICATES RECORD WAS SET OR TIED.
MM INDICATES DATA IS MISSING.
T  INDICATES TRACE AMOUNT.




$$

&&
...........................................................

THE TULSA PRECIPITATION NORMALS FOR TODAY
                       NORMAL    RECORD      YEAR
  TODAY                 0.09      1.81       1928
  MONTH TO DATE         2.89
  YEAR TO DATE         24.11
...........................................................
ALL DATA MEASURED AT THE TULSA INTERNATIONAL AIRPORT...
EXCEPT SNOWFALL...WHICH IS MEASURED AT THE NWS OFFICE.
