883
CDUS44 KTSA 100742
CLITUL

CLIMATE REPORT
NATIONAL WEATHER SERVICE TULSA OK
142 AM CST SAT DEC 10 2016


...................................

...THE TULSA OKLAHOMA CLIMATE SUMMARY FOR DECEMBER 9 2016...

CLIMATE NORMAL PERIOD 1981 TO 2010
CLIMATE RECORD PERIOD 1882 TO 2016


WEATHER ITEM   OBSERVED TIME   RECORD YEAR NORMAL DEPARTURE LAST
                VALUE   (LST)  VALUE       VALUE  FROM      YEAR
                                                  NORMAL
..................................................................
TEMPERATURE (F)
 YESTERDAY
  MAXIMUM         35   1159 PM  75    1993  51    -16       71
  MINIMUM         15    655 AM   0    2005  31    -16       37
                                      1917
  AVERAGE         25                        41    -16       54

PRECIPITATION (IN)
  YESTERDAY        0.00          1.71 1999   0.09  -0.09     0.00
  MONTH TO DATE    0.18                      0.78  -0.60     0.00
  SINCE DEC 1      0.18                      0.78  -0.60     0.00
  SINCE JAN 1     27.93                     39.26 -11.33    53.19

SNOWFALL (IN)
  YESTERDAY        0.0                                       0.0
  MONTH TO DATE    T                                         0.0
  SINCE DEC 1      T                                         0.0
  SINCE JUL 1      T                                          T

DEGREE DAYS
 HEATING
  YESTERDAY       40                        24     16       11
  MONTH TO DATE  232                       209     23      159
  SINCE DEC 1    232                       209     23      159
  SINCE JUL 1    571                       845   -274      634
..................................................................


WIND (MPH)
  HIGHEST WIND SPEED    10   HIGHEST WIND DIRECTION     S (160)
  HIGHEST GUST SPEED    14   HIGHEST GUST DIRECTION    SE (140)
  AVERAGE WIND SPEED     4.7


SKY COVER
  POSSIBLE SUNSHINE  MM
  AVERAGE SKY COVER 0.6


WEATHER CONDITIONS
 THE FOLLOWING WEATHER WAS RECORDED YESTERDAY.
  NO SIGNIFICANT WEATHER WAS OBSERVED.


RELATIVE HUMIDITY (PERCENT)
 HIGHEST    80           200 AM
 LOWEST     41           300 PM
 AVERAGE    61

..........................................................


THE TULSA OKLAHOMA CLIMATE NORMALS FOR TODAY
                         NORMAL    RECORD    YEAR
 MAXIMUM TEMPERATURE (F)   50        74      1996
 MINIMUM TEMPERATURE (F)   30         3      1919
                                             1917


SUNRISE AND SUNSET
DECEMBER 10 2016......SUNRISE   724 AM CST   SUNSET   509 PM CST
DECEMBER 11 2016......SUNRISE   725 AM CST   SUNSET   509 PM CST


-  INDICATES NEGATIVE NUMBERS.
R  INDICATES RECORD WAS SET OR TIED.
MM INDICATES DATA IS MISSING.
T  INDICATES TRACE AMOUNT.




$$

&&
...........................................................

THE TULSA PRECIPITATION NORMALS FOR TODAY
                       NORMAL    RECORD      YEAR
  TODAY                 0.08      1.73       1960
  MONTH TO DATE         0.86
  YEAR TO DATE         39.34
...........................................................
ALL DATA MEASURED AT THE TULSA INTERNATIONAL AIRPORT...
EXCEPT SNOWFALL...WHICH IS MEASURED AT THE NWS OFFICE.
