000
CDUS44 KTSA 060650
CLITUL

CLIMATE REPORT
NATIONAL WEATHER SERVICE TULSA OK
1247 AM CST FRI MAR 6 2015

...................................

...THE TULSA OKLAHOMA CLIMATE SUMMARY FOR MARCH 5 2015...

CLIMATE NORMAL PERIOD 1981 TO 2010
CLIMATE RECORD PERIOD 1882 TO 2015


WEATHER ITEM   OBSERVED TIME   RECORD YEAR NORMAL DEPARTURE LAST
                VALUE   (LST)  VALUE       VALUE  FROM      YEAR
                                                  NORMAL
..................................................................
TEMPERATURE (F)
 YESTERDAY
  MAXIMUM         45    503 PM  88    1991  59    -14       47
  MINIMUM         17    414 AM   5    1960  37    -20       25
  AVERAGE         31                        48    -17       36

PRECIPITATION (IN)
  YESTERDAY        0.00          2.40 1897   0.11  -0.11     0.04
  MONTH TO DATE    0.06                      0.49  -0.43     0.42
  SINCE MAR 1      0.06                      0.49  -0.43     0.42
  SINCE JAN 1      2.38                      4.00  -1.62     0.87

SNOWFALL (IN)
  YESTERDAY        0.0                                       0.0
  MONTH TO DATE    0.3                                       2.4
  SINCE MAR 1      0.3                                       2.4
  SINCE JUL 1      8.5                                      12.4

DEGREE DAYS
 HEATING
  YESTERDAY       34                        17     17       29
  MONTH TO DATE  150                        90     60      199
  SINCE MAR 1    150                        90     60      199
  SINCE JUL 1   3165                      3001    164     3500

 COOLING
  YESTERDAY        0                         0      0        0
  MONTH TO DATE    0                         0      0        0
  SINCE MAR 1      0                         0      0        0
  SINCE JAN 1      0                         1     -1        0
..................................................................


WIND (MPH)
  HIGHEST WIND SPEED    15   HIGHEST WIND DIRECTION     S (170)
  HIGHEST GUST SPEED    18   HIGHEST GUST DIRECTION    NW (330)
  AVERAGE WIND SPEED     5.7


SKY COVER
  POSSIBLE SUNSHINE  MM
  AVERAGE SKY COVER 0.1


WEATHER CONDITIONS
 THE FOLLOWING WEATHER WAS RECORDED YESTERDAY.
  NO SIGNIFICANT WEATHER WAS OBSERVED.


RELATIVE HUMIDITY (PERCENT)
 HIGHEST    74           800 AM
 LOWEST     25           700 PM
 AVERAGE    50

..........................................................


THE TULSA OKLAHOMA CLIMATE NORMALS FOR TODAY
                         NORMAL    RECORD    YEAR
 MAXIMUM TEMPERATURE (F)   59        87      1974
                                             1910
 MINIMUM TEMPERATURE (F)   37        13      1943


SUNRISE AND SUNSET
MARCH  6 2015.........SUNRISE   647 AM CST   SUNSET   623 PM CST
MARCH  7 2015.........SUNRISE   646 AM CST   SUNSET   624 PM CST


-  INDICATES NEGATIVE NUMBERS.
R  INDICATES RECORD WAS SET OR TIED.
MM INDICATES DATA IS MISSING.
T  INDICATES TRACE AMOUNT.


$$

&&
...........................................................

THE TULSA PRECIPITATION NORMALS FOR TODAY
                       NORMAL    RECORD      YEAR
  TODAY                 0.10      1.57       1973
  MONTH TO DATE         0.59
  YEAR TO DATE          4.10
...........................................................
ALL DATA MEASURED AT THE TULSA INTERNATIONAL AIRPORT...
EXCEPT SNOWFALL...WHICH IS MEASURED AT THE NWS OFFICE.
