000
CDUS44 KTSA 260716
CLITUL

CLIMATE REPORT
NATIONAL WEATHER SERVICE TULSA OK
1247 AM CST FRI DEC 26 2014


...................................

...THE TULSA OKLAHOMA CLIMATE SUMMARY FOR DECEMBER 25 2014...

CLIMATE NORMAL PERIOD 1981 TO 2010
CLIMATE RECORD PERIOD 1882 TO 2014


WEATHER ITEM   OBSERVED TIME   RECORD YEAR NORMAL DEPARTURE LAST
                VALUE   (LST)  VALUE       VALUE  FROM      YEAR
                                                  NORMAL
..................................................................
TEMPERATURE (F)
 YESTERDAY
  MAXIMUM         60    342 PM  73    1922  48     12       41
  MINIMUM         33    133 AM  -2    1983  28      5       23
  AVERAGE         47                        38      9       32

PRECIPITATION (IN)
  YESTERDAY        0.00          1.29 1987   0.08  -0.08     0.00
  MONTH TO DATE    1.81                      2.09  -0.28     1.78
  SINCE DEC 1      1.81                      2.09  -0.28     1.78
  SINCE JAN 1     29.44                     40.57 -11.13    33.09

SNOWFALL (IN)
  YESTERDAY        0.0                                       0.0
  MONTH TO DATE    T                                         5.0
  SINCE DEC 1      T                                         5.0
  SINCE JUL 1      0.4                                       5.0

DEGREE DAYS
 HEATING
  YESTERDAY       18                        27     -9       33
  MONTH TO DATE  508                       628   -120      746
  SINCE DEC 1    508                       628   -120      746
  SINCE JUL 1   1209                      1264    -55     1447
..................................................................


WIND (MPH)
  HIGHEST WIND SPEED    33   HIGHEST WIND DIRECTION     S (180)
  HIGHEST GUST SPEED    41   HIGHEST GUST DIRECTION     S (180)
  AVERAGE WIND SPEED    18.0


SKY COVER
  POSSIBLE SUNSHINE  MM
  AVERAGE SKY COVER 0.6


WEATHER CONDITIONS
 THE FOLLOWING WEATHER WAS RECORDED YESTERDAY.
  NO SIGNIFICANT WEATHER WAS OBSERVED.


RELATIVE HUMIDITY (PERCENT)
 HIGHEST    82          1200 AM
 LOWEST     28           100 PM
 AVERAGE    55

..........................................................


THE TULSA OKLAHOMA CLIMATE NORMALS FOR TODAY
                         NORMAL    RECORD    YEAR
 MAXIMUM TEMPERATURE (F)   47        76      2008
 MINIMUM TEMPERATURE (F)   28         9      1914


SUNRISE AND SUNSET
DECEMBER 26 2014......SUNRISE   733 AM CST   SUNSET   515 PM CST
DECEMBER 27 2014......SUNRISE   733 AM CST   SUNSET   516 PM CST


-  INDICATES NEGATIVE NUMBERS.
R  INDICATES RECORD WAS SET OR TIED.
MM INDICATES DATA IS MISSING.
T  INDICATES TRACE AMOUNT.




$$

&&
...........................................................

THE TULSA PRECIPITATION NORMALS FOR TODAY
                       NORMAL    RECORD      YEAR
  TODAY                 0.07      0.97       1987
  MONTH TO DATE         2.16
  YEAR TO DATE         40.64
...........................................................
ALL DATA MEASURED AT THE TULSA INTERNATIONAL AIRPORT...
EXCEPT SNOWFALL...WHICH IS MEASURED AT THE NWS OFFICE.
