000
CDUS44 KTSA 160649
CLITUL

CLIMATE REPORT
NATIONAL WEATHER SERVICE TULSA OK
147 AM CDT TUE SEP 16 2014


...................................

...THE TULSA OKLAHOMA CLIMATE SUMMARY FOR SEPTEMBER 15 2014...

CLIMATE NORMAL PERIOD 1981 TO 2010
CLIMATE RECORD PERIOD 1882 TO 2014


WEATHER ITEM   OBSERVED TIME   RECORD YEAR NORMAL DEPARTURE LAST
                VALUE   (LST)  VALUE       VALUE  FROM      YEAR
                                                  NORMAL
..................................................................
TEMPERATURE (F)
 YESTERDAY
  MAXIMUM         88    354 PM 103    1956  84      4       89
  MINIMUM         69    741 AM  42    1993  62      7       68
  AVERAGE         79                        73      6       79

PRECIPITATION (IN)
  YESTERDAY        0.01          2.87 1962   0.15  -0.14     0.00
  MONTH TO DATE    1.36                      2.12  -0.76     0.00
  SINCE SEP 1      1.36                      2.12  -0.76     0.00
  SINCE JAN 1     19.88                     29.60  -9.72    23.38

DEGREE DAYS
 HEATING
  YESTERDAY        0                         1     -1        0
  MONTH TO DATE   12                         1     11        0
  SINCE SEP 1     12                         1     11        0
  SINCE JUL 1     13                         1     12        0

 COOLING
  YESTERDAY       14                         9      5       14
  MONTH TO DATE  160                       170    -10      243
  SINCE SEP 1    160                       170    -10      243
  SINCE JAN 1   1813                      1871    -58     1872
..................................................................


WIND (MPH)
  HIGHEST WIND SPEED    17   HIGHEST WIND DIRECTION     S (180)
  HIGHEST GUST SPEED    22   HIGHEST GUST DIRECTION     S (180)
  AVERAGE WIND SPEED     9.8


SKY COVER
  POSSIBLE SUNSHINE  MM
  AVERAGE SKY COVER 0.9


WEATHER CONDITIONS
 THE FOLLOWING WEATHER WAS RECORDED YESTERDAY.
  LIGHT RAIN


RELATIVE HUMIDITY (PERCENT)
 HIGHEST    90           700 AM
 LOWEST     50           400 PM
 AVERAGE    70

..........................................................


THE TULSA OKLAHOMA CLIMATE NORMALS FOR TODAY
                         NORMAL    RECORD    YEAR
 MAXIMUM TEMPERATURE (F)   84       103      1956
 MINIMUM TEMPERATURE (F)   62        44      1993


SUNRISE AND SUNSET
SEPTEMBER 16 2014.....SUNRISE   707 AM CDT   SUNSET   729 PM CDT
SEPTEMBER 17 2014.....SUNRISE   708 AM CDT   SUNSET   728 PM CDT


-  INDICATES NEGATIVE NUMBERS.
R  INDICATES RECORD WAS SET OR TIED.
MM INDICATES DATA IS MISSING.
T  INDICATES TRACE AMOUNT.




$$

&&
...........................................................

THE TULSA PRECIPITATION NORMALS FOR TODAY
                       NORMAL    RECORD      YEAR
  TODAY                 0.14      5.78       1971
  MONTH TO DATE         2.26
  YEAR TO DATE         29.74
...........................................................
ALL DATA MEASURED AT THE TULSA INTERNATIONAL AIRPORT...
EXCEPT SNOWFALL...WHICH IS MEASURED AT THE NWS OFFICE.
