000
CDUS44 KTSA 230720
CLITUL

CLIMATE REPORT
NATIONAL WEATHER SERVICE TULSA OK
147 AM CDT TUE MAY 23 2017


...................................

...THE TULSA OKLAHOMA CLIMATE SUMMARY FOR MAY 22 2017...

CLIMATE NORMAL PERIOD 1981 TO 2010
CLIMATE RECORD PERIOD 1882 TO 2017


WEATHER ITEM   OBSERVED TIME   RECORD YEAR NORMAL DEPARTURE LAST
                VALUE   (LST)  VALUE       VALUE  FROM      YEAR
                                                  NORMAL
..................................................................
TEMPERATURE (F)
 YESTERDAY
  MAXIMUM         76    246 PM  94    2005  81     -5       83
  MINIMUM         55    342 AM  44    1931  61     -6       63
  AVERAGE         66                        71     -5       73

PRECIPITATION (IN)
  YESTERDAY        T             2.10 1902   0.19  -0.19     0.00
  MONTH TO DATE    5.88                      4.20   1.68     1.78
  SINCE MAR 1     18.09                     11.28   6.81    10.53
  SINCE JAN 1     22.69                     14.79   7.90    11.73

DEGREE DAYS
 COOLING
  YESTERDAY        1                         6     -5        8
  MONTH TO DATE   96                       100     -4       65
  SINCE MAR 1    200                       164     36      113
  SINCE JAN 1    216                       165     51      119
..................................................................


WIND (MPH)
  HIGHEST WIND SPEED    17   HIGHEST WIND DIRECTION     S (180)
  HIGHEST GUST SPEED    21   HIGHEST GUST DIRECTION    SE (150)
  AVERAGE WIND SPEED     6.3


SKY COVER
  POSSIBLE SUNSHINE  MM
  AVERAGE SKY COVER 0.8


WEATHER CONDITIONS
 THE FOLLOWING WEATHER WAS RECORDED YESTERDAY.
  LIGHT RAIN


RELATIVE HUMIDITY (PERCENT)
 HIGHEST    90          1100 PM
 LOWEST     46          1000 AM
 AVERAGE    68

..........................................................


THE TULSA OKLAHOMA CLIMATE NORMALS FOR TODAY
                         NORMAL    RECORD    YEAR
 MAXIMUM TEMPERATURE (F)   81        94      2000
 MINIMUM TEMPERATURE (F)   61        41      1917


SUNRISE AND SUNSET
MAY 23 2017...........SUNRISE   612 AM CDT   SUNSET   829 PM CDT
MAY 24 2017...........SUNRISE   611 AM CDT   SUNSET   830 PM CDT


-  INDICATES NEGATIVE NUMBERS.
R  INDICATES RECORD WAS SET OR TIED.
MM INDICATES DATA IS MISSING.
T  INDICATES TRACE AMOUNT.




$$

&&
...........................................................

THE TULSA PRECIPITATION NORMALS FOR TODAY
                       NORMAL    RECORD      YEAR
  TODAY                 0.20      3.36       2015
  MONTH TO DATE         4.40
  YEAR TO DATE         14.99
...........................................................
ALL DATA MEASURED AT THE TULSA INTERNATIONAL AIRPORT...
EXCEPT SNOWFALL...WHICH IS MEASURED AT THE NWS OFFICE.
