000
CDUS44 KTSA 281534
CLITUL

CLIMATE REPORT
NATIONAL WEATHER SERVICE TULSA OK
934 AM CST WED JAN 28 2015


...................................

...THE TULSA OKLAHOMA CLIMATE SUMMARY FOR JANUARY 28 2015...
VALID AS OF 0900 AM LOCAL TIME.

CLIMATE NORMAL PERIOD 1981 TO 2010
CLIMATE RECORD PERIOD 1882 TO 2015


WEATHER ITEM   OBSERVED TIME   RECORD YEAR NORMAL DEPARTURE LAST
                VALUE   (LST)  VALUE       VALUE  FROM      YEAR
                                                  NORMAL
..................................................................
TEMPERATURE (F)
 TODAY
  MAXIMUM         57   1246 AM  82    1909  49      8       31
  MINIMUM         49    746 AM   3    1948  28     21       13
  AVERAGE         53                        38     15       22

PRECIPITATION (IN)
  TODAY            0.00          1.07 2001   0.05  -0.05      T
  MONTH TO DATE    0.41                      1.48  -1.07     0.13
  SINCE DEC 1      2.38                      3.97  -1.59     1.91
  SINCE JAN 1      0.41                      1.48  -1.07     0.13

SNOWFALL (IN)
  TODAY            0.0                                        T
  MONTH TO DATE    T                                         1.1
  SINCE DEC 1      2.0                                       6.1
  SINCE JUL 1      2.4                                       6.1

DEGREE DAYS
 HEATING
  TODAY           12                        27    -15       43
  MONTH TO DATE  764                       771     -7      813
  SINCE DEC 1   1456                      1563   -107     1726
  SINCE JUL 1   2157                      2199    -42     2427
..................................................................


WIND (MPH)
  HIGHEST WIND SPEED    16   HIGHEST WIND DIRECTION     S (170)
  HIGHEST GUST SPEED    20   HIGHEST GUST DIRECTION     S (170)
  AVERAGE WIND SPEED    11.7


SKY COVER
  POSSIBLE SUNSHINE  MM
  AVERAGE SKY COVER 0.2


WEATHER CONDITIONS
 THE FOLLOWING WEATHER WAS RECORDED TODAY.
  NO SIGNIFICANT WEATHER WAS OBSERVED.


RELATIVE HUMIDITY (PERCENT)
 HIGHEST    61           600 AM
 LOWEST     47          1200 AM
 AVERAGE    54

..........................................................


THE TULSA OKLAHOMA CLIMATE NORMALS FOR TOMORROW
                         NORMAL    RECORD    YEAR
 MAXIMUM TEMPERATURE (F)   49        76      2011
                                             1947
 MINIMUM TEMPERATURE (F)   28        -2      1949


SUNRISE AND SUNSET
JANUARY 28 2015.......SUNRISE   728 AM CST   SUNSET   546 PM CST
JANUARY 29 2015.......SUNRISE   727 AM CST   SUNSET   547 PM CST


-  INDICATES NEGATIVE NUMBERS.
R  INDICATES RECORD WAS SET OR TIED.
MM INDICATES DATA IS MISSING.
T  INDICATES TRACE AMOUNT.




$$

&&
...........................................................

HOURLY TEMPERATURE DATA
 YESTERDAY
11AM NOON  1PM  2PM  3PM  4PM  5PM  6PM  7PM  8PM  9PM 10PM 11PM
  57   62   65   68   70   72   71   62   61   60   59   59   57

 TODAY
 MID  1AM  2AM  3AM  4AM  5AM  6AM  7AM  8AM  9AM
  55   56   55   53   52   51   50   50   50   54
...........................................................
ALL DATA MEASURED AT THE TULSA INTERNATIONAL AIRPORT...
EXCEPT SNOWFALL...WHICH IS MEASURED AT THE NWS OFFICE.
