000
CDUS44 KMEG 260628
CLITUP


CLIMATE REPORT
NATIONAL WEATHER SERVICE MEMPHIS TN
127 AM CDT MON SEP 26 2016


...................................

...THE TUPELO CLIMATE SUMMARY FOR SEPTEMBER 25 2016...

CLIMATE NORMAL PERIOD 1981 TO 2010
CLIMATE RECORD PERIOD 1930 TO 2016


WEATHER ITEM   OBSERVED TIME   RECORD YEAR NORMAL DEPARTURE LAST
                VALUE   (LST)  VALUE       VALUE  FROM      YEAR
                                                  NORMAL
..................................................................
TEMPERATURE (F)
 YESTERDAY
  MAXIMUM         98R   307 PM  98    1931  82     16       89
  MINIMUM         68    606 AM  43    1994  59      9       66
                                      1983
                                      1965
  AVERAGE         83                        71     12       78

PRECIPITATION (IN)
  YESTERDAY        0.00          3.13 2005   0.12  -0.12     0.00
  MONTH TO DATE    0.43                      2.76  -2.33     0.11
  SINCE SEP 1      0.43                      2.76  -2.33     0.11
  SINCE JAN 1     36.28                     39.23  -2.95    52.68

SNOWFALL (IN)
  YESTERDAY        0.0           0.0  2002   0.0    0.0      0.0
                                      2001
  MONTH TO DATE    0.0                       0.0    0.0      0.0
  SINCE SEP 1      0.0                       0.0    0.0      0.0
  SINCE JUL 1      0.0                       0.0    0.0      0.0
  SNOW DEPTH       0

DEGREE DAYS
 HEATING
  YESTERDAY        0                         1     -1        0
  MONTH TO DATE    0                         5     -5        3
  SINCE SEP 1      0                         5     -5        3
  SINCE JUL 1      0                         5     -5        3

 COOLING
  YESTERDAY       18                         7     11       13
  MONTH TO DATE  399                       258    141      263
  SINCE SEP 1    399                       258    141      263
  SINCE JAN 1   2322                      1930    392     2002
..................................................................


WIND (MPH)
  HIGHEST WIND SPEED    10   HIGHEST WIND DIRECTION     N (340)
  HIGHEST GUST SPEED    14   HIGHEST GUST DIRECTION    NE (30)
  AVERAGE WIND SPEED     3.9


SKY COVER
  POSSIBLE SUNSHINE  MM
  AVERAGE SKY COVER 0.0


WEATHER CONDITIONS
 THE FOLLOWING WEATHER WAS RECORDED YESTERDAY.
  NO SIGNIFICANT WEATHER WAS OBSERVED.


RELATIVE HUMIDITY (PERCENT)
 HIGHEST    87           500 AM
 LOWEST     24           200 PM
 AVERAGE    56

..........................................................


THE TUPELO CLIMATE NORMALS FOR TODAY
                         NORMAL    RECORD    YEAR
 MAXIMUM TEMPERATURE (F)   82        95      1933
 MINIMUM TEMPERATURE (F)   59        40      2001
                                             1975


SUNRISE AND SUNSET
SEPTEMBER 26 2016.....SUNRISE   646 AM CDT   SUNSET   645 PM CDT
SEPTEMBER 27 2016.....SUNRISE   647 AM CDT   SUNSET   644 PM CDT


-  INDICATES NEGATIVE NUMBERS.
R  INDICATES RECORD WAS SET OR TIED.
MM INDICATES DATA IS MISSING.
T  INDICATES TRACE AMOUNT.




$$
