000
CDUS44 KMEG 260632
CLITUP


CLIMATE REPORT
NATIONAL WEATHER SERVICE MEMPHIS TN
132 AM CDT FRI MAY 26 2017


...................................

...THE TUPELO CLIMATE SUMMARY FOR MAY 25 2017...

CLIMATE NORMAL PERIOD 1981 TO 2010
CLIMATE RECORD PERIOD 1930 TO 2017


WEATHER ITEM   OBSERVED TIME   RECORD YEAR NORMAL DEPARTURE LAST
                VALUE   (LST)  VALUE       VALUE  FROM      YEAR
                                                  NORMAL
..................................................................
TEMPERATURE (F)
 YESTERDAY
  MAXIMUM         77    343 PM  95    1941  84     -7       88
  MINIMUM         51    509 AM  37    1979  62    -11       65
  AVERAGE         64                        73     -9       77

PRECIPITATION (IN)
  YESTERDAY        0.00          2.09 2015   0.16  -0.16     0.00
  MONTH TO DATE    2.61                      4.58  -1.97     0.90
  SINCE MAR 1     12.21                     14.18  -1.97    14.64
  SINCE JAN 1     20.68                     23.62  -2.94    21.81

SNOWFALL (IN)
  YESTERDAY        0.0          MM      MM   0.0    0.0      0.0
  MONTH TO DATE    0.0                       0.0    0.0      0.0
  SINCE MAR 1      T                         0.3   -0.3      0.0
  SINCE JUL 1      T                         2.1   -2.1       T
  SNOW DEPTH       0

DEGREE DAYS
 HEATING
  YESTERDAY        1                         0      1        0
  MONTH TO DATE   27                        23      4       21
  SINCE MAR 1    368                       524   -156      345
  SINCE JUL 1   1986                      2955   -969     2282

 COOLING
  YESTERDAY        0                         8     -8       12
  MONTH TO DATE  118                       145    -27      109
  SINCE MAR 1    263                       219     44      199
  SINCE JAN 1    275                       221     54      199
..................................................................


WIND (MPH)
  HIGHEST WIND SPEED    15   HIGHEST WIND DIRECTION    SW (230)
  HIGHEST GUST SPEED    19   HIGHEST GUST DIRECTION    SW (230)
  AVERAGE WIND SPEED     5.4


SKY COVER
  POSSIBLE SUNSHINE  MM
  AVERAGE SKY COVER 0.1


WEATHER CONDITIONS
 THE FOLLOWING WEATHER WAS RECORDED YESTERDAY.
  NO SIGNIFICANT WEATHER WAS OBSERVED.


RELATIVE HUMIDITY (PERCENT)
 HIGHEST    93           100 AM
 LOWEST     38           200 PM
 AVERAGE    66

..........................................................


THE TUPELO CLIMATE NORMALS FOR TODAY
                         NORMAL    RECORD    YEAR
 MAXIMUM TEMPERATURE (F)   84        95      1978
                                             1964
 MINIMUM TEMPERATURE (F)   63        39      1979


SUNRISE AND SUNSET
MAY 26 2017...........SUNRISE   546 AM CDT   SUNSET   758 PM CDT
MAY 27 2017...........SUNRISE   546 AM CDT   SUNSET   759 PM CDT


-  INDICATES NEGATIVE NUMBERS.
R  INDICATES RECORD WAS SET OR TIED.
MM INDICATES DATA IS MISSING.
T  INDICATES TRACE AMOUNT.




$$
