000
CDUS44 KMEG 220651
CLITUP


CLIMATE REPORT
NATIONAL WEATHER SERVICE MEMPHIS TN
151 AM CDT WED OCT 22 2014


...................................

...THE TUPELO CLIMATE SUMMARY FOR OCTOBER 21 2014...

CLIMATE NORMAL PERIOD 1981 TO 2010
CLIMATE RECORD PERIOD 1930 TO 2014


WEATHER ITEM   OBSERVED TIME   RECORD YEAR NORMAL DEPARTURE LAST
                VALUE   (LST)  VALUE       VALUE  FROM      YEAR
                                                  NORMAL
..................................................................
TEMPERATURE (F)
 YESTERDAY
  MAXIMUM         77    207 PM  90    1941  74      3       73
  MINIMUM         49   1158 PM  27    1976  49      0       39
  AVERAGE         63                        61      2       56

PRECIPITATION (IN)
  YESTERDAY        0.00          0.88 1950   0.14  -0.14     0.00
  MONTH TO DATE    7.60                      2.82   4.78     1.05
  SINCE SEP 1     10.83                      6.26   4.57     4.13
  SINCE JAN 1     46.76                     42.73   4.03    41.41

SNOWFALL (IN)
  YESTERDAY        0.0           0.0  2002   0.0    0.0      0.0
                                      2001
  MONTH TO DATE    0.0                       0.0    0.0      0.0
  SINCE SEP 1      0.0                       0.0    0.0      0.0
  SINCE JUL 1      0.0                       0.0    0.0      0.0
  SNOW DEPTH       0

DEGREE DAYS
 HEATING
  YESTERDAY        2                         5     -3        9
  MONTH TO DATE   43                        69    -26       50
  SINCE SEP 1     44                        81    -37       50
  SINCE JUL 1     44                        81    -37       50

 COOLING
  YESTERDAY        0                         2     -2        0
  MONTH TO DATE   89                        63     26       93
  SINCE SEP 1    412                       349     63      424
  SINCE JAN 1   1959                      2021    -62     2019
..................................................................


WIND (MPH)
  HIGHEST WIND SPEED    15   HIGHEST WIND DIRECTION     N (20)
  HIGHEST GUST SPEED    20   HIGHEST GUST DIRECTION     N (10)
  AVERAGE WIND SPEED     4.2


SKY COVER
  POSSIBLE SUNSHINE  MM
  AVERAGE SKY COVER 0.0


WEATHER CONDITIONS
 THE FOLLOWING WEATHER WAS RECORDED YESTERDAY.
  FOG


RELATIVE HUMIDITY (PERCENT)
 HIGHEST    93           400 AM
 LOWEST     36           200 PM
 AVERAGE    65

..........................................................


THE TUPELO CLIMATE NORMALS FOR TODAY
                         NORMAL    RECORD    YEAR
 MAXIMUM TEMPERATURE (F)   73        91      1939
 MINIMUM TEMPERATURE (F)   49        30      1987
                                             1976


SUNRISE AND SUNSET
OCTOBER 22 2014.......SUNRISE   706 AM CDT   SUNSET   612 PM CDT
OCTOBER 23 2014.......SUNRISE   707 AM CDT   SUNSET   611 PM CDT


-  INDICATES NEGATIVE NUMBERS.
R  INDICATES RECORD WAS SET OR TIED.
MM INDICATES DATA IS MISSING.
T  INDICATES TRACE AMOUNT.




$$
