000
CDUS44 KMEG 240733
CLITUP


CLIMATE REPORT
NATIONAL WEATHER SERVICE MEMPHIS TN
132 AM CST MON NOV 24 2014


...................................

...THE TUPELO CLIMATE SUMMARY FOR NOVEMBER 23 2014...

CLIMATE NORMAL PERIOD 1981 TO 2010
CLIMATE RECORD PERIOD 1930 TO 2014


WEATHER ITEM   OBSERVED TIME   RECORD YEAR NORMAL DEPARTURE LAST
                VALUE   (LST)  VALUE       VALUE  FROM      YEAR
                                                  NORMAL
..................................................................
TEMPERATURE (F)
 YESTERDAY
  MAXIMUM         67    245 PM  76    1931  61      6       50
  MINIMUM         58   1159 PM  16    1976  40     18       33
  AVERAGE         63                        50     13       42

PRECIPITATION (IN)
  YESTERDAY        0.75          3.41 1979   0.18   0.57     0.04
  MONTH TO DATE    4.50                      3.35   1.15     3.00
  SINCE SEP 1     16.07                     10.91   5.16     8.26
  SINCE JAN 1     52.00                     47.38   4.62    45.54

SNOWFALL (IN)
  YESTERDAY        0.0           0.0  2002   0.0    0.0      0.0
                                      2001
  MONTH TO DATE    0.0                       0.0    0.0      0.0
  SINCE SEP 1      0.0                       0.0    0.0      0.0
  SINCE JUL 1      0.0                       0.0    0.0      0.0
  SNOW DEPTH       0

DEGREE DAYS
 HEATING
  YESTERDAY        2                        15    -13       23
  MONTH TO DATE  411                       261    150      302
  SINCE SEP 1    510                       409    101      421
  SINCE JUL 1    510                       409    101      421

 COOLING
  YESTERDAY        0                         0      0        0
  MONTH TO DATE    0                         9     -9        0
  SINCE SEP 1    427                       370     57      432
  SINCE JAN 1   1974                      2042    -68     2027
..................................................................


WIND (MPH)
  HIGHEST WIND SPEED    28   HIGHEST WIND DIRECTION     S (190)
  HIGHEST GUST SPEED    35   HIGHEST GUST DIRECTION     S (190)
  AVERAGE WIND SPEED    11.0


SKY COVER
  POSSIBLE SUNSHINE  MM
  AVERAGE SKY COVER 0.9


WEATHER CONDITIONS
 THE FOLLOWING WEATHER WAS RECORDED YESTERDAY.
  HEAVY RAIN
  RAIN
  LIGHT RAIN
  FOG
  HAZE


RELATIVE HUMIDITY (PERCENT)
 HIGHEST    97          1200 PM
 LOWEST     67          1200 AM
 AVERAGE    82

..........................................................


THE TUPELO CLIMATE NORMALS FOR TODAY
                         NORMAL    RECORD    YEAR
 MAXIMUM TEMPERATURE (F)   61        78      1973
 MINIMUM TEMPERATURE (F)   39        11      1970


SUNRISE AND SUNSET
NOVEMBER 24 2014......SUNRISE   637 AM CST   SUNSET   447 PM CST
NOVEMBER 25 2014......SUNRISE   637 AM CST   SUNSET   446 PM CST


-  INDICATES NEGATIVE NUMBERS.
R  INDICATES RECORD WAS SET OR TIED.
MM INDICATES DATA IS MISSING.
T  INDICATES TRACE AMOUNT.




$$
