998
CDUS44 KMEG 030722
CLITUP


CLIMATE REPORT
NATIONAL WEATHER SERVICE MEMPHIS TN
122 AM CST SAT DEC 3 2016


...................................

...THE TUPELO CLIMATE SUMMARY FOR DECEMBER 2 2016...

CLIMATE NORMAL PERIOD 1981 TO 2010
CLIMATE RECORD PERIOD 1930 TO 2016


WEATHER ITEM   OBSERVED TIME   RECORD YEAR NORMAL DEPARTURE LAST
                VALUE   (LST)  VALUE       VALUE  FROM      YEAR
                                                  NORMAL
..................................................................
TEMPERATURE (F)
 YESTERDAY
  MAXIMUM         64    327 PM  78    1970  57      7       58
  MINIMUM         30    653 AM  19    1975  37     -7       38
  AVERAGE         47                        47      0       48

PRECIPITATION (IN)
  YESTERDAY        0.00          3.03 1983   0.22  -0.22     0.00
  MONTH TO DATE    0.00                      0.43  -0.43     0.39
  SINCE DEC 1      0.00                      0.43  -0.43     0.39
  SINCE JAN 1     41.37                     49.16  -7.79    63.79

SNOWFALL (IN)
  YESTERDAY        0.0           0.0  2001   0.0    0.0      0.0
  MONTH TO DATE    0.0                       0.0    0.0      0.0
  SINCE DEC 1      0.0                       0.0    0.0      0.0
  SINCE JUL 1      0.0                       0.0    0.0      0.0
  SNOW DEPTH       0

DEGREE DAYS
 HEATING
  YESTERDAY       18                        18      0       17
  MONTH TO DATE   37                        36      1       26
  SINCE DEC 1     37                        36      1       26
  SINCE JUL 1    331                       558   -227      367

 COOLING
  YESTERDAY        0                         0      0        0
  MONTH TO DATE    0                         0      0        0
  SINCE DEC 1      0                         0      0        0
  SINCE JAN 1   2539                      2044    495     2148
..................................................................


WIND (MPH)
  HIGHEST WIND SPEED     6   HIGHEST WIND DIRECTION     N (340)
  HIGHEST GUST SPEED     8   HIGHEST GUST DIRECTION    NW (310)
  AVERAGE WIND SPEED     1.0


SKY COVER
  POSSIBLE SUNSHINE  MM
  AVERAGE SKY COVER 0.0


WEATHER CONDITIONS
 THE FOLLOWING WEATHER WAS RECORDED YESTERDAY.
  NO SIGNIFICANT WEATHER WAS OBSERVED.


RELATIVE HUMIDITY (PERCENT)
 HIGHEST    96           800 AM
 LOWEST     23           100 PM
 AVERAGE    60

..........................................................


THE TUPELO CLIMATE NORMALS FOR TODAY
                         NORMAL    RECORD    YEAR
 MAXIMUM TEMPERATURE (F)   57        79      1978
 MINIMUM TEMPERATURE (F)   37        12      1976


SUNRISE AND SUNSET
DECEMBER  3 2016......SUNRISE   645 AM CST   SUNSET   445 PM CST
DECEMBER  4 2016......SUNRISE   646 AM CST   SUNSET   445 PM CST


-  INDICATES NEGATIVE NUMBERS.
R  INDICATES RECORD WAS SET OR TIED.
MM INDICATES DATA IS MISSING.
T  INDICATES TRACE AMOUNT.




$$
