000
CDUS44 KMEG 272249
CLITUP


CLIMATE REPORT
NATIONAL WEATHER SERVICE MEMPHIS TN
448 PM CST TUE JAN 27 2015


...................................

...THE TUPELO CLIMATE SUMMARY FOR JANUARY 27 2015...
VALID TODAY AS OF 0400 PM LOCAL TIME.

CLIMATE NORMAL PERIOD 1981 TO 2010
CLIMATE RECORD PERIOD 1930 TO 2015


WEATHER ITEM   OBSERVED TIME   RECORD YEAR NORMAL DEPARTURE LAST
                VALUE   (LST)  VALUE       VALUE  FROM      YEAR
                                                  NORMAL
..................................................................
TEMPERATURE (F)
 TODAY
  MAXIMUM         58    205 PM  75    1975  53      5       48
                                      1972
  MINIMUM         33    133 AM -14    1940  32      1       23
  AVERAGE         46                        42      4       36

PRECIPITATION (IN)
  TODAY            0.00          1.47 1952   0.15  -0.15     0.00
  MONTH TO DATE    4.24                      3.89   0.35     1.77
  SINCE DEC 1      9.32                     10.17  -0.85     7.95
  SINCE JAN 1      4.24                      3.89   0.35     1.77

SNOWFALL (IN)
  TODAY            0.0

DEGREE DAYS
 HEATING
  TODAY           19                        23     -4       29
  MONTH TO DATE  661                       635     26      766
  SINCE DEC 1   1221                      1286    -65     1436
  SINCE JUL 1   1858                      1808     50     2059

 COOLING
  TODAY            0                         0      0        0
  MONTH TO DATE    0                         0      0        0
  SINCE DEC 1      0                         2     -2        9
  SINCE JAN 1      0                         0      0        0
..................................................................


WIND (MPH)
  HIGHEST WIND SPEED    20   HIGHEST WIND DIRECTION    NE (40)
  HIGHEST GUST SPEED    24   HIGHEST GUST DIRECTION    NE (30)
  AVERAGE WIND SPEED     7.8


SKY COVER
  POSSIBLE SUNSHINE  MM
  AVERAGE SKY COVER 0.0


WEATHER CONDITIONS
 THE FOLLOWING WEATHER WAS RECORDED TODAY.
  NO SIGNIFICANT WEATHER WAS OBSERVED.


RELATIVE HUMIDITY (PERCENT)
 HIGHEST    89           100 AM
 LOWEST     40           200 PM
 AVERAGE    65

..........................................................


THE TUPELO CLIMATE NORMALS FOR TOMORROW
                         NORMAL    RECORD    YEAR
 MAXIMUM TEMPERATURE (F)   53        76      1975
 MINIMUM TEMPERATURE (F)   32       -10      1940


SUNRISE AND SUNSET
JANUARY 27 2015.......SUNRISE   656 AM CST   SUNSET   520 PM CST
JANUARY 28 2015.......SUNRISE   655 AM CST   SUNSET   521 PM CST


-  INDICATES NEGATIVE NUMBERS.
R  INDICATES RECORD WAS SET OR TIED.
MM INDICATES DATA IS MISSING.
T  INDICATES TRACE AMOUNT.




$$
