000
CDUS44 KMEG 062251
CLITUP


CLIMATE REPORT
NATIONAL WEATHER SERVICE MEMPHIS TN
450 PM CST SAT FEB 6 2016


...................................

...THE TUPELO CLIMATE SUMMARY FOR FEBRUARY 6 2016...
VALID TODAY AS OF 0400 PM LOCAL TIME.

CLIMATE NORMAL PERIOD 1981 TO 2010
CLIMATE RECORD PERIOD 1930 TO 2016


WEATHER ITEM   OBSERVED TIME   RECORD YEAR NORMAL DEPARTURE LAST
                VALUE   (LST)  VALUE       VALUE  FROM      YEAR
                                                  NORMAL
..................................................................
TEMPERATURE (F)
 TODAY
  MAXIMUM         53    318 PM  74    1938  54     -1       54
  MINIMUM         34    741 AM  11    1977  33      1       20
  AVERAGE         44                        44      0       37

PRECIPITATION (IN)
  TODAY            0.00          1.38 1942   0.16  -0.16     0.00
  MONTH TO DATE    1.26                      0.97   0.29     0.42
  SINCE DEC 1     12.46                     11.73   0.73     9.74
  SINCE JAN 1      5.10                      5.45  -0.35     4.66

SNOWFALL (IN)
  TODAY            0.0

DEGREE DAYS
 HEATING
  TODAY           21                        21      0       28
  MONTH TO DATE   92                       130    -38      160
  SINCE DEC 1   1200                      1504   -304     1460
  SINCE JUL 1   1541                      2026   -485     2097

 COOLING
  TODAY            0                         0      0        0
  MONTH TO DATE    0                         0      0        0
  SINCE DEC 1     27                         3     24        0
  SINCE JAN 1      0                         1     -1        0
..................................................................


WIND (MPH)
  HIGHEST WIND SPEED    12   HIGHEST WIND DIRECTION     N (340)
  HIGHEST GUST SPEED    16   HIGHEST GUST DIRECTION    NW (330)
  AVERAGE WIND SPEED     2.2


SKY COVER
  POSSIBLE SUNSHINE  MM
  AVERAGE SKY COVER 0.0


WEATHER CONDITIONS
 THE FOLLOWING WEATHER WAS RECORDED TODAY.
  NO SIGNIFICANT WEATHER WAS OBSERVED.


RELATIVE HUMIDITY (PERCENT)
 HIGHEST    89           700 AM
 LOWEST     26           300 PM
 AVERAGE    58

..........................................................


THE TUPELO CLIMATE NORMALS FOR TOMORROW
                         NORMAL    RECORD    YEAR
 MAXIMUM TEMPERATURE (F)   55        76      1999
 MINIMUM TEMPERATURE (F)   34        12      1988


SUNRISE AND SUNSET
FEBRUARY  6 2016......SUNRISE   649 AM CST   SUNSET   530 PM CST
FEBRUARY  7 2016......SUNRISE   648 AM CST   SUNSET   531 PM CST


-  INDICATES NEGATIVE NUMBERS.
R  INDICATES RECORD WAS SET OR TIED.
MM INDICATES DATA IS MISSING.
T  INDICATES TRACE AMOUNT.




$$
