000
CDUS45 KTWC 010731
CLITUS

CLIMATE REPORT
NATIONAL WEATHER SERVICE TUCSON AZ
1230 AM MST SUN FEB 1 2015


...................................

...THE TUCSON AZ CLIMATE SUMMARY FOR JANUARY 31 2015...

CLIMATE NORMAL PERIOD 1981 TO 2010
CLIMATE RECORD PERIOD 1895 TO 2015


WEATHER ITEM   OBSERVED TIME   RECORD YEAR NORMAL DEPARTURE LAST
                VALUE   (LST)  VALUE       VALUE  FROM      YEAR
                                                  NORMAL
..................................................................
TEMPERATURE (F)
 YESTERDAY
  MAXIMUM         56    102 PM  84    2003  67    -11       73
  MINIMUM         52   1127 PM  22    1949  41     11       58
  AVERAGE         54                        54      0       66

PRECIPITATION (IN)
  YESTERDAY        0.77          0.96 1986   0.03   0.74     0.00
  MONTH TO DATE    2.54                      0.94   1.60      T
  SINCE OCT 1      6.04                      3.33   2.71     3.05
  SINCE JAN 1      2.54                      0.94   1.60      T

DEGREE DAYS
 HEATING
  YESTERDAY       11                        11      0        0
  MONTH TO DATE  290                       382    -92      230
  SINCE DEC 1    622                       788   -166      589
  SINCE JUL 1    758                       994   -236      695

 COOLING
  YESTERDAY        0                         0      0        1
  MONTH TO DATE    0                         1     -1        1
  SINCE DEC 1      3                         1      2        1
  SINCE JAN 1      0                         1     -1        1
..................................................................


WIND (MPH)
  HIGHEST WIND SPEED    14   HIGHEST WIND DIRECTION     W (270)
  HIGHEST GUST SPEED    17   HIGHEST GUST DIRECTION     W (260)
  AVERAGE WIND SPEED     3.3


SKY COVER
  POSSIBLE SUNSHINE  MM
  AVERAGE SKY COVER 0.8


WEATHER CONDITIONS
 THE FOLLOWING WEATHER WAS RECORDED YESTERDAY.
  HEAVY RAIN
  RAIN
  LIGHT RAIN
  FOG


RELATIVE HUMIDITY (PERCENT)
 HIGHEST    96
 LOWEST     77
 AVERAGE    87

..........................................................


THE TUCSON AZ CLIMATE NORMALS FOR TODAY
                         NORMAL    RECORD    YEAR
 MAXIMUM TEMPERATURE (F)   67        86      2003
 MINIMUM TEMPERATURE (F)   41        22      1946


SUNRISE AND SUNSET
FEBRUARY  1 2015......SUNRISE   718 AM MST   SUNSET   557 PM MST
FEBRUARY  2 2015......SUNRISE   717 AM MST   SUNSET   558 PM MST


-  INDICATES NEGATIVE NUMBERS.
R  INDICATES RECORD WAS SET OR TIED.
MM INDICATES DATA IS MISSING.
T  INDICATES TRACE AMOUNT.




$$
