279
CDUS45 KTWC 090731
CLITUS

CLIMATE REPORT
NATIONAL WEATHER SERVICE TUCSON AZ
1229 AM MST TUE FEB 9 2016


...................................

...THE TUCSON AZ CLIMATE SUMMARY FOR FEBRUARY 8 2016...

CLIMATE NORMAL PERIOD 1981 TO 2010
CLIMATE RECORD PERIOD 1895 TO 2016


WEATHER ITEM   OBSERVED TIME   RECORD YEAR NORMAL DEPARTURE LAST
                VALUE   (LST)  VALUE       VALUE  FROM      YEAR
                                                  NORMAL
..................................................................
TEMPERATURE (F)
 YESTERDAY
  MAXIMUM         81R   451 PM  81    2006  68     13       80
                                      2000
                                      1963
  MINIMUM         39    650 AM  18    1933  41     -2       45
  AVERAGE         60                        54      6       63

PRECIPITATION (IN)
  YESTERDAY        0.00          0.86 1980   0.03  -0.03     0.00
  MONTH TO DATE    0.18                      0.26  -0.08     0.02
  SINCE OCT 1      4.59                      3.59   1.00     6.06
  SINCE JAN 1      1.71                      1.20   0.51     2.56

DEGREE DAYS
 HEATING
  YESTERDAY        5                        11     -6        2
  MONTH TO DATE  119                        88     31       26
  SINCE DEC 1    910                       876     34      648
  SINCE JUL 1   1105                      1082     23      784

 COOLING
  YESTERDAY        0                         0      0        0
  MONTH TO DATE    0                         0      0        3
  SINCE DEC 1      0                         1     -1        6
  SINCE JAN 1      0                         1     -1        3
..................................................................


WIND (MPH)
  HIGHEST WIND SPEED    23   HIGHEST WIND DIRECTION    SE (120)
  HIGHEST GUST SPEED    29   HIGHEST GUST DIRECTION    SE (130)
  AVERAGE WIND SPEED     7.7


SKY COVER
  POSSIBLE SUNSHINE  MM
  AVERAGE SKY COVER 0.0


WEATHER CONDITIONS
 THE FOLLOWING WEATHER WAS RECORDED YESTERDAY.
  NO SIGNIFICANT WEATHER WAS OBSERVED.


RELATIVE HUMIDITY (PERCENT)
 HIGHEST    48
 LOWEST      8
 AVERAGE    28

..........................................................


THE TUCSON AZ CLIMATE NORMALS FOR TODAY
                         NORMAL    RECORD    YEAR
 MAXIMUM TEMPERATURE (F)   68        84      2015
 MINIMUM TEMPERATURE (F)   42        23      1933
                                             1909


SUNRISE AND SUNSET
FEBRUARY  9 2016......SUNRISE   712 AM MST   SUNSET   604 PM MST
FEBRUARY 10 2016......SUNRISE   711 AM MST   SUNSET   605 PM MST


-  INDICATES NEGATIVE NUMBERS.
R  INDICATES RECORD WAS SET OR TIED.
MM INDICATES DATA IS MISSING.
T  INDICATES TRACE AMOUNT.




$$
