000
CDUS45 KTWC 030729
CLITUS

CLIMATE REPORT
NATIONAL WEATHER SERVICE TUCSON AZ
1229 AM MST WED JUN 3 2015


...................................

...THE TUCSON AZ CLIMATE SUMMARY FOR JUNE 2 2015...

CLIMATE NORMAL PERIOD 1981 TO 2010
CLIMATE RECORD PERIOD 1895 TO 2015


WEATHER ITEM   OBSERVED TIME   RECORD YEAR NORMAL DEPARTURE LAST
                VALUE   (LST)  VALUE       VALUE  FROM      YEAR
                                                  NORMAL
..................................................................
TEMPERATURE (F)
 YESTERDAY
  MAXIMUM        102    337 PM 108    2014  97      5      108
  MINIMUM         70    501 AM  45    1895  65      5       69
  AVERAGE         86                        81      5       89

PRECIPITATION (IN)
  YESTERDAY        0.00          0.59 1899   0.01  -0.01     0.00
  MONTH TO DATE    0.00                      0.01  -0.01     0.00
  SINCE OCT 1      7.20                      5.47   1.73     3.66
  SINCE JAN 1      3.70                      3.08   0.62     0.61

DEGREE DAYS
 HEATING
  YESTERDAY        0                         0      0        0
  MONTH TO DATE    0                         0      0        0
  SINCE JUN 1      0                         0      0        0
  SINCE JUL 1    905                      1511   -606      899

 COOLING
  YESTERDAY       21                        16      5       24
  MONTH TO DATE   43                        32     11       45
  SINCE JUN 1     43                        32     11       45
  SINCE JAN 1    557                       534     23      648
..................................................................


WIND (MPH)
  HIGHEST WIND SPEED    18   HIGHEST WIND DIRECTION     W (260)
  HIGHEST GUST SPEED    26   HIGHEST GUST DIRECTION     W (260)
  AVERAGE WIND SPEED     8.3


SKY COVER
  POSSIBLE SUNSHINE  MM
  AVERAGE SKY COVER 0.0


WEATHER CONDITIONS
 THE FOLLOWING WEATHER WAS RECORDED YESTERDAY.
  HAZE


RELATIVE HUMIDITY (PERCENT)
 HIGHEST    22
 LOWEST      5
 AVERAGE    14

..........................................................


THE TUCSON AZ CLIMATE NORMALS FOR TODAY
                         NORMAL    RECORD    YEAR
 MAXIMUM TEMPERATURE (F)   98       107      2014
                                             1996
                                             1990
 MINIMUM TEMPERATURE (F)   66        46      1906


SUNRISE AND SUNSET
JUNE  3 2015..........SUNRISE   518 AM MST   SUNSET   726 PM MST
JUNE  4 2015..........SUNRISE   518 AM MST   SUNSET   727 PM MST


-  INDICATES NEGATIVE NUMBERS.
R  INDICATES RECORD WAS SET OR TIED.
MM INDICATES DATA IS MISSING.
T  INDICATES TRACE AMOUNT.




$$
