000
CDUS45 KTWC 270026
CLITUS

CLIMATE REPORT
NATIONAL WEATHER SERVICE TUCSON AZ
525 PM MST WED NOV 26 2014


...................................

...THE TUCSON AZ CLIMATE SUMMARY FOR NOVEMBER 26 2014...
VALID TODAY AS OF 0500 PM LOCAL TIME.

CLIMATE NORMAL PERIOD 1981 TO 2010
CLIMATE RECORD PERIOD 1895 TO 2014


WEATHER ITEM   OBSERVED TIME   RECORD YEAR NORMAL DEPARTURE LAST
                VALUE   (LST)  VALUE       VALUE  FROM      YEAR
                                                  NORMAL
..................................................................
TEMPERATURE (F)
 TODAY
  MAXIMUM         75    418 PM  86    1998  69      6       66
                                      1950
  MINIMUM         35    520 AM  27    1938  42     -7       43
                                      1906
  AVERAGE         55                        56     -1       55

PRECIPITATION (IN)
  TODAY            0.00          0.48 1905   0.03  -0.03     0.00
  MONTH TO DATE    0.00                      0.48  -0.48     2.22
  SINCE OCT 1      1.33                      1.37  -0.04     2.22
  SINCE JAN 1      8.02                     10.57  -2.55     7.70

DEGREE DAYS
 HEATING
  TODAY           10                         9      1       10
  MONTH TO DATE  128                       143    -15       73
  SINCE SEP 1    128                       167    -39       86
  SINCE JUL 1    128                       167    -39       86

 COOLING
  TODAY            0                         0      0        0
  MONTH TO DATE   41                        25     16       49
  SINCE SEP 1    924                       734    190      779
  SINCE JAN 1   3615                      3144    471     3653
..................................................................


WIND (MPH)
  HIGHEST WIND SPEED    16   HIGHEST WIND DIRECTION    SE (150)
  HIGHEST GUST SPEED    24   HIGHEST GUST DIRECTION     S (190)
  AVERAGE WIND SPEED     6.4


SKY COVER
  POSSIBLE SUNSHINE  MM
  AVERAGE SKY COVER 0.0


WEATHER CONDITIONS
 THE FOLLOWING WEATHER WAS RECORDED TODAY.
  NO SIGNIFICANT WEATHER WAS OBSERVED.


RELATIVE HUMIDITY (PERCENT)
 HIGHEST    25
 LOWEST      9
 AVERAGE    17

..........................................................


THE TUCSON AZ CLIMATE NORMALS FOR TOMORROW
                         NORMAL    RECORD    YEAR
 MAXIMUM TEMPERATURE (F)   69        85      1998
                                             1950
 MINIMUM TEMPERATURE (F)   42        25      1911


SUNRISE AND SUNSET
NOVEMBER 26 2014......SUNRISE   702 AM MST   SUNSET   520 PM MST
NOVEMBER 27 2014......SUNRISE   703 AM MST   SUNSET   519 PM MST


-  INDICATES NEGATIVE NUMBERS.
R  INDICATES RECORD WAS SET OR TIED.
MM INDICATES DATA IS MISSING.
T  INDICATES TRACE AMOUNT.




$$
