000
CDUS45 KTWC 160730
CLITUS

CLIMATE REPORT
NATIONAL WEATHER SERVICE TUCSON AZ
1229 AM MST TUE SEP 16 2014


...................................

...THE TUCSON AZ CLIMATE SUMMARY FOR SEPTEMBER 15 2014...

CLIMATE NORMAL PERIOD 1981 TO 2010
CLIMATE RECORD PERIOD 1895 TO 2014


WEATHER ITEM   OBSERVED TIME   RECORD YEAR NORMAL DEPARTURE LAST
                VALUE   (LST)  VALUE       VALUE  FROM      YEAR
                                                  NORMAL
..................................................................
TEMPERATURE (F)
 YESTERDAY
  MAXIMUM         97    111 PM 105    1928  95      2      100
  MINIMUM         79    651 AM  52    1930  69     10       72
  AVERAGE         88                        82      6       86

PRECIPITATION (IN)
  YESTERDAY        0.00          2.84 2011   0.04  -0.04     0.00
  MONTH TO DATE    2.45                      0.74   1.71     0.63
  SINCE OCT 1      9.43                     11.04  -1.61     6.69
  SINCE JAN 1      6.38                      8.65  -2.27     5.48

DEGREE DAYS
 HEATING
  YESTERDAY        0                         0      0        0
  MONTH TO DATE    0                         0      0        0
  SINCE SEP 1      0                         0      0        0
  SINCE JUL 1      0                         0      0        0

 COOLING
  YESTERDAY       23                        17      6       21
  MONTH TO DATE  292                       280     12      294
  SINCE SEP 1    292                       280     12      294
  SINCE JAN 1   2983                      2690    293     3168
..................................................................


WIND (MPH)
  HIGHEST WIND SPEED    21   HIGHEST WIND DIRECTION     S (170)
  HIGHEST GUST SPEED    27   HIGHEST GUST DIRECTION     E (90)
  AVERAGE WIND SPEED     9.9


SKY COVER
  POSSIBLE SUNSHINE  MM
  AVERAGE SKY COVER 0.1


WEATHER CONDITIONS
 THE FOLLOWING WEATHER WAS RECORDED YESTERDAY.
  NO SIGNIFICANT WEATHER WAS OBSERVED.


RELATIVE HUMIDITY (PERCENT)
 HIGHEST    55
 LOWEST     24
 AVERAGE    40

..........................................................


THE TUCSON AZ CLIMATE NORMALS FOR TODAY
                         NORMAL    RECORD    YEAR
 MAXIMUM TEMPERATURE (F)   95       104      1928
                                             1895
 MINIMUM TEMPERATURE (F)   69        50      1903


SUNRISE AND SUNSET
SEPTEMBER 16 2014.....SUNRISE   608 AM MST   SUNSET   628 PM MST
SEPTEMBER 17 2014.....SUNRISE   609 AM MST   SUNSET   627 PM MST


-  INDICATES NEGATIVE NUMBERS.
R  INDICATES RECORD WAS SET OR TIED.
MM INDICATES DATA IS MISSING.
T  INDICATES TRACE AMOUNT.




$$
