000
CDUS43 KAPX 240533
CLITVC


CLIMATE REPORT
NATIONAL WEATHER SERVICE GAYLORD MI
1232 AM EST FRI NOV 24 2017


...................................

...THE TRAVERSE CITY MI CLIMATE SUMMARY FOR NOVEMBER 23 2017...

CLIMATE NORMAL PERIOD 1981 TO 2010
CLIMATE RECORD PERIOD 1896 TO 2017


WEATHER ITEM   OBSERVED TIME   RECORD YEAR NORMAL DEPARTURE LAST
                VALUE   (LST)  VALUE       VALUE  FROM      YEAR
                                                  NORMAL
..................................................................
TEMPERATURE (F)
 YESTERDAY
  MAXIMUM         42    146 PM  66    1931  41      1       36
  MINIMUM         30   1205 AM   7    1950  28      2       30
  AVERAGE         36                        34      2       33

PRECIPITATION (IN)
  YESTERDAY        0.00          0.58 1955   0.09  -0.09     0.04
  MONTH TO DATE    1.42                      2.11  -0.69     0.16
  SINCE SEP 1     10.86                      8.86   2.00     6.76
  SINCE JAN 1     31.23                     29.97   1.26    24.50

DEGREE DAYS
 HEATING
  YESTERDAY       29                        31     -2       32
  MONTH TO DATE  670                       606     64      409
  SINCE SEP 1   1087                      1324   -237      796
  SINCE JUL 1   1121                      1393   -272      805
..................................................................


WIND (MPH)
  HIGHEST WIND SPEED    18   HIGHEST WIND DIRECTION     W (270)
  HIGHEST GUST SPEED    24   HIGHEST GUST DIRECTION     W (260)
  AVERAGE WIND SPEED     6.2




RELATIVE HUMIDITY (PERCENT)
 HIGHEST    85
 LOWEST     51
 AVERAGE    68

..........................................................


THE TRAVERSE CITY MI CLIMATE NORMALS FOR TODAY
                         NORMAL    RECORD    YEAR
 MAXIMUM TEMPERATURE (F)   40        64      1931
 MINIMUM TEMPERATURE (F)   28        -5      1950


SUNRISE AND SUNSET
NOVEMBER 24 2017......SUNRISE   751 AM EST   SUNSET   507 PM EST
NOVEMBER 25 2017......SUNRISE   753 AM EST   SUNSET   506 PM EST


-  INDICATES NEGATIVE NUMBERS.
R  INDICATES RECORD WAS SET OR TIED.
MM INDICATES DATA IS MISSING.
T  INDICATES TRACE AMOUNT.




$$
