000
CDUS43 KAPX 070528
CLITVC


CLIMATE REPORT
NATIONAL WEATHER SERVICE GAYLORD MI
1228 AM EST WED DEC 7 2016


...................................

...THE TRAVERSE CITY MI CLIMATE SUMMARY FOR DECEMBER 6 2016...

CLIMATE NORMAL PERIOD 1981 TO 2010
CLIMATE RECORD PERIOD 1896 TO 2016


WEATHER ITEM   OBSERVED TIME   RECORD YEAR NORMAL DEPARTURE LAST
                VALUE   (LST)  VALUE       VALUE  FROM      YEAR
                                                  NORMAL
..................................................................
TEMPERATURE (F)
 YESTERDAY
  MAXIMUM         44    155 PM  56    1998  35      9       43
  MINIMUM         31   1159 PM  -1    1991  24      7       32
  AVERAGE         38                        30      8       38

PRECIPITATION (IN)
  YESTERDAY        T             0.52 1951   0.08  -0.08     0.00
  MONTH TO DATE    0.32                      0.49  -0.17     0.16
  SINCE DEC 1      0.32                      0.49  -0.17     0.16
  SINCE JAN 1     25.49                     31.05  -5.56    21.63

DEGREE DAYS
 HEATING
  YESTERDAY       27                        35     -8       27
  MONTH TO DATE  165                       207    -42      154
  SINCE DEC 1    165                       207    -42      154
  SINCE JUL 1   1124                      1826   -702     1334
..................................................................


WIND (MPH)
  HIGHEST WIND SPEED    24   HIGHEST WIND DIRECTION     W (270)
  HIGHEST GUST SPEED    33   HIGHEST GUST DIRECTION     W (270)
  AVERAGE WIND SPEED     7.0




RELATIVE HUMIDITY (PERCENT)
 HIGHEST    89
 LOWEST     59
 AVERAGE    74

..........................................................


THE TRAVERSE CITY MI CLIMATE NORMALS FOR TODAY
                         NORMAL    RECORD    YEAR
 MAXIMUM TEMPERATURE (F)   35        57      1946
 MINIMUM TEMPERATURE (F)   24        -4      1972


SUNRISE AND SUNSET
DECEMBER  7 2016......SUNRISE   806 AM EST   SUNSET   502 PM EST
DECEMBER  8 2016......SUNRISE   807 AM EST   SUNSET   502 PM EST


-  INDICATES NEGATIVE NUMBERS.
R  INDICATES RECORD WAS SET OR TIED.
MM INDICATES DATA IS MISSING.
T  INDICATES TRACE AMOUNT.




$$
