000
CDUS43 KAPX 250530
CLITVC


CLIMATE REPORT
NATIONAL WEATHER SERVICE GAYLORD MI
1230 AM EST SAT FEB 25 2017


...................................

...THE TRAVERSE CITY MI CLIMATE SUMMARY FOR FEBRUARY 24 2017...

CLIMATE NORMAL PERIOD 1981 TO 2010
CLIMATE RECORD PERIOD 1896 TO 2017


WEATHER ITEM   OBSERVED TIME   RECORD YEAR NORMAL DEPARTURE LAST
                VALUE   (LST)  VALUE       VALUE  FROM      YEAR
                                                  NORMAL
..................................................................
TEMPERATURE (F)
 YESTERDAY
  MAXIMUM         36    618 PM  50    1976  33      3       36
  MINIMUM         30    822 AM -14    1913  16     14       26
  AVERAGE         33                        24      9       31

PRECIPITATION (IN)
  YESTERDAY        0.64          0.74 1949   0.06   0.58      T
  MONTH TO DATE    1.34                      1.29   0.05     0.69
  SINCE DEC 1      4.38                      6.60  -2.22     5.77
  SINCE JAN 1      3.15                      4.11  -0.96     2.78

DEGREE DAYS
 HEATING
  YESTERDAY       32                        41     -9       34
  MONTH TO DATE  806                      1025   -219      918
  SINCE DEC 1   3082                      3562   -480     2973
  SINCE JUL 1   4041                      5181  -1140     4153
..................................................................


WIND (MPH)
  HIGHEST WIND SPEED    18   HIGHEST WIND DIRECTION    NE (50)
  HIGHEST GUST SPEED    25   HIGHEST GUST DIRECTION    NE (50)
  AVERAGE WIND SPEED     9.4




RELATIVE HUMIDITY (PERCENT)
 HIGHEST   100
 LOWEST     85
 AVERAGE    93

..........................................................


THE TRAVERSE CITY MI CLIMATE NORMALS FOR TODAY
                         NORMAL    RECORD    YEAR
 MAXIMUM TEMPERATURE (F)   33        52      1976
 MINIMUM TEMPERATURE (F)   16       -22      1963


SUNRISE AND SUNSET
FEBRUARY 25 2017......SUNRISE   726 AM EST   SUNSET   625 PM EST
FEBRUARY 26 2017......SUNRISE   725 AM EST   SUNSET   626 PM EST


-  INDICATES NEGATIVE NUMBERS.
R  INDICATES RECORD WAS SET OR TIED.
MM INDICATES DATA IS MISSING.
T  INDICATES TRACE AMOUNT.




$$
