089
CDUS43 KAPX 260527
CLITVC


CLIMATE REPORT
NATIONAL WEATHER SERVICE GAYLORD MI
127 AM EDT WED JUL 26 2017


...................................

...THE TRAVERSE CITY MI CLIMATE SUMMARY FOR JULY 25 2017...

CLIMATE NORMAL PERIOD 1981 TO 2010
CLIMATE RECORD PERIOD 1896 TO 2017


WEATHER ITEM   OBSERVED TIME   RECORD YEAR NORMAL DEPARTURE LAST
                VALUE   (LST)  VALUE       VALUE  FROM      YEAR
                                                  NORMAL
..................................................................
TEMPERATURE (F)
 YESTERDAY
  MAXIMUM         83    545 PM  97    1941  80      3       85
  MINIMUM         50    605 AM  45    2004  58     -8       66
  AVERAGE         67                        69     -2       76

PRECIPITATION (IN)
  YESTERDAY        0.01          3.31 1985   0.09  -0.08     0.00
  MONTH TO DATE    0.99                      2.40  -1.41     2.01
  SINCE JUN 1      5.21                      5.56  -0.35     4.08
  SINCE JAN 1     15.18                     17.11  -1.93    13.94

DEGREE DAYS
 HEATING
  YESTERDAY        0                         1     -1        0
  MONTH TO DATE    3                        26    -23        9
  SINCE JUN 1     50                       138    -88       73
  SINCE JUL 1      3                        26    -23        9

 COOLING
  YESTERDAY        2                         5     -3       11
  MONTH TO DATE  125                       125      0      203
  SINCE JUN 1    234                       206     28      293
  SINCE JAN 1    255                       226     29      343
..................................................................


WIND (MPH)
  HIGHEST WIND SPEED    14   HIGHEST WIND DIRECTION     W (270)
  HIGHEST GUST SPEED    20   HIGHEST GUST DIRECTION     W (270)
  AVERAGE WIND SPEED     2.8




RELATIVE HUMIDITY (PERCENT)
 HIGHEST    93
 LOWEST     39
 AVERAGE    66

..........................................................


THE TRAVERSE CITY MI CLIMATE NORMALS FOR TODAY
                         NORMAL    RECORD    YEAR
 MAXIMUM TEMPERATURE (F)   80        99      1941
 MINIMUM TEMPERATURE (F)   58        45      1909


SUNRISE AND SUNSET
JULY 26 2017..........SUNRISE   622 AM EDT   SUNSET   915 PM EDT
JULY 27 2017..........SUNRISE   623 AM EDT   SUNSET   914 PM EDT


-  INDICATES NEGATIVE NUMBERS.
R  INDICATES RECORD WAS SET OR TIED.
MM INDICATES DATA IS MISSING.
T  INDICATES TRACE AMOUNT.




$$
