000
CDUS43 KAPX 250526
CLITVC


CLIMATE REPORT
NATIONAL WEATHER SERVICE GAYLORD MI
126 AM EDT MON SEP 25 2017


...................................

...THE TRAVERSE CITY MI CLIMATE SUMMARY FOR SEPTEMBER 24 2017...

CLIMATE NORMAL PERIOD 1981 TO 2010
CLIMATE RECORD PERIOD 1896 TO 2017


WEATHER ITEM   OBSERVED TIME   RECORD YEAR NORMAL DEPARTURE LAST
                VALUE   (LST)  VALUE       VALUE  FROM      YEAR
                                                  NORMAL
..................................................................
TEMPERATURE (F)
 YESTERDAY
  MAXIMUM         95R   327 PM  89    2007  67     28       71
  MINIMUM         66    343 AM  30    1943  47     19       48
  AVERAGE         81                        57     24       60

PRECIPITATION (IN)
  YESTERDAY        0.00          3.06 1970   0.13  -0.13     0.00
  MONTH TO DATE    1.66                      2.86  -1.20     2.47
  SINCE SEP 1      1.66                      2.86  -1.20     2.47
  SINCE JAN 1     22.03                     23.97  -1.94    20.21

DEGREE DAYS
 HEATING
  YESTERDAY        0                         9     -9        5
  MONTH TO DATE   78                       132    -54       24
  SINCE SEP 1     78                       132    -54       24
  SINCE JUL 1    112                       201    -89       33

 COOLING
  YESTERDAY       16                         1     15        0
  MONTH TO DATE   98                        36     62       99
  SINCE SEP 1     98                        36     62       99
  SINCE JAN 1    481                       405     76      759
..................................................................


WIND (MPH)
  HIGHEST WIND SPEED    13   HIGHEST WIND DIRECTION     N (20)
  HIGHEST GUST SPEED    16   HIGHEST GUST DIRECTION    NE (30)
  AVERAGE WIND SPEED     1.9




RELATIVE HUMIDITY (PERCENT)
 HIGHEST    93
 LOWEST     28
 AVERAGE    61

..........................................................


THE TRAVERSE CITY MI CLIMATE NORMALS FOR TODAY
                         NORMAL    RECORD    YEAR
 MAXIMUM TEMPERATURE (F)   66        89      1908
 MINIMUM TEMPERATURE (F)   46        27      1947


SUNRISE AND SUNSET
SEPTEMBER 25 2017.....SUNRISE   733 AM EDT   SUNSET   734 PM EDT
SEPTEMBER 26 2017.....SUNRISE   734 AM EDT   SUNSET   732 PM EDT


-  INDICATES NEGATIVE NUMBERS.
R  INDICATES RECORD WAS SET OR TIED.
MM INDICATES DATA IS MISSING.
T  INDICATES TRACE AMOUNT.




$$
