000
CDUS43 KAPX 040531
CLITVC


CLIMATE REPORT
NATIONAL WEATHER SERVICE GAYLORD MI
127 AM EDT FRI SEP 4 2015


...................................

...THE TRAVERSE CITY MI CLIMATE SUMMARY FOR SEPTEMBER 3 2015...

CLIMATE NORMAL PERIOD 1981 TO 2010
CLIMATE RECORD PERIOD 1896 TO 2015


WEATHER ITEM   OBSERVED TIME   RECORD YEAR NORMAL DEPARTURE LAST
                VALUE   (LST)  VALUE       VALUE  FROM      YEAR
                                                  NORMAL
..................................................................
TEMPERATURE (F)
 YESTERDAY
  MAXIMUM         73    415 AM  94    1953  75     -2       81
  MINIMUM         69   1159 PM  37    1896  54     15       60
  AVERAGE         71                        64      7       71

PRECIPITATION (IN)
  YESTERDAY        1.47R         1.47 1958   0.11   1.36     0.00
  MONTH TO DATE    1.47                      0.35   1.12     0.43
  SINCE SEP 1      1.47                      0.35   1.12     0.43
  SINCE JAN 1     13.12                     21.46  -8.34    17.23

DEGREE DAYS
 HEATING
  YESTERDAY        0                         3     -3        0
  MONTH TO DATE    0                         9     -9        0
  SINCE SEP 1      0                         9     -9        0
  SINCE JUL 1     47                        78    -31       79

 COOLING
  YESTERDAY        6                         2      4        6
  MONTH TO DATE   34                         7     27       18
  SINCE SEP 1     34                         7     27       18
  SINCE JAN 1    467                       376     91      350
..................................................................


WIND (MPH)
  HIGHEST WIND SPEED    13   HIGHEST WIND DIRECTION     W (290)
  HIGHEST GUST SPEED    17   HIGHEST GUST DIRECTION     W (290)
  AVERAGE WIND SPEED     4.5




RELATIVE HUMIDITY (PERCENT)
 HIGHEST    90
 LOWEST     84
 AVERAGE    87

..........................................................


THE TRAVERSE CITY MI CLIMATE NORMALS FOR TODAY
                         NORMAL    RECORD    YEAR
 MAXIMUM TEMPERATURE (F)   74        92      1929
 MINIMUM TEMPERATURE (F)   54        40      1974


SUNRISE AND SUNSET
SEPTEMBER  4 2015.....SUNRISE   708 AM EDT   SUNSET   814 PM EDT
SEPTEMBER  5 2015.....SUNRISE   709 AM EDT   SUNSET   812 PM EDT


-  INDICATES NEGATIVE NUMBERS.
R  INDICATES RECORD WAS SET OR TIED.
MM INDICATES DATA IS MISSING.
T  INDICATES TRACE AMOUNT.




$$
