000
CDUS43 KAPX 270537
CLITVC


CLIMATE REPORT
NATIONAL WEATHER SERVICE GAYLORD MI
1236 AM EST SAT DEC 27 2014


...................................

...THE TRAVERSE CITY MI CLIMATE SUMMARY FOR DECEMBER 26 2014...

CLIMATE NORMAL PERIOD 1981 TO 2010
CLIMATE RECORD PERIOD 1896 TO 2014


WEATHER ITEM   OBSERVED TIME   RECORD YEAR NORMAL DEPARTURE LAST
                VALUE   (LST)  VALUE       VALUE  FROM      YEAR
                                                  NORMAL
..................................................................
TEMPERATURE (F)
 YESTERDAY
  MAXIMUM         43    424 PM  48    1902  30     13       23
  MINIMUM         38   1156 PM  -5    1993  18     20       19
  AVERAGE         41                        24     17       21

PRECIPITATION (IN)
  YESTERDAY        0.00          0.90 1942   0.09  -0.09     0.01
  MONTH TO DATE    0.75                      2.07  -1.32     0.97
  SINCE DEC 1      0.75                      2.07  -1.32     0.97
  SINCE JAN 1     32.23                     32.63  -0.40    36.12

DEGREE DAYS
 HEATING
  YESTERDAY       24                        41    -17       44
  MONTH TO DATE  868                       980   -112     1120
  SINCE DEC 1    868                       980   -112     1120
  SINCE JUL 1   2547                      2599    -52     2611
..................................................................


WIND (MPH)
  HIGHEST WIND SPEED     9   HIGHEST WIND DIRECTION    SW (230)
  HIGHEST GUST SPEED    12   HIGHEST GUST DIRECTION    SW (210)
  AVERAGE WIND SPEED     3.2




RELATIVE HUMIDITY (PERCENT)
 HIGHEST    85
 LOWEST     76
 AVERAGE    81

..........................................................


THE TRAVERSE CITY MI CLIMATE NORMALS FOR TODAY
                         NORMAL    RECORD    YEAR
 MAXIMUM TEMPERATURE (F)   30        53      2008
 MINIMUM TEMPERATURE (F)   18       -11      1980


SUNRISE AND SUNSET
DECEMBER 27 2014......SUNRISE   819 AM EST   SUNSET   508 PM EST
DECEMBER 28 2014......SUNRISE   819 AM EST   SUNSET   509 PM EST


-  INDICATES NEGATIVE NUMBERS.
R  INDICATES RECORD WAS SET OR TIED.
MM INDICATES DATA IS MISSING.
T  INDICATES TRACE AMOUNT.




$$
