000
CDUS43 KAPX 170532
CLITVC


CLIMATE REPORT
NATIONAL WEATHER SERVICE GAYLORD MI
132 AM EDT THU APR 17 2014


...................................

...THE TRAVERSE CITY MI CLIMATE SUMMARY FOR APRIL 16 2014...

CLIMATE NORMAL PERIOD 1981 TO 2010
CLIMATE RECORD PERIOD 1896 TO 2014


WEATHER ITEM   OBSERVED TIME   RECORD YEAR NORMAL DEPARTURE LAST
                VALUE   (LST)  VALUE       VALUE  FROM      YEAR
                                                  NORMAL
..................................................................
TEMPERATURE (F)
 YESTERDAY
  MAXIMUM         43    218 PM  88    2002  54    -11       50
  MINIMUM         17    531 AM   6    1904  32    -15       34
  AVERAGE         30                        43    -13       42

PRECIPITATION (IN)
  YESTERDAY        T             1.09 1967   0.10  -0.10     0.00
  MONTH TO DATE    2.93                      1.50   1.43     2.95
  SINCE MAR 1      3.85                      3.36   0.49     4.52
  SINCE JAN 1      5.27                      7.68  -2.41     8.06

DEGREE DAYS
 HEATING
  YESTERDAY       35                        22     13       23
  MONTH TO DATE  432                       398     34      460
  SINCE MAR 1   1763                      1460    303     1574
  SINCE JUL 1   7485                      6800    685     6420

 COOLING
  YESTERDAY        0                         0      0        0
  MONTH TO DATE    0                         0      0        0
  SINCE MAR 1      0                         0      0        0
  SINCE JAN 1      0                         0      0        0
..................................................................


WIND (MPH)
  HIGHEST WIND SPEED    20   HIGHEST WIND DIRECTION    SE (130)
  HIGHEST GUST SPEED    33   HIGHEST GUST DIRECTION    SE (120)
  AVERAGE WIND SPEED     5.5




RELATIVE HUMIDITY (PERCENT)
 HIGHEST    92
 LOWEST     33
 AVERAGE    63

..........................................................


THE TRAVERSE CITY MI CLIMATE NORMALS FOR TODAY
                         NORMAL    RECORD    YEAR
 MAXIMUM TEMPERATURE (F)   55        82      1976
 MINIMUM TEMPERATURE (F)   33        19      1978


SUNRISE AND SUNSET
APRIL 17 2014.........SUNRISE   655 AM EDT   SUNSET   830 PM EDT
APRIL 18 2014.........SUNRISE   653 AM EDT   SUNSET   831 PM EDT


-  INDICATES NEGATIVE NUMBERS.
R  INDICATES RECORD WAS SET OR TIED.
MM INDICATES DATA IS MISSING.
T  INDICATES TRACE AMOUNT.




$$
