000
CDUS43 KAPX 200555
CLITVC


CLIMATE REPORT
NATIONAL WEATHER SERVICE GAYLORD MI
1255 AM EST FRI JAN 20 2017


...................................

...THE TRAVERSE CITY MI CLIMATE SUMMARY FOR JANUARY 19 2017...

CLIMATE NORMAL PERIOD 1981 TO 2010
CLIMATE RECORD PERIOD 1896 TO 2017


WEATHER ITEM   OBSERVED TIME   RECORD YEAR NORMAL DEPARTURE LAST
                VALUE   (LST)  VALUE       VALUE  FROM      YEAR
                                                  NORMAL
..................................................................
TEMPERATURE (F)
 YESTERDAY
  MAXIMUM         38    433 PM  50    1907  27     11       22
  MINIMUM         31   1153 PM -21    1994  15     16        7
  AVERAGE         35                        21     14       15

PRECIPITATION (IN)
  YESTERDAY        0.00          0.71 1985   0.09  -0.09     0.04
  MONTH TO DATE    1.03                      1.85  -0.82     1.17
  SINCE DEC 1      2.26                      4.34  -2.08     4.16
  SINCE JAN 1      1.03                      1.85  -0.82     1.17

DEGREE DAYS
 HEATING
  YESTERDAY       30                        44    -14       50
  MONTH TO DATE  768                       821    -53      790
  SINCE DEC 1   1888                      2010   -122     1611
  SINCE JUL 1   2847                      3629   -782     2791
..................................................................


WIND (MPH)
  HIGHEST WIND SPEED    12   HIGHEST WIND DIRECTION    SW (210)
  HIGHEST GUST SPEED    15   HIGHEST GUST DIRECTION    SW (230)
  AVERAGE WIND SPEED     3.6




RELATIVE HUMIDITY (PERCENT)
 HIGHEST    96
 LOWEST     82
 AVERAGE    89

..........................................................


THE TRAVERSE CITY MI CLIMATE NORMALS FOR TODAY
                         NORMAL    RECORD    YEAR
 MAXIMUM TEMPERATURE (F)   27        55      1901
 MINIMUM TEMPERATURE (F)   15       -12      1984


SUNRISE AND SUNSET
JANUARY 20 2017.......SUNRISE   813 AM EST   SUNSET   535 PM EST
JANUARY 21 2017.......SUNRISE   812 AM EST   SUNSET   536 PM EST


-  INDICATES NEGATIVE NUMBERS.
R  INDICATES RECORD WAS SET OR TIED.
MM INDICATES DATA IS MISSING.
T  INDICATES TRACE AMOUNT.




$$
