000
CDUS43 KAPX 250528
CLITVC


CLIMATE REPORT
NATIONAL WEATHER SERVICE GAYLORD MI
127 AM EDT SAT OCT 25 2014


...................................

...THE TRAVERSE CITY MI CLIMATE SUMMARY FOR OCTOBER 24 2014...

CLIMATE NORMAL PERIOD 1981 TO 2010
CLIMATE RECORD PERIOD 1896 TO 2014


WEATHER ITEM   OBSERVED TIME   RECORD YEAR NORMAL DEPARTURE LAST
                VALUE   (LST)  VALUE       VALUE  FROM      YEAR
                                                  NORMAL
..................................................................
TEMPERATURE (F)
 YESTERDAY
  MAXIMUM         55    413 PM  80    1963  54      1       47
  MINIMUM         47    239 AM  24    1949  37     10       34
  AVERAGE         51                        45      6       41

PRECIPITATION (IN)
  YESTERDAY        T             1.92 1991   0.10  -0.10     0.16
  MONTH TO DATE    4.71                      2.49   2.22     5.74
  SINCE SEP 1     10.97                      6.02   4.95     8.66
  SINCE JAN 1     27.77                     27.13   0.64    29.23

DEGREE DAYS
 HEATING
  YESTERDAY       14                        20     -6       24
  MONTH TO DATE  365                       379    -14      280
  SINCE SEP 1    518                       572    -54      445
  SINCE JUL 1    597                       641    -44      495

 COOLING
  YESTERDAY        0                         0      0        0
  MONTH TO DATE    0                         0      0        1
  SINCE SEP 1     42                        38      4       54
  SINCE JAN 1    374                       407    -33      531
..................................................................


WIND (MPH)
  HIGHEST WIND SPEED    10   HIGHEST WIND DIRECTION     W (260)
  HIGHEST GUST SPEED    13   HIGHEST GUST DIRECTION    SW (240)
  AVERAGE WIND SPEED     3.0




RELATIVE HUMIDITY (PERCENT)
 HIGHEST    89
 LOWEST     71
 AVERAGE    80

..........................................................


THE TRAVERSE CITY MI CLIMATE NORMALS FOR TODAY
                         NORMAL    RECORD    YEAR
 MAXIMUM TEMPERATURE (F)   54        80      2012
 MINIMUM TEMPERATURE (F)   37        23      1949


SUNRISE AND SUNSET
OCTOBER 25 2014.......SUNRISE   811 AM EDT   SUNSET   641 PM EDT
OCTOBER 26 2014.......SUNRISE   812 AM EDT   SUNSET   640 PM EDT


-  INDICATES NEGATIVE NUMBERS.
R  INDICATES RECORD WAS SET OR TIED.
MM INDICATES DATA IS MISSING.
T  INDICATES TRACE AMOUNT.




$$
