000
CDUS44 KJAN 230638
CLITVR


CLIMATE REPORT
NATIONAL WEATHER SERVICE JACKSON MS
135 AM CDT SAT SEP 23 2017


...................................

...THE VICKSBURG CLIMATE SUMMARY FOR SEPTEMBER 22 2017...

CLIMATE NORMAL PERIOD 1981 TO 2010
CLIMATE RECORD PERIOD 1948 TO 2017


WEATHER ITEM   OBSERVED TIME   RECORD YEAR NORMAL DEPARTURE LAST
                VALUE   (LST)  VALUE       VALUE  FROM      YEAR
                                                  NORMAL
..................................................................
TEMPERATURE (F)
 YESTERDAY
  MAXIMUM         94    317 PM  95    1980  85      9       94
  MINIMUM         68    626 AM  40    1983  61      7       64
  AVERAGE         81                        73      8       79

PRECIPITATION (IN)
  YESTERDAY        0.00          1.85 1992   0.06  -0.06     0.00
  MONTH TO DATE    1.73                      2.21  -0.48     0.12
  SINCE SEP 1      1.73                      2.21  -0.48     0.12
  SINCE JAN 1     51.15                     38.78  12.37    51.67

SNOWFALL (IN)
  YESTERDAY        0.0

DEGREE DAYS
 HEATING
  YESTERDAY        0                         0      0        0
  MONTH TO DATE    4                         0      4        0
  SINCE SEP 1      4                         0      4        0
  SINCE JUL 1      4                         0      4        0

 COOLING
  YESTERDAY       16                         9      7       14
  MONTH TO DATE  242                       248     -6      389
  SINCE SEP 1    242                       248     -6      389
  SINCE JAN 1   2164                      2037    127     2636
..................................................................


WIND (MPH)
  HIGHEST WIND SPEED    14   HIGHEST WIND DIRECTION    SE (120)
  HIGHEST GUST SPEED    17   HIGHEST GUST DIRECTION    SE (120)
  AVERAGE WIND SPEED     2.1


SKY COVER
  POSSIBLE SUNSHINE  MM
  AVERAGE SKY COVER 0.1


WEATHER CONDITIONS
 THE FOLLOWING WEATHER WAS RECORDED YESTERDAY.
  FOG
  FOG W/VISIBILITY <= 1/4 MILE


RELATIVE HUMIDITY (PERCENT)
 HIGHEST   100           100 AM
 LOWEST     44           400 PM
 AVERAGE    72

..........................................................


THE VICKSBURG CLIMATE NORMALS FOR TODAY
                         NORMAL    RECORD    YEAR
 MAXIMUM TEMPERATURE (F)   85        96      1980
 MINIMUM TEMPERATURE (F)   61        43      1983
                                             1953


SUNRISE AND SUNSET
SEPTEMBER 23 2017.....SUNRISE   653 AM CDT   SUNSET   659 PM CDT
SEPTEMBER 24 2017.....SUNRISE   654 AM CDT   SUNSET   658 PM CDT


-  INDICATES NEGATIVE NUMBERS.
R  INDICATES RECORD WAS SET OR TIED.
MM INDICATES DATA IS MISSING.
T  INDICATES TRACE AMOUNT.




$$
