000
CDUS44 KJAN 222109
CLITVR


CLIMATE REPORT
NATIONAL WEATHER SERVICE JACKSON MS
409 PM CDT WED OCT 22 2014


...................................

...THE VICKSBURG CLIMATE SUMMARY FOR OCTOBER 22 2014...
VALID TODAY AS OF 0400 PM LOCAL TIME.

CLIMATE NORMAL PERIOD 1981 TO 2010
CLIMATE RECORD PERIOD 1948 TO 2014


WEATHER ITEM   OBSERVED TIME   RECORD YEAR NORMAL DEPARTURE LAST
                VALUE   (LST)  VALUE       VALUE  FROM      YEAR
                                                  NORMAL
..................................................................
TEMPERATURE (F)
 TODAY
  MAXIMUM         77    223 PM  89    2003  77      0       73
  MINIMUM         44    630 AM  29    1976  50     -6       42
  AVERAGE         61                        64     -3       58

PRECIPITATION (IN)
  TODAY            0.00          1.83 1990   0.17  -0.17     0.00
  MONTH TO DATE    4.55                      3.39   1.16     1.51
  SINCE SEP 1      5.55                      6.28  -0.73     7.16
  SINCE JAN 1     49.79                     42.85   6.94    55.31

SNOWFALL (IN)
  TODAY            0.0

DEGREE DAYS
 HEATING
  TODAY            4                         4      0        7
  MONTH TO DATE   38                        48    -10       53
  SINCE SEP 1     38                        53    -15       53
  SINCE JUL 1     38                        53    -15       53

 COOLING
  TODAY            0                         3     -3        0
  MONTH TO DATE  126                        92     34      121
  SINCE SEP 1    512                       400    112      526
  SINCE JAN 1   2170                      2189    -19     2233
..................................................................


WIND (MPH)
  HIGHEST WIND SPEED    18   HIGHEST WIND DIRECTION     N (20)
  HIGHEST GUST SPEED    21   HIGHEST GUST DIRECTION    NE (30)
  AVERAGE WIND SPEED     5.0


SKY COVER
  POSSIBLE SUNSHINE  MM
  AVERAGE SKY COVER 0.0


WEATHER CONDITIONS
 THE FOLLOWING WEATHER WAS RECORDED TODAY.
  NO SIGNIFICANT WEATHER WAS OBSERVED.


RELATIVE HUMIDITY (PERCENT)
 HIGHEST   100           300 AM
 LOWEST     38          1200 PM
 AVERAGE    69

..........................................................


THE VICKSBURG CLIMATE NORMALS FOR TOMORROW
                         NORMAL    RECORD    YEAR
 MAXIMUM TEMPERATURE (F)   76        88      1963
 MINIMUM TEMPERATURE (F)   50        31      1952


SUNRISE AND SUNSET
OCTOBER 22 2014.......SUNRISE   713 AM CDT   SUNSET   624 PM CDT
OCTOBER 23 2014.......SUNRISE   714 AM CDT   SUNSET   622 PM CDT


-  INDICATES NEGATIVE NUMBERS.
R  INDICATES RECORD WAS SET OR TIED.
MM INDICATES DATA IS MISSING.
T  INDICATES TRACE AMOUNT.




$$
