000
CDUS44 KJAN 232107
CLITVR


CLIMATE REPORT
NATIONAL WEATHER SERVICE JACKSON MS
405 PM CDT WED APR 23 2014


...................................

...THE VICKSBURG CLIMATE SUMMARY FOR APRIL 23 2014...
VALID TODAY AS OF 0400 PM LOCAL TIME.

CLIMATE NORMAL PERIOD 1981 TO 2010
CLIMATE RECORD PERIOD 1948 TO 2014


WEATHER ITEM   OBSERVED TIME   RECORD YEAR NORMAL DEPARTURE LAST
                VALUE   (LST)  VALUE       VALUE  FROM      YEAR
                                                  NORMAL
..................................................................
TEMPERATURE (F)
 TODAY
  MAXIMUM         82    244 PM  89    1958  78      4       82
  MINIMUM         53    530 AM  40    1959  55     -2       60
  AVERAGE         68                        67      1       71

PRECIPITATION (IN)
  TODAY            0.00          3.60 1995   0.15  -0.15     0.00
  MONTH TO DATE   12.21                      3.87   8.34     3.22
  SINCE MAR 1     18.14                      8.90   9.24     6.18
  SINCE JAN 1     23.56                     19.24   4.32    29.01

SNOWFALL (IN)
  TODAY            0.0

DEGREE DAYS
 HEATING
  TODAY            0                         2     -2        0
  MONTH TO DATE   80                        89     -9      110
  SINCE MAR 1    448                       354     94      496
  SINCE JUL 1   2857                      2330    527     2266

 COOLING
  TODAY            3                         3      0        6
  MONTH TO DATE   62                        57      5       77
  SINCE MAR 1     69                        80    -11       84
  SINCE JAN 1     76                        89    -13      102
..................................................................


WIND (MPH)
  HIGHEST WIND SPEED    14   HIGHEST WIND DIRECTION    NE (30)
  HIGHEST GUST SPEED    18   HIGHEST GUST DIRECTION    NE (30)
  AVERAGE WIND SPEED     3.3


SKY COVER
  POSSIBLE SUNSHINE  MM
  AVERAGE SKY COVER 0.3


WEATHER CONDITIONS
 THE FOLLOWING WEATHER WAS RECORDED TODAY.
  FOG
  FOG W/VISIBILITY <= 1/4 MILE
  HAZE


RELATIVE HUMIDITY (PERCENT)
 HIGHEST   100           500 AM
 LOWEST     28          1100 AM
 AVERAGE    64

..........................................................


THE VICKSBURG CLIMATE NORMALS FOR TOMORROW
                         NORMAL    RECORD    YEAR
 MAXIMUM TEMPERATURE (F)   78        89      1999
                                             1958
 MINIMUM TEMPERATURE (F)   55        39      2012
                                             2005


SUNRISE AND SUNSET
APRIL 23 2014.........SUNRISE   626 AM CDT   SUNSET   739 PM CDT
APRIL 24 2014.........SUNRISE   625 AM CDT   SUNSET   740 PM CDT


-  INDICATES NEGATIVE NUMBERS.
R  INDICATES RECORD WAS SET OR TIED.
MM INDICATES DATA IS MISSING.
T  INDICATES TRACE AMOUNT.




$$
