326
CDUS44 KJAN 172228
CLITVR


CLIMATE REPORT
NATIONAL WEATHER SERVICE JACKSON MS
424 PM CST SAT FEB 17 2018


...................................

...THE VICKSBURG CLIMATE SUMMARY FOR FEBRUARY 17 2018...
VALID TODAY AS OF 0400 PM LOCAL TIME.

CLIMATE NORMAL PERIOD 1981 TO 2010
CLIMATE RECORD PERIOD 1948 TO 2018


WEATHER ITEM   OBSERVED TIME   RECORD YEAR NORMAL DEPARTURE LAST
                VALUE   (LST)  VALUE       VALUE  FROM      YEAR
                                                  NORMAL
..................................................................
TEMPERATURE (F)
 TODAY
  MAXIMUM         73    158 PM  80    2000  61     12       66
  MINIMUM         52    341 AM  23    1996  40     12       37
                                      1980
                                      1958
  AVERAGE         63                        50     13       52

PRECIPITATION (IN)
  TODAY            0.01          1.95 2001   0.21  -0.20     0.03
  MONTH TO DATE    6.19                      3.23   2.96     0.29
  SINCE DEC 1     11.37                     13.91  -2.54    10.79
  SINCE JAN 1      8.96                      8.30   0.66     4.52

SNOWFALL (IN)
  TODAY            0.0

DEGREE DAYS
 HEATING
  TODAY            2                        15    -13       13
  MONTH TO DATE  216                       284    -68      151
  SINCE DEC 1   1506                      1426     80      950
  SINCE JUL 1   1863                      1828     35     1227

 COOLING
  TODAY            0                         0      0        0
  MONTH TO DATE    7                         0      7       26
  SINCE DEC 1     13                         9      4       68
  SINCE JAN 1      7                         3      4       40
..................................................................


WIND (MPH)
  HIGHEST WIND SPEED    16   HIGHEST WIND DIRECTION    NW (310)
  HIGHEST GUST SPEED    22   HIGHEST GUST DIRECTION    NW (300)
  AVERAGE WIND SPEED     5.2


SKY COVER
  POSSIBLE SUNSHINE  MM
  AVERAGE SKY COVER 1.0


WEATHER CONDITIONS
 THE FOLLOWING WEATHER WAS RECORDED TODAY.
  LIGHT RAIN
  FOG


RELATIVE HUMIDITY (PERCENT)
 HIGHEST   100           600 AM
 LOWEST     79           200 PM
 AVERAGE    90

..........................................................


THE VICKSBURG CLIMATE NORMALS FOR TOMORROW
                         NORMAL    RECORD    YEAR
 MAXIMUM TEMPERATURE (F)   61        84      2009
 MINIMUM TEMPERATURE (F)   40        20      1980
                                             1958


SUNRISE AND SUNSET
FEBRUARY 17 2018......SUNRISE   645 AM CST   SUNSET   552 PM CST
FEBRUARY 18 2018......SUNRISE   644 AM CST   SUNSET   553 PM CST


-  INDICATES NEGATIVE NUMBERS.
R  INDICATES RECORD WAS SET OR TIED.
MM INDICATES DATA IS MISSING.
T  INDICATES TRACE AMOUNT.




$$
