000
CDUS44 KJAN 280700
CLITVR


CLIMATE REPORT
NATIONAL WEATHER SERVICE JACKSON MS
158 AM CDT THU AUG 28 2014


...................................

...THE VICKSBURG CLIMATE SUMMARY FOR AUGUST 27 2014...

CLIMATE NORMAL PERIOD 1981 TO 2010
CLIMATE RECORD PERIOD 1948 TO 2014


WEATHER ITEM   OBSERVED TIME   RECORD YEAR NORMAL DEPARTURE LAST
                VALUE   (LST)  VALUE       VALUE  FROM      YEAR
                                                  NORMAL
..................................................................
TEMPERATURE (F)
 YESTERDAY
  MAXIMUM         95    244 PM 100    2000  91      4       90
  MINIMUM         66    555 AM  56    1952  68     -2       62
  AVERAGE         81                        80      1       76

PRECIPITATION (IN)
  YESTERDAY        0.00          5.26 1992   0.13  -0.13     0.00
  MONTH TO DATE    4.72                      3.11   1.61     1.05
  SINCE JUN 1     14.20                     10.73   3.47    12.83
  SINCE JAN 1     42.53                     36.03   6.50    48.15

SNOWFALL (IN)
  YESTERDAY        0.0

DEGREE DAYS
 HEATING
  YESTERDAY        0                         0      0        0
  MONTH TO DATE    0                         0      0        0
  SINCE JUN 1      0                         0      0        0
  SINCE JUL 1      0                         0      0        0

 COOLING
  YESTERDAY       16                        15      1       11
  MONTH TO DATE  417                       436    -19      434
  SINCE JUN 1   1248                      1364   -116     1324
  SINCE JAN 1   1598                      1734   -136     1654
..................................................................


WIND (MPH)
  HIGHEST WIND SPEED    12   HIGHEST WIND DIRECTION    NE (60)
  HIGHEST GUST SPEED    15   HIGHEST GUST DIRECTION     E (90)
  AVERAGE WIND SPEED     3.8


SKY COVER
  POSSIBLE SUNSHINE  MM
  AVERAGE SKY COVER 0.1


WEATHER CONDITIONS
 THE FOLLOWING WEATHER WAS RECORDED YESTERDAY.
  NO SIGNIFICANT WEATHER WAS OBSERVED.


RELATIVE HUMIDITY (PERCENT)
 HIGHEST    97          1000 PM
 LOWEST     39           300 PM
 AVERAGE    68

..........................................................


THE VICKSBURG CLIMATE NORMALS FOR TODAY
                         NORMAL    RECORD    YEAR
 MAXIMUM TEMPERATURE (F)   91       103      1954
 MINIMUM TEMPERATURE (F)   68        53      1952


SUNRISE AND SUNSET
AUGUST 28 2014........SUNRISE   637 AM CDT   SUNSET   733 PM CDT
AUGUST 29 2014........SUNRISE   637 AM CDT   SUNSET   732 PM CDT


-  INDICATES NEGATIVE NUMBERS.
R  INDICATES RECORD WAS SET OR TIED.
MM INDICATES DATA IS MISSING.
T  INDICATES TRACE AMOUNT.




$$
