000
CDUS44 KJAN 252115
CLITVR


CLIMATE REPORT
NATIONAL WEATHER SERVICE JACKSON MS
411 PM CDT SAT OCT 25 2014


...................................

...THE VICKSBURG CLIMATE SUMMARY FOR OCTOBER 25 2014...
VALID TODAY AS OF 0400 PM LOCAL TIME.

CLIMATE NORMAL PERIOD 1981 TO 2010
CLIMATE RECORD PERIOD 1948 TO 2014


WEATHER ITEM   OBSERVED TIME   RECORD YEAR NORMAL DEPARTURE LAST
                VALUE   (LST)  VALUE       VALUE  FROM      YEAR
                                                  NORMAL
..................................................................
TEMPERATURE (F)
 TODAY
  MAXIMUM         83    235 PM  86    2010  76      7       65
                                      2004
                                      2001
  MINIMUM         43    622 AM  27    1952  49     -6       37
  AVERAGE         63                        63      0       51

PRECIPITATION (IN)
  TODAY            0.00          2.48 1986   0.15  -0.15     0.00
  MONTH TO DATE    4.55                      3.88   0.67     1.51
  SINCE SEP 1      5.55                      6.77  -1.22     7.16
  SINCE JAN 1     49.79                     43.34   6.45    55.31

SNOWFALL (IN)
  TODAY            0.0

DEGREE DAYS
 HEATING
  TODAY            2                         5     -3       14
  MONTH TO DATE   59                        63     -4       80
  SINCE SEP 1     59                        68     -9       80
  SINCE JUL 1     59                        68     -9       80

 COOLING
  TODAY            0                         2     -2        0
  MONTH TO DATE  126                       100     26      121
  SINCE SEP 1    512                       408    104      526
  SINCE JAN 1   2170                      2197    -27     2233
..................................................................


WIND (MPH)
  HIGHEST WIND SPEED     8   HIGHEST WIND DIRECTION     W (280)
  HIGHEST GUST SPEED    12   HIGHEST GUST DIRECTION     W (280)
  AVERAGE WIND SPEED     1.1


SKY COVER
  POSSIBLE SUNSHINE  MM
  AVERAGE SKY COVER 0.0


WEATHER CONDITIONS
 THE FOLLOWING WEATHER WAS RECORDED TODAY.
  FOG


RELATIVE HUMIDITY (PERCENT)
 HIGHEST   100           400 AM
 LOWEST     48          1200 PM
 AVERAGE    74

..........................................................


THE VICKSBURG CLIMATE NORMALS FOR TOMORROW
                         NORMAL    RECORD    YEAR
 MAXIMUM TEMPERATURE (F)   75        87      2010
                                             2004
 MINIMUM TEMPERATURE (F)   49        27      1955


SUNRISE AND SUNSET
OCTOBER 25 2014.......SUNRISE   716 AM CDT   SUNSET   620 PM CDT
OCTOBER 26 2014.......SUNRISE   716 AM CDT   SUNSET   619 PM CDT


-  INDICATES NEGATIVE NUMBERS.
R  INDICATES RECORD WAS SET OR TIED.
MM INDICATES DATA IS MISSING.
T  INDICATES TRACE AMOUNT.




$$
