937
CDUS44 KJAN 250702
CLITVR


CLIMATE REPORT
NATIONAL WEATHER SERVICE JACKSON MS
200 AM CDT MON JUL 25 2016


...................................

...THE VICKSBURG CLIMATE SUMMARY FOR JULY 24 2016...

CLIMATE NORMAL PERIOD 1981 TO 2010
CLIMATE RECORD PERIOD 1948 TO 2016


WEATHER ITEM   OBSERVED TIME   RECORD YEAR NORMAL DEPARTURE LAST
                VALUE   (LST)  VALUE       VALUE  FROM      YEAR
                                                  NORMAL
..................................................................
TEMPERATURE (F)
 YESTERDAY
  MAXIMUM         87    338 PM 103    1954  92     -5       99
  MINIMUM         75    439 AM  61    2006  71      4       77
  AVERAGE         81                        82     -1       88

PRECIPITATION (IN)
  YESTERDAY        0.16          2.39 2013   0.11   0.05     0.00
  MONTH TO DATE    1.81                      2.86  -1.05     1.13
  SINCE JUN 1      5.32                      6.85  -1.53     6.38
  SINCE JAN 1     40.79                     32.15   8.64    36.65

SNOWFALL (IN)
  YESTERDAY        0.0

DEGREE DAYS
 HEATING
  YESTERDAY        0                         0      0        0
  MONTH TO DATE    0                         0      0        0
  SINCE JUN 1      0                         0      0        0
  SINCE JUL 1      0                         0      0        0

 COOLING
  YESTERDAY       16                        17     -1       23
  MONTH TO DATE  480                       394     86      446
  SINCE JUN 1    999                       812    187      930
  SINCE JAN 1   1514                      1182    332     1376
..................................................................


WIND (MPH)
  HIGHEST WIND SPEED    14   HIGHEST WIND DIRECTION    NE (30)
  HIGHEST GUST SPEED    17   HIGHEST GUST DIRECTION    NE (30)
  AVERAGE WIND SPEED     2.3


SKY COVER
  POSSIBLE SUNSHINE  MM
  AVERAGE SKY COVER 0.2


WEATHER CONDITIONS
 THE FOLLOWING WEATHER WAS RECORDED YESTERDAY.
  THUNDERSTORM
  HEAVY RAIN
  RAIN
  LIGHT RAIN
  FOG


RELATIVE HUMIDITY (PERCENT)
 HIGHEST    94          1200 AM
 LOWEST     61           400 PM
 AVERAGE    78

..........................................................


THE VICKSBURG CLIMATE NORMALS FOR TODAY
                         NORMAL    RECORD    YEAR
 MAXIMUM TEMPERATURE (F)   92       101      1952
 MINIMUM TEMPERATURE (F)   71        63      2009


SUNRISE AND SUNSET
JULY 25 2016..........SUNRISE   615 AM CDT   SUNSET   806 PM CDT
JULY 26 2016..........SUNRISE   615 AM CDT   SUNSET   806 PM CDT


-  INDICATES NEGATIVE NUMBERS.
R  INDICATES RECORD WAS SET OR TIED.
MM INDICATES DATA IS MISSING.
T  INDICATES TRACE AMOUNT.




$$
