000
CDUS44 KJAN 072118
CLITVR


CLIMATE REPORT
NATIONAL WEATHER SERVICE JACKSON MS
416 PM CDT TUE JUL 7 2015


...................................

...THE VICKSBURG CLIMATE SUMMARY FOR JULY 7 2015...
VALID TODAY AS OF 0400 PM LOCAL TIME.

CLIMATE NORMAL PERIOD 1981 TO 2010
CLIMATE RECORD PERIOD 1948 TO 2015


WEATHER ITEM   OBSERVED TIME   RECORD YEAR NORMAL DEPARTURE LAST
                VALUE   (LST)  VALUE       VALUE  FROM      YEAR
                                                  NORMAL
..................................................................
TEMPERATURE (F)
 TODAY
  MAXIMUM         92    143 PM  99    1980  92      0       91
  MINIMUM         75    539 AM  57    1972  71      4       66
  AVERAGE         84                        81      3       79

PRECIPITATION (IN)
  TODAY            0.00          2.35 2005   0.12  -0.12     0.00
  MONTH TO DATE    0.76                      0.86  -0.10     0.15
  SINCE JUN 1      6.01                      4.85   1.16     6.70
  SINCE JAN 1     36.28                     30.15   6.13    35.03

SNOWFALL (IN)
  TODAY            0.0

DEGREE DAYS
 HEATING
  TODAY            0                         0      0        0
  MONTH TO DATE    0                         0      0        0
  SINCE JUN 1      0                         0      0        0
  SINCE JUL 1      0                         0      0        0

 COOLING
  TODAY           19                        16      3       14
  MONTH TO DATE  109                       112     -3       86
  SINCE JUN 1    593                       530     63      510
  SINCE JAN 1   1039                       900    139      860
..................................................................


WIND (MPH)
  HIGHEST WIND SPEED    18   HIGHEST WIND DIRECTION     S (170)
  HIGHEST GUST SPEED    21   HIGHEST GUST DIRECTION     S (160)
  AVERAGE WIND SPEED     6.5


SKY COVER
  POSSIBLE SUNSHINE  MM
  AVERAGE SKY COVER 0.2


WEATHER CONDITIONS
 THE FOLLOWING WEATHER WAS RECORDED TODAY.
  FOG


RELATIVE HUMIDITY (PERCENT)
 HIGHEST    94           400 AM
 LOWEST     60           200 PM
 AVERAGE    77

..........................................................


THE VICKSBURG CLIMATE NORMALS FOR TOMORROW
                         NORMAL    RECORD    YEAR
 MAXIMUM TEMPERATURE (F)   92        98      1980
                                             1954
 MINIMUM TEMPERATURE (F)   71        58      1950


SUNRISE AND SUNSET
JULY  7 2015..........SUNRISE   603 AM CDT   SUNSET   814 PM CDT
JULY  8 2015..........SUNRISE   604 AM CDT   SUNSET   814 PM CDT


-  INDICATES NEGATIVE NUMBERS.
R  INDICATES RECORD WAS SET OR TIED.
MM INDICATES DATA IS MISSING.
T  INDICATES TRACE AMOUNT.




$$
