000
CDUS44 KJAN 300822
CLITVR


CLIMATE REPORT
NATIONAL WEATHER SERVICE JACKSON MS
321 AM CDT SAT APR 30 2016


...................................

...THE VICKSBURG CLIMATE SUMMARY FOR APRIL 29 2016...

CLIMATE NORMAL PERIOD 1981 TO 2010
CLIMATE RECORD PERIOD 1948 TO 2016


WEATHER ITEM   OBSERVED TIME   RECORD YEAR NORMAL DEPARTURE LAST
                VALUE   (LST)  VALUE       VALUE  FROM      YEAR
                                                  NORMAL
..................................................................
TEMPERATURE (F)
 YESTERDAY
  MAXIMUM         83    318 PM  91    1955  79      4       73
  MINIMUM         73    556 AM  40    1965  57     16       50
  AVERAGE         78                        68     10       62

PRECIPITATION (IN)
  YESTERDAY        0.00          6.32 1991   0.15  -0.15     0.00
  MONTH TO DATE   10.40                      4.80   5.60     6.04
  SINCE MAR 1     22.59                      9.83  12.76    10.28
  SINCE JAN 1     32.59                     20.17  12.42    21.53

SNOWFALL (IN)
  YESTERDAY        0.0

DEGREE DAYS
 HEATING
  YESTERDAY        0                         1     -1        3
  MONTH TO DATE   21                        98    -77       38
  SINCE MAR 1    129                       363   -234      261
  SINCE JUL 1   1507                      2339   -832     2519

 COOLING
  YESTERDAY       13                         4      9        0
  MONTH TO DATE  132                        81     51      131
  SINCE MAR 1    207                       104    103      153
  SINCE JAN 1    219                       113    106      153
..................................................................


WIND (MPH)
  HIGHEST WIND SPEED    25   HIGHEST WIND DIRECTION     S (170)
  HIGHEST GUST SPEED    33   HIGHEST GUST DIRECTION     S (180)
  AVERAGE WIND SPEED    11.1


SKY COVER
  POSSIBLE SUNSHINE  MM
  AVERAGE SKY COVER 0.4


WEATHER CONDITIONS
 THE FOLLOWING WEATHER WAS RECORDED YESTERDAY.
  NO SIGNIFICANT WEATHER WAS OBSERVED.


RELATIVE HUMIDITY (PERCENT)
 HIGHEST    93           300 AM
 LOWEST     69          1000 AM
 AVERAGE    81

..........................................................


THE VICKSBURG CLIMATE NORMALS FOR TODAY
                         NORMAL    RECORD    YEAR
 MAXIMUM TEMPERATURE (F)   80        90      1952
 MINIMUM TEMPERATURE (F)   57        39      1965


SUNRISE AND SUNSET
APRIL 30 2016.........SUNRISE   618 AM CDT   SUNSET   745 PM CDT
MAY  1 2016...........SUNRISE   617 AM CDT   SUNSET   746 PM CDT


-  INDICATES NEGATIVE NUMBERS.
R  INDICATES RECORD WAS SET OR TIED.
MM INDICATES DATA IS MISSING.
T  INDICATES TRACE AMOUNT.




$$
