000
CDUS45 KBOI 280932
CLITWF


CLIMATE REPORT
NATIONAL WEATHER SERVICE BOISE ID
232 AM MST TUE FEB 28 2017


...................................

...THE TWIN FALLS ID CLIMATE SUMMARY FOR FEBRUARY 27 2017...

CLIMATE NORMAL PERIOD 1981 TO 2010
CLIMATE RECORD PERIOD 9999 TO 9999


WEATHER ITEM   OBSERVED TIME   NORMAL DEPARTURE LAST
                VALUE   (LST)  VALUE  FROM      YEAR
                                      NORMAL
......................................................
TEMPERATURE (F)
 YESTERDAY
  MAXIMUM         29    440 PM  47    -18       52
  MINIMUM         18    548 AM  26     -8       35
  AVERAGE         24

PRECIPITATION (IN)
  YESTERDAY        0.02          0.03  -0.01      T
  MONTH TO DATE    1.45          0.79   0.66     0.17
  SINCE OCT 1      7.46          5.02   2.44     5.60
  SINCE JAN 1      2.96          1.77   1.19     1.22

DEGREE DAYS
 HEATING
  YESTERDAY       41            29     12       21
  MONTH TO DATE  819           871    -52      770
  SINCE DEC 1   3438          3101    337     3029
  SINCE JUL 1   4740          4539    201     4240

 COOLING
  YESTERDAY        0             0      0        0
  MONTH TO DATE    0             0      0        0
  SINCE DEC 1      0             0      0        0
  SINCE JAN 1      0             0      0        0
......................................................


WIND (MPH)
  HIGHEST WIND SPEED    23   HIGHEST WIND DIRECTION     W (250)
  HIGHEST GUST SPEED    28   HIGHEST GUST DIRECTION     W (250)
  AVERAGE WIND SPEED    13.8


SKY COVER
  AVERAGE SKY COVER 0.6


WEATHER CONDITIONS
 THE FOLLOWING WEATHER WAS RECORDED YESTERDAY.
  HEAVY SNOW
  SNOW
  LIGHT SNOW
  FOG
  FOG W/VISIBILITY <= 1/4 MILE
  HAZE


RELATIVE HUMIDITY (PERCENT)
 HIGHEST    88           200 AM
 LOWEST     62          1000 PM
 AVERAGE    75

..........................................................




SUNRISE AND SUNSET
FEBRUARY 28 2017......SUNRISE   714 AM MST   SUNSET   627 PM MST
MARCH  1 2017.........SUNRISE   713 AM MST   SUNSET   628 PM MST


-  INDICATES NEGATIVE NUMBERS.
R  INDICATES RECORD WAS SET OR TIED.
MM INDICATES DATA IS MISSING.
T  INDICATES TRACE AMOUNT.




$$
