000
CDUS45 KBOI 130931
CLITWF


CLIMATE REPORT
NATIONAL WEATHER SERVICE BOISE ID
231 AM MST WED DEC 13 2017


...................................

...THE TWIN FALLS ID CLIMATE SUMMARY FOR DECEMBER 12 2017...

CLIMATE NORMAL PERIOD 1981 TO 2010
CLIMATE RECORD PERIOD 9999 TO 9999


WEATHER ITEM   OBSERVED TIME   NORMAL DEPARTURE LAST
                VALUE   (LST)  VALUE  FROM      YEAR
                                      NORMAL
......................................................
TEMPERATURE (F)
 YESTERDAY
  MAXIMUM         26    246 PM  37    -11       38
  MINIMUM         20    852 AM  19      1       24
  AVERAGE         23

PRECIPITATION (IN)
  YESTERDAY        0.00          0.04  -0.04     0.00
  MONTH TO DATE    0.06          0.47  -0.41     0.91
  SINCE OCT 1      2.25          2.45  -0.20     3.88
  SINCE JAN 1     10.38          9.90   0.48    12.79

DEGREE DAYS
 HEATING
  YESTERDAY       42            37      5       34
  MONTH TO DATE  455           427     28      450
  SINCE DEC 1    455           427     28      450
  SINCE JUL 1   1989          1865    124     1752

 COOLING
  YESTERDAY        0             0      0        0
  MONTH TO DATE    0             0      0        0
  SINCE DEC 1      0             0      0        0
  SINCE JAN 1    871           680    191      642
......................................................


WIND (MPH)
  HIGHEST WIND SPEED    10   HIGHEST WIND DIRECTION     W (270)
  HIGHEST GUST SPEED    13   HIGHEST GUST DIRECTION     W (290)
  AVERAGE WIND SPEED     3.2


SKY COVER
  AVERAGE SKY COVER 1.0


WEATHER CONDITIONS
 THE FOLLOWING WEATHER WAS RECORDED YESTERDAY.
  FOG
  FOG W/VISIBILITY <= 1/4 MILE


RELATIVE HUMIDITY (PERCENT)
 HIGHEST    92          1200 AM
 LOWEST     84           900 AM
 AVERAGE    88

..........................................................




SUNRISE AND SUNSET
DECEMBER 13 2017......SUNRISE   759 AM MST   SUNSET   505 PM MST
DECEMBER 14 2017......SUNRISE   800 AM MST   SUNSET   506 PM MST


-  INDICATES NEGATIVE NUMBERS.
R  INDICATES RECORD WAS SET OR TIED.
MM INDICATES DATA IS MISSING.
T  INDICATES TRACE AMOUNT.




$$
