000
CDUS45 KBOI 290942
CLITWF


CLIMATE REPORT
NATIONAL WEATHER SERVICE BOISE ID
337 AM MDT FRI APR 29 2016


...................................

...THE TWIN FALLS ID CLIMATE SUMMARY FOR APRIL 28 2016...

CLIMATE NORMAL PERIOD 1981 TO 2010
CLIMATE RECORD PERIOD 9999 TO 9999


WEATHER ITEM   OBSERVED TIME   NORMAL DEPARTURE LAST
                VALUE   (LST)  VALUE  FROM      YEAR
                                      NORMAL
......................................................
TEMPERATURE (F)
 YESTERDAY
  MAXIMUM         60    427 PM  64     -4       79
  MINIMUM         33    552 AM  38     -5       34
  AVERAGE         47

PRECIPITATION (IN)
  YESTERDAY        T             0.04  -0.04     0.00
  MONTH TO DATE    1.46          1.05   0.41     0.24
  SINCE OCT 1      8.66          7.13   1.53     4.86
  SINCE JAN 1      4.28          3.88   0.40     1.86

DEGREE DAYS
 HEATING
  YESTERDAY       18            14      4        8
  MONTH TO DATE  371           482   -111      440
  SINCE MAR 1   1048          1204   -156      930
  SINCE JUL 1   5334          5771   -437     4623

 COOLING
  YESTERDAY        0             0      0        0
  MONTH TO DATE    0             0      0        0
  SINCE MAR 1      0             0      0        0
  SINCE JAN 1      0             0      0        0
......................................................


WIND (MPH)
  HIGHEST WIND SPEED    20   HIGHEST WIND DIRECTION     N (10)
  HIGHEST GUST SPEED    23   HIGHEST GUST DIRECTION     N (20)
  AVERAGE WIND SPEED     7.3


SKY COVER
  AVERAGE SKY COVER 0.5


WEATHER CONDITIONS
 THE FOLLOWING WEATHER WAS RECORDED YESTERDAY.
  NO SIGNIFICANT WEATHER WAS OBSERVED.


RELATIVE HUMIDITY (PERCENT)
 HIGHEST    92           300 AM
 LOWEST     40           400 PM
 AVERAGE    66

..........................................................




SUNRISE AND SUNSET
APRIL 29 2016.........SUNRISE   635 AM MDT   SUNSET   836 PM MDT
APRIL 30 2016.........SUNRISE   633 AM MDT   SUNSET   837 PM MDT


-  INDICATES NEGATIVE NUMBERS.
R  INDICATES RECORD WAS SET OR TIED.
MM INDICATES DATA IS MISSING.
T  INDICATES TRACE AMOUNT.




$$
