000
CDUS45 KBOI 080932
CLITWF


CLIMATE REPORT
NATIONAL WEATHER SERVICE BOISE ID
232 AM MST THU DEC 8 2016


...................................

...THE TWIN FALLS ID CLIMATE SUMMARY FOR DECEMBER 7 2016...

CLIMATE NORMAL PERIOD 1981 TO 2010
CLIMATE RECORD PERIOD 9999 TO 9999


WEATHER ITEM   OBSERVED TIME   NORMAL DEPARTURE LAST
                VALUE   (LST)  VALUE  FROM      YEAR
                                      NORMAL
......................................................
TEMPERATURE (F)
 YESTERDAY
  MAXIMUM         23    333 PM  39    -16       52
  MINIMUM          6   1003 PM  20    -14       39
  AVERAGE         15

PRECIPITATION (IN)
  YESTERDAY        0.00          0.04  -0.04     0.48
  MONTH TO DATE    0.07          0.27  -0.20     0.48
  SINCE OCT 1      3.04          2.25   0.79     3.19
  SINCE JAN 1     11.95          9.70   2.25     9.14

DEGREE DAYS
 HEATING
  YESTERDAY       50            36     14       19
  MONTH TO DATE  275           245     30      235
  SINCE DEC 1    275           245     30      235
  SINCE JUL 1   1577          1683   -106     1446

 COOLING
  YESTERDAY        0             0      0        0
  MONTH TO DATE    0             0      0        0
  SINCE DEC 1      0             0      0        0
  SINCE JAN 1    642           680    -38     1020
......................................................


WIND (MPH)
  HIGHEST WIND SPEED    21   HIGHEST WIND DIRECTION     W (250)
  HIGHEST GUST SPEED    26   HIGHEST GUST DIRECTION     W (270)
  AVERAGE WIND SPEED     8.5


SKY COVER
  AVERAGE SKY COVER 0.4


WEATHER CONDITIONS
 THE FOLLOWING WEATHER WAS RECORDED YESTERDAY.
  NO SIGNIFICANT WEATHER WAS OBSERVED.


RELATIVE HUMIDITY (PERCENT)
 HIGHEST    92           900 PM
 LOWEST     68          1200 PM
 AVERAGE    80

..........................................................




SUNRISE AND SUNSET
DECEMBER  8 2016......SUNRISE   755 AM MST   SUNSET   505 PM MST
DECEMBER  9 2016......SUNRISE   756 AM MST   SUNSET   505 PM MST


-  INDICATES NEGATIVE NUMBERS.
R  INDICATES RECORD WAS SET OR TIED.
MM INDICATES DATA IS MISSING.
T  INDICATES TRACE AMOUNT.




$$
