000
CDUS44 KSHV 291245
CLITXK


CLIMATE REPORT
NATIONAL WEATHER SERVICE SHREVEPORT, LA
745 AM CDT SUN MAR 29 2015


...................................

...THE TEXARKANA CLIMATE SUMMARY FOR MARCH 28 2015...

CLIMATE NORMAL PERIOD 1981 TO 2010
CLIMATE RECORD PERIOD 1896 TO 2015


WEATHER ITEM   OBSERVED TIME   RECORD YEAR NORMAL DEPARTURE LAST
                VALUE   (LST)  VALUE       VALUE  FROM      YEAR
                                                  NORMAL
..................................................................
TEMPERATURE (F)
 YESTERDAY
  MAXIMUM         72    338 PM  87    1907  71      1       81
  MINIMUM         41   1249 AM  26    1931  47     -6       58
  AVERAGE         57                        59     -2       70

PRECIPITATION (IN)
  YESTERDAY        0.00          1.53 1989   0.13  -0.13     0.53
  MONTH TO DATE    9.01                      3.79   5.22     3.26
  SINCE DEC 1     19.78                     16.23   3.55    13.01
  SINCE JAN 1     17.10                     11.18   5.92     7.18

SNOWFALL (IN)
  YESTERDAY        0.0
  MONTH TO DATE    1.0
  SINCE MAR 1      1.0
  SINCE JUL 1      5.2
  SNOW DEPTH       0

DEGREE DAYS
 HEATING
  YESTERDAY        8                         7      1        0
  MONTH TO DATE  337                       281     56      377
  SINCE MAR 1    337                       281     56      377
  SINCE JUL 1   2718                      2475    243     2845

 COOLING
  YESTERDAY        0                         1     -1        5
  MONTH TO DATE   12                        16     -4        7
  SINCE MAR 1     12                        16     -4        7
  SINCE JAN 1     12                        20     -8        7
..................................................................


WIND (MPH)
  HIGHEST WIND SPEED    15   HIGHEST WIND DIRECTION     E (70)
  HIGHEST GUST SPEED    24   HIGHEST GUST DIRECTION     E (80)
  AVERAGE WIND SPEED     8.1


SKY COVER
  POSSIBLE SUNSHINE  MM
  AVERAGE SKY COVER 0.1


WEATHER CONDITIONS
 THE FOLLOWING WEATHER WAS RECORDED YESTERDAY.
  NO SIGNIFICANT WEATHER WAS OBSERVED.


RELATIVE HUMIDITY (PERCENT)
 HIGHEST    83           600 AM
 LOWEST     38           300 PM
 AVERAGE    61

..........................................................


THE TEXARKANA CLIMATE NORMALS FOR TODAY
                         NORMAL    RECORD    YEAR
 MAXIMUM TEMPERATURE (F)   71        88      1929
 MINIMUM TEMPERATURE (F)   48        25      1931


SUNRISE AND SUNSET
MARCH 29 2015.........SUNRISE   708 AM CDT   SUNSET   734 PM CDT
MARCH 30 2015.........SUNRISE   707 AM CDT   SUNSET   735 PM CDT


-  INDICATES NEGATIVE NUMBERS.
R  INDICATES RECORD WAS SET OR TIED.
MM INDICATES DATA IS MISSING.
T  INDICATES TRACE AMOUNT.




$$
