000
CDUS44 KSHV 170853
CLITXK


CLIMATE REPORT
NATIONAL WEATHER SERVICE SHREVEPORT, LA
253 AM CST FRI NOV 17 2017


...................................

...THE TEXARKANA CLIMATE SUMMARY FOR NOVEMBER 16 2017...

CLIMATE NORMAL PERIOD 1981 TO 2010
CLIMATE RECORD PERIOD 1896 TO 2017


WEATHER ITEM   OBSERVED TIME   RECORD YEAR NORMAL DEPARTURE LAST
                VALUE   (LST)  VALUE       VALUE  FROM      YEAR
                                                  NORMAL
..................................................................
TEMPERATURE (F)
 YESTERDAY
  MAXIMUM         63    118 AM  85    2016  64     -1       85
                                      1938
  MINIMUM         55   1002 PM  18    1932  44     11       56
  AVERAGE         59                        54      5       71

PRECIPITATION (IN)
  YESTERDAY        0.00          4.06 1937   0.16  -0.16     0.00
  MONTH TO DATE    1.53                      2.46  -0.93     0.50
  SINCE DEC 1     49.86                     47.29   2.57    45.98
  SINCE JAN 1     43.44                     42.24   1.20    40.00

SNOWFALL (IN)
  YESTERDAY        0.0
  MONTH TO DATE    0.0
  SINCE SEP 1      0.0
  SINCE JUL 1      0.0
  SNOW DEPTH       0

DEGREE DAYS
 HEATING
  YESTERDAY        6                        11     -5        0
  MONTH TO DATE   99                       144    -45       64
  SINCE SEP 1    209                       262    -53       81
  SINCE JUL 1    209                       262    -53       81

 COOLING
  YESTERDAY        0                         0      0        6
  MONTH TO DATE   52                        14     38       34
  SINCE SEP 1    501                       414     87      644
  SINCE JAN 1   2205                      2202      3     2584
..................................................................


WIND (MPH)
  HIGHEST WIND SPEED    12   HIGHEST WIND DIRECTION    NE (60)
  HIGHEST GUST SPEED    16   HIGHEST GUST DIRECTION    NE (50)
  AVERAGE WIND SPEED     5.6


SKY COVER
  POSSIBLE SUNSHINE  MM
  AVERAGE SKY COVER 1.0


WEATHER CONDITIONS
 THE FOLLOWING WEATHER WAS RECORDED YESTERDAY.
  NO SIGNIFICANT WEATHER WAS OBSERVED.


RELATIVE HUMIDITY (PERCENT)
 HIGHEST   100          1200 AM
 LOWEST     69          1200 PM
 AVERAGE    85

..........................................................


THE TEXARKANA CLIMATE NORMALS FOR TODAY
                         NORMAL    RECORD    YEAR
 MAXIMUM TEMPERATURE (F)   64        85      2013
 MINIMUM TEMPERATURE (F)   43        22      1920


SUNRISE AND SUNSET
NOVEMBER 17 2017......SUNRISE   650 AM CST   SUNSET   512 PM CST
NOVEMBER 18 2017......SUNRISE   650 AM CST   SUNSET   512 PM CST


-  INDICATES NEGATIVE NUMBERS.
R  INDICATES RECORD WAS SET OR TIED.
MM INDICATES DATA IS MISSING.
T  INDICATES TRACE AMOUNT.




$$
