000
CDUS44 KSHV 230735
CLITXK


CLIMATE REPORT
NATIONAL WEATHER SERVICE SHREVEPORT, LA
234 AM CDT THU OCT 23 2014


...................................

...THE TEXARKANA CLIMATE SUMMARY FOR OCTOBER 22 2014...

CLIMATE NORMAL PERIOD 1981 TO 2010
CLIMATE RECORD PERIOD 1896 TO 2014


WEATHER ITEM   OBSERVED TIME   RECORD YEAR NORMAL DEPARTURE LAST
                VALUE   (LST)  VALUE       VALUE  FROM      YEAR
                                                  NORMAL
..................................................................
TEMPERATURE (F)
 YESTERDAY
  MAXIMUM         76    244 PM  96    1939  74      2       71
  MINIMUM         53    522 AM  32    1898  51      2       53
  AVERAGE         65                        63      2       62

PRECIPITATION (IN)
  YESTERDAY        0.00          2.35 2009   0.17  -0.17     0.00
  MONTH TO DATE    2.45                      3.47  -1.02     2.85
  SINCE DEC 1     35.26                     43.37  -8.11    36.75
  SINCE JAN 1     29.43                     38.32  -8.89    32.29

SNOWFALL (IN)
  YESTERDAY        0.0
  MONTH TO DATE    0.0
  SINCE SEP 1      0.0
  SINCE JUL 1      0.0
  SNOW DEPTH       0

DEGREE DAYS
 HEATING
  YESTERDAY        0                         4     -4        3
  MONTH TO DATE   22                        56    -34       51
  SINCE SEP 1     25                        67    -42       51
  SINCE JUL 1     25                        67    -42       51

 COOLING
  YESTERDAY        0                         2     -2        0
  MONTH TO DATE  110                        80     30       87
  SINCE SEP 1    456                       386     70      524
  SINCE JAN 1   2107                      2174    -67     2339
..................................................................


WIND (MPH)
  HIGHEST WIND SPEED    12   HIGHEST WIND DIRECTION    NE (50)
  HIGHEST GUST SPEED    16   HIGHEST GUST DIRECTION     E (70)
  AVERAGE WIND SPEED     4.4


SKY COVER
  POSSIBLE SUNSHINE  MM
  AVERAGE SKY COVER 0.0


WEATHER CONDITIONS
 THE FOLLOWING WEATHER WAS RECORDED YESTERDAY.
  FOG


RELATIVE HUMIDITY (PERCENT)
 HIGHEST   100           200 AM
 LOWEST     41           200 PM
 AVERAGE    71

..........................................................


THE TEXARKANA CLIMATE NORMALS FOR TODAY
                         NORMAL    RECORD    YEAR
 MAXIMUM TEMPERATURE (F)   74        96      1939
 MINIMUM TEMPERATURE (F)   51        29      1937


SUNRISE AND SUNSET
OCTOBER 23 2014.......SUNRISE   727 AM CDT   SUNSET   633 PM CDT
OCTOBER 24 2014.......SUNRISE   728 AM CDT   SUNSET   632 PM CDT


-  INDICATES NEGATIVE NUMBERS.
R  INDICATES RECORD WAS SET OR TIED.
MM INDICATES DATA IS MISSING.
T  INDICATES TRACE AMOUNT.




$$
