936
CDUS44 KSHV 070855
CLITXK


CLIMATE REPORT
NATIONAL WEATHER SERVICE SHREVEPORT, LA
249 AM CST WED DEC 7 2016


...................................

...THE TEXARKANA CLIMATE SUMMARY FOR DECEMBER 6 2016...

CLIMATE NORMAL PERIOD 1981 TO 2010
CLIMATE RECORD PERIOD 1896 TO 2016


WEATHER ITEM   OBSERVED TIME   RECORD YEAR NORMAL DEPARTURE LAST
                VALUE   (LST)  VALUE       VALUE  FROM      YEAR
                                                  NORMAL
..................................................................
TEMPERATURE (F)
 YESTERDAY
  MAXIMUM         54   1239 PM  79    1966  57     -3       66
  MINIMUM         44    424 AM  15    1950  37      7       35
  AVERAGE         49                        47      2       51

PRECIPITATION (IN)
  YESTERDAY        0.03          2.89 1987   0.18  -0.15     0.00
  MONTH TO DATE    1.21                      1.11   0.10     0.00
  SINCE DEC 1      1.21                      1.11   0.10     0.00
  SINCE JAN 1     44.12                     45.71  -1.59    57.56

SNOWFALL (IN)
  YESTERDAY       MM
  MONTH TO DATE    0.0
  SINCE DEC 1      0.0
  SINCE JUL 1      0.0
  SNOW DEPTH       0

DEGREE DAYS
 HEATING
  YESTERDAY       16                        18     -2       14
  MONTH TO DATE  100                       103     -3      116
  SINCE DEC 1    100                       103     -3      116
  SINCE JUL 1    334                       561   -227      400

 COOLING
  YESTERDAY        0                         0      0        0
  MONTH TO DATE    0                         0      0        0
  SINCE DEC 1      0                         0      0        0
  SINCE JAN 1   2587                      2204    383     2530
..................................................................


WIND (MPH)
  HIGHEST WIND SPEED    12   HIGHEST WIND DIRECTION    NE (50)
  HIGHEST GUST SPEED    15   HIGHEST GUST DIRECTION    NW (310)
  AVERAGE WIND SPEED     4.0


SKY COVER
  POSSIBLE SUNSHINE  MM
  AVERAGE SKY COVER 1.0


WEATHER CONDITIONS
 THE FOLLOWING WEATHER WAS RECORDED YESTERDAY.
  LIGHT RAIN
  FOG


RELATIVE HUMIDITY (PERCENT)
 HIGHEST   100           400 AM
 LOWEST     77           200 PM
 AVERAGE    89

..........................................................


THE TEXARKANA CLIMATE NORMALS FOR TODAY
                         NORMAL    RECORD    YEAR
 MAXIMUM TEMPERATURE (F)   57        84      1939
 MINIMUM TEMPERATURE (F)   37        13      1950


SUNRISE AND SUNSET
DECEMBER  7 2016......SUNRISE   707 AM CST   SUNSET   508 PM CST
DECEMBER  8 2016......SUNRISE   708 AM CST   SUNSET   508 PM CST


-  INDICATES NEGATIVE NUMBERS.
R  INDICATES RECORD WAS SET OR TIED.
MM INDICATES DATA IS MISSING.
T  INDICATES TRACE AMOUNT.




$$
