000
CDUS44 KSHV 280754
CLITXK


CLIMATE REPORT
NATIONAL WEATHER SERVICE SHREVEPORT, LA
250 AM CDT THU MAY 28 2015


...................................

...THE TEXARKANA CLIMATE SUMMARY FOR MAY 27 2015...

CLIMATE NORMAL PERIOD 1981 TO 2010
CLIMATE RECORD PERIOD 1896 TO 2015


WEATHER ITEM   OBSERVED TIME   RECORD YEAR NORMAL DEPARTURE LAST
                VALUE   (LST)  VALUE       VALUE  FROM      YEAR
                                                  NORMAL
..................................................................
TEMPERATURE (F)
 YESTERDAY
  MAXIMUM         85    513 PM  97    1928  85      0       77
  MINIMUM         66    609 AM  46    1961  64      2       69
  AVERAGE         76                        74      2       73

PRECIPITATION (IN)
  YESTERDAY        0.00          1.53 1990   0.15  -0.15     0.89
  MONTH TO DATE    7.47                      4.52   2.95     4.14
  SINCE DEC 1     35.34                     25.10  10.24    20.32
  SINCE JAN 1     32.66                     20.05  12.61    14.49

SNOWFALL (IN)
  YESTERDAY        0.0
  MONTH TO DATE    0.0
  SINCE MAR 1      1.0
  SINCE JUL 1      5.2
  SNOW DEPTH       0

DEGREE DAYS
 HEATING
  YESTERDAY        0                         0      0        0
  MONTH TO DATE    8                        12     -4       34
  SINCE MAR 1    430                       421      9      572
  SINCE JUL 1   2811                      2615    196     3040

 COOLING
  YESTERDAY       11                        10      1        8
  MONTH TO DATE  190                       182      8      175
  SINCE MAR 1    287                       275     12      253
  SINCE JAN 1    287                       279      8      253
..................................................................


WIND (MPH)
  HIGHEST WIND SPEED    14   HIGHEST WIND DIRECTION     S (190)
  HIGHEST GUST SPEED    20   HIGHEST GUST DIRECTION     S (180)
  AVERAGE WIND SPEED     4.3


SKY COVER
  POSSIBLE SUNSHINE  MM
  AVERAGE SKY COVER 0.0


WEATHER CONDITIONS
 THE FOLLOWING WEATHER WAS RECORDED YESTERDAY.
  NO SIGNIFICANT WEATHER WAS OBSERVED.


RELATIVE HUMIDITY (PERCENT)
 HIGHEST    93           200 AM
 LOWEST     51           200 PM
 AVERAGE    72

..........................................................


THE TEXARKANA CLIMATE NORMALS FOR TODAY
                         NORMAL    RECORD    YEAR
 MAXIMUM TEMPERATURE (F)   85        97      1898
 MINIMUM TEMPERATURE (F)   64        45      1901


SUNRISE AND SUNSET
MAY 28 2015...........SUNRISE   609 AM CDT   SUNSET   818 PM CDT
MAY 29 2015...........SUNRISE   608 AM CDT   SUNSET   819 PM CDT


-  INDICATES NEGATIVE NUMBERS.
R  INDICATES RECORD WAS SET OR TIED.
MM INDICATES DATA IS MISSING.
T  INDICATES TRACE AMOUNT.




$$
