000
CDUS44 KSHV 200846
CLITYR


CLIMATE REPORT
NATIONAL WEATHER SERVICE SHREVEPORT, LA
246 AM CST MON NOV 20 2017


...................................

...THE TYLER CLIMATE SUMMARY FOR NOVEMBER 19 2017...

CLIMATE NORMAL PERIOD 1981 TO 2010
CLIMATE RECORD PERIOD 1896 TO 2017


WEATHER ITEM   OBSERVED TIME   RECORD YEAR NORMAL DEPARTURE LAST
                VALUE   (LST)  VALUE       VALUE  FROM      YEAR
                                                  NORMAL
..................................................................
TEMPERATURE (F)
 YESTERDAY
  MAXIMUM         62    352 PM  83    1925  64     -2       60
  MINIMUM         37    632 AM  21    1903  45     -8       36
  AVERAGE         50                        54     -4       48

PRECIPITATION (IN)
  YESTERDAY        0.00          1.63 1953   0.13  -0.13     0.00
  MONTH TO DATE    1.38                      2.73  -1.35     0.29
  SINCE DEC 1     37.53                     44.42  -6.89    42.88
  SINCE JAN 1     34.88                     40.18  -5.30    33.11

SNOWFALL (IN)
  YESTERDAY        0.0
  MONTH TO DATE    0.0
  SINCE SEP 1      0.0
  SINCE JUL 1      0.0
  SNOW DEPTH       0

DEGREE DAYS
 HEATING
  YESTERDAY       15                        11      4       17
  MONTH TO DATE   75                       153    -78       40
  SINCE SEP 1    163                       230    -67       46
  SINCE JUL 1    163                       230    -67       46

 COOLING
  YESTERDAY        0                         0      0        0
  MONTH TO DATE   69                        14     55       58
  SINCE SEP 1    633                       485    148      793
  SINCE JAN 1   2767                      2407    360     3092
..................................................................


WIND (MPH)
  HIGHEST WIND SPEED    15   HIGHEST WIND DIRECTION    NE (40)
  HIGHEST GUST SPEED    21   HIGHEST GUST DIRECTION     N (20)
  AVERAGE WIND SPEED     4.1


SKY COVER
  POSSIBLE SUNSHINE  MM
  AVERAGE SKY COVER 0.0


WEATHER CONDITIONS
 THE FOLLOWING WEATHER WAS RECORDED YESTERDAY.
  HAZE


RELATIVE HUMIDITY (PERCENT)
 HIGHEST    92           700 AM
 LOWEST     23          1200 PM
 AVERAGE    58

..........................................................


THE TYLER CLIMATE NORMALS FOR TODAY
                         NORMAL    RECORD    YEAR
 MAXIMUM TEMPERATURE (F)   63        82      2011
 MINIMUM TEMPERATURE (F)   44        22      1903


SUNRISE AND SUNSET
NOVEMBER 20 2017......SUNRISE   656 AM CST   SUNSET   519 PM CST
NOVEMBER 21 2017......SUNRISE   657 AM CST   SUNSET   518 PM CST


-  INDICATES NEGATIVE NUMBERS.
R  INDICATES RECORD WAS SET OR TIED.
MM INDICATES DATA IS MISSING.
T  INDICATES TRACE AMOUNT.




$$
