000
CDUS44 KSHV 300749
CLITYR


CLIMATE REPORT
NATIONAL WEATHER SERVICE SHREVEPORT, LA
248 AM CDT TUE MAY 30 2017


...................................

...THE TYLER CLIMATE SUMMARY FOR MAY 29 2017...

CLIMATE NORMAL PERIOD 1981 TO 2010
CLIMATE RECORD PERIOD 1896 TO 2017


WEATHER ITEM   OBSERVED TIME   RECORD YEAR NORMAL DEPARTURE LAST
                VALUE   (LST)  VALUE       VALUE  FROM      YEAR
                                                  NORMAL
..................................................................
TEMPERATURE (F)
 YESTERDAY
  MAXIMUM         84    441 PM  98    1998  85     -1       89
  MINIMUM         70   1124 PM  49    1947  67      3       72
  AVERAGE         77                        76      1       81

PRECIPITATION (IN)
  YESTERDAY        0.02          2.65 1914   0.17  -0.15     0.00
  MONTH TO DATE    4.35                      4.40  -0.05     2.79
  SINCE DEC 1     19.47                     22.80  -3.33    32.72
  SINCE JAN 1     16.82                     18.56  -1.74    22.95

SNOWFALL (IN)
  YESTERDAY        0.0
  MONTH TO DATE    0.0
  SINCE MAR 1      0.0
  SINCE JUL 1      T
  SNOW DEPTH       0

DEGREE DAYS
 HEATING
  YESTERDAY        0                         0      0        0
  MONTH TO DATE    7                         6      1       12
  SINCE MAR 1    173                       376   -203      158
  SINCE JUL 1   1256                      2268  -1012     1467

 COOLING
  YESTERDAY       12                        11      1       16
  MONTH TO DATE  207                       234    -27      234
  SINCE MAR 1    453                       334    119      411
  SINCE JAN 1    527                       346    181      421
..................................................................


WIND (MPH)
  HIGHEST WIND SPEED    13   HIGHEST WIND DIRECTION     N (350)
  HIGHEST GUST SPEED    19   HIGHEST GUST DIRECTION     N (350)
  AVERAGE WIND SPEED     4.6


SKY COVER
  POSSIBLE SUNSHINE  MM
  AVERAGE SKY COVER 0.7


WEATHER CONDITIONS
 THE FOLLOWING WEATHER WAS RECORDED YESTERDAY.
  LIGHT RAIN
  FOG
  HAZE


RELATIVE HUMIDITY (PERCENT)
 HIGHEST   100           300 AM
 LOWEST     58           400 PM
 AVERAGE    79

..........................................................


THE TYLER CLIMATE NORMALS FOR TODAY
                         NORMAL    RECORD    YEAR
 MAXIMUM TEMPERATURE (F)   86        99      1998
 MINIMUM TEMPERATURE (F)   67        47      1984


SUNRISE AND SUNSET
MAY 30 2017...........SUNRISE   616 AM CDT   SUNSET   823 PM CDT
MAY 31 2017...........SUNRISE   616 AM CDT   SUNSET   823 PM CDT


-  INDICATES NEGATIVE NUMBERS.
R  INDICATES RECORD WAS SET OR TIED.
MM INDICATES DATA IS MISSING.
T  INDICATES TRACE AMOUNT.




$$
