000
CDUS44 KSHV 242243
CLITYR


CLIMATE REPORT
NATIONAL WEATHER SERVICE SHREVEPORT, LA
443 PM CST MON NOV 24 2014


...................................

...THE TYLER CLIMATE SUMMARY FOR NOVEMBER 24 2014...
VALID TODAY AS OF 0400 PM LOCAL TIME.

CLIMATE NORMAL PERIOD 1981 TO 2010
CLIMATE RECORD PERIOD 1896 TO 2014


WEATHER ITEM   OBSERVED TIME   RECORD YEAR NORMAL DEPARTURE LAST
                VALUE   (LST)  VALUE       VALUE  FROM      YEAR
                                                  NORMAL
..................................................................
TEMPERATURE (F)
 TODAY
  MAXIMUM         63    301 PM  85    1910  62      1       41
  MINIMUM         41    720 AM  22    1970  43     -2       34
  AVERAGE         52                        52      0       38

PRECIPITATION (IN)
  TODAY            0.00          3.73 1944   0.13  -0.13     0.18
  MONTH TO DATE    3.93                      3.35   0.58     3.71
  SINCE DEC 1     35.82                     45.04  -9.22    40.84
  SINCE JAN 1     32.80                     40.80  -8.00    37.95

SNOWFALL (IN)
  TODAY            0.0
  MONTH TO DATE    T
  SINCE SEP 1      T
  SINCE JUL 1      T
  SNOW DEPTH       0

DEGREE DAYS
 HEATING
  TODAY           13                        13      0       27
  MONTH TO DATE  314                       213    101      220
  SINCE SEP 1    328                       290     38      262
  SINCE JUL 1    328                       290     38      262

 COOLING
  TODAY            0                         0      0        0
  MONTH TO DATE    2                        14    -12       17
  SINCE SEP 1    630                       485    145      651
  SINCE JAN 1   2596                      2407    189     2767
..................................................................


WIND (MPH)
  HIGHEST WIND SPEED    21   HIGHEST WIND DIRECTION    NW (320)
  HIGHEST GUST SPEED    28   HIGHEST GUST DIRECTION    NW (320)
  AVERAGE WIND SPEED     9.7


SKY COVER
  POSSIBLE SUNSHINE  MM
  AVERAGE SKY COVER 0.0


WEATHER CONDITIONS
 THE FOLLOWING WEATHER WAS RECORDED TODAY.
  NO SIGNIFICANT WEATHER WAS OBSERVED.


RELATIVE HUMIDITY (PERCENT)
 HIGHEST    76           700 AM
 LOWEST     19           300 PM
 AVERAGE    48

..........................................................


THE TYLER CLIMATE NORMALS FOR TOMORROW
                         NORMAL    RECORD    YEAR
 MAXIMUM TEMPERATURE (F)   62        86      1965
 MINIMUM TEMPERATURE (F)   43        21      1975


SUNRISE AND SUNSET
NOVEMBER 24 2014......SUNRISE   659 AM CST   SUNSET   517 PM CST
NOVEMBER 25 2014......SUNRISE   700 AM CST   SUNSET   517 PM CST


-  INDICATES NEGATIVE NUMBERS.
R  INDICATES RECORD WAS SET OR TIED.
MM INDICATES DATA IS MISSING.
T  INDICATES TRACE AMOUNT.




$$
