302
CDUS44 KSHV 260843
CLITYR


CLIMATE REPORT
NATIONAL WEATHER SERVICE SHREVEPORT, LA
243 AM CST SUN FEB 26 2017


...................................

...THE TYLER CLIMATE SUMMARY FOR FEBRUARY 25 2017...

CLIMATE NORMAL PERIOD 1981 TO 2010
CLIMATE RECORD PERIOD 1896 TO 2017


WEATHER ITEM   OBSERVED TIME   RECORD YEAR NORMAL DEPARTURE LAST
                VALUE   (LST)  VALUE       VALUE  FROM      YEAR
                                                  NORMAL
..................................................................
TEMPERATURE (F)
 YESTERDAY
  MAXIMUM         57    531 PM  89    1918  63     -6       61
  MINIMUM         36    728 AM  18    1960  43     -7       38
  AVERAGE         47                        53     -6       50

PRECIPITATION (IN)
  YESTERDAY        0.00          1.97 2006   0.15  -0.15     0.00
  MONTH TO DATE    2.25                      3.36  -1.11     2.77
  SINCE DEC 1     10.44                     10.66  -0.22    13.97
  SINCE JAN 1      7.79                      6.42   1.37     4.20

SNOWFALL (IN)
  YESTERDAY        0.0
  MONTH TO DATE    0.0
  SINCE DEC 1      T
  SINCE JUL 1      T
  SNOW DEPTH       0

DEGREE DAYS
 HEATING
  YESTERDAY       18                        13      5       15
  MONTH TO DATE  161                       377   -216      252
  SINCE DEC 1    941                      1481   -540     1081
  SINCE JUL 1   1072                      1855   -783     1274

 COOLING
  YESTERDAY        0                         0      0        0
  MONTH TO DATE   36                         0     36        8
  SINCE DEC 1     77                        10     67       37
  SINCE JAN 1     55                         4     51       10
..................................................................


WIND (MPH)
  HIGHEST WIND SPEED    18   HIGHEST WIND DIRECTION     N (10)
  HIGHEST GUST SPEED    25   HIGHEST GUST DIRECTION     N (10)
  AVERAGE WIND SPEED     6.1


SKY COVER
  POSSIBLE SUNSHINE  MM
  AVERAGE SKY COVER 0.0


WEATHER CONDITIONS
 THE FOLLOWING WEATHER WAS RECORDED YESTERDAY.
  NO SIGNIFICANT WEATHER WAS OBSERVED.


RELATIVE HUMIDITY (PERCENT)
 HIGHEST    64           700 AM
 LOWEST     23           500 PM
 AVERAGE    44

..........................................................


THE TYLER CLIMATE NORMALS FOR TODAY
                         NORMAL    RECORD    YEAR
 MAXIMUM TEMPERATURE (F)   63        87      1986
 MINIMUM TEMPERATURE (F)   43        18      1960


SUNRISE AND SUNSET
FEBRUARY 26 2017......SUNRISE   652 AM CST   SUNSET   617 PM CST
FEBRUARY 27 2017......SUNRISE   651 AM CST   SUNSET   618 PM CST


-  INDICATES NEGATIVE NUMBERS.
R  INDICATES RECORD WAS SET OR TIED.
MM INDICATES DATA IS MISSING.
T  INDICATES TRACE AMOUNT.




$$
