000
CDUS44 KSHV 290744
CLITYR


CLIMATE REPORT
NATIONAL WEATHER SERVICE SHREVEPORT, LA
243 AM CDT SAT AUG 29 2015


...................................

...THE TYLER CLIMATE SUMMARY FOR AUGUST 28 2015...

CLIMATE NORMAL PERIOD 1981 TO 2010
CLIMATE RECORD PERIOD 1896 TO 2015


WEATHER ITEM   OBSERVED TIME   RECORD YEAR NORMAL DEPARTURE LAST
                VALUE   (LST)  VALUE       VALUE  FROM      YEAR
                                                  NORMAL
..................................................................
TEMPERATURE (F)
 YESTERDAY
  MAXIMUM         92    235 PM 106    2011  91      1       97
  MINIMUM         69    636 AM  56    1992  72     -3       73
  AVERAGE         81                        82     -1       85

PRECIPITATION (IN)
  YESTERDAY        0.00          2.80 1946   0.10  -0.10     0.00
  MONTH TO DATE    2.01                      2.52  -0.51     0.04
  SINCE DEC 1     41.98                     33.16   8.82    24.34
  SINCE JAN 1     40.51                     28.92  11.59    21.32

SNOWFALL (IN)
  YESTERDAY        0.0
  MONTH TO DATE    0.0
  SINCE JUN 1      0.0
  SINCE JUL 1      0.0
  SNOW DEPTH       0

DEGREE DAYS
 HEATING
  YESTERDAY        0                         0      0        0
  MONTH TO DATE    0                         0      0        0
  SINCE JUN 1      0                         0      0        0
  SINCE JUL 1      0                         0      0        0

 COOLING
  YESTERDAY       16                        17     -1       20
  MONTH TO DATE  577                       516     61      530
  SINCE JUN 1   1755                      1505    250     1517
  SINCE JAN 1   2217                      1874    343     1910
..................................................................


WIND (MPH)
  HIGHEST WIND SPEED    13   HIGHEST WIND DIRECTION    SE (140)
  HIGHEST GUST SPEED    14   HIGHEST GUST DIRECTION    SE (150)
  AVERAGE WIND SPEED     6.4


SKY COVER
  POSSIBLE SUNSHINE  MM
  AVERAGE SKY COVER 0.0


WEATHER CONDITIONS
 THE FOLLOWING WEATHER WAS RECORDED YESTERDAY.
  NO SIGNIFICANT WEATHER WAS OBSERVED.


RELATIVE HUMIDITY (PERCENT)
 HIGHEST    79          1200 AM
 LOWEST     38           200 PM
 AVERAGE    59

..........................................................


THE TYLER CLIMATE NORMALS FOR TODAY
                         NORMAL    RECORD    YEAR
 MAXIMUM TEMPERATURE (F)   91       103      1963
 MINIMUM TEMPERATURE (F)   72        55      1986


SUNRISE AND SUNSET
AUGUST 29 2015........SUNRISE   655 AM CDT   SUNSET   750 PM CDT
AUGUST 30 2015........SUNRISE   655 AM CDT   SUNSET   749 PM CDT


-  INDICATES NEGATIVE NUMBERS.
R  INDICATES RECORD WAS SET OR TIED.
MM INDICATES DATA IS MISSING.
T  INDICATES TRACE AMOUNT.




$$
