000
CDUS44 KSHV 060947
CLITYR


CLIMATE REPORT
NATIONAL WEATHER SERVICE SHREVEPORT, LA
250 AM CST TUE DEC 6 2016


...................................

...THE TYLER CLIMATE SUMMARY FOR DECEMBER 5 2016...

CLIMATE NORMAL PERIOD 1981 TO 2010
CLIMATE RECORD PERIOD 1896 TO 2016


WEATHER ITEM   OBSERVED TIME   RECORD YEAR NORMAL DEPARTURE LAST
                VALUE   (LST)  VALUE       VALUE  FROM      YEAR
                                                  NORMAL
..................................................................
TEMPERATURE (F)
 YESTERDAY
  MAXIMUM         50    544 PM  81    1914  59     -9       62
  MINIMUM         47    901 AM  11    1897  40      7       34
  AVERAGE         49                        50     -1       48

PRECIPITATION (IN)
  YESTERDAY        0.19          1.84 1944   0.12   0.07     0.00
  MONTH TO DATE    1.71                      0.65   1.06     0.00
  SINCE DEC 1      1.71                      0.65   1.06     0.00
  SINCE JAN 1     35.73                     42.20  -6.47    58.28

SNOWFALL (IN)
  YESTERDAY       MM
  MONTH TO DATE    0.0
  SINCE DEC 1      0.0
  SINCE JUL 1      0.0
  SNOW DEPTH       0

DEGREE DAYS
 HEATING
  YESTERDAY       16                        16      0       17
  MONTH TO DATE   75                        76     -1       84
  SINCE DEC 1     75                        76     -1       84
  SINCE JUL 1    206                       450   -244      277

 COOLING
  YESTERDAY        0                         0      0        0
  MONTH TO DATE    0                         0      0        0
  SINCE DEC 1      0                         0      0        0
  SINCE JAN 1   3093                      2411    682     2983
..................................................................


WIND (MPH)
  HIGHEST WIND SPEED    17   HIGHEST WIND DIRECTION    NE (60)
  HIGHEST GUST SPEED    20   HIGHEST GUST DIRECTION     E (70)
  AVERAGE WIND SPEED     6.2


SKY COVER
  POSSIBLE SUNSHINE  MM
  AVERAGE SKY COVER 1.0


WEATHER CONDITIONS
 THE FOLLOWING WEATHER WAS RECORDED YESTERDAY.
  RAIN
  LIGHT RAIN
  FOG


RELATIVE HUMIDITY (PERCENT)
 HIGHEST   100           700 PM
 LOWEST     80          1200 AM
 AVERAGE    90

..........................................................


THE TYLER CLIMATE NORMALS FOR TODAY
                         NORMAL    RECORD    YEAR
 MAXIMUM TEMPERATURE (F)   59        82      1956
 MINIMUM TEMPERATURE (F)   40        13      1950


SUNRISE AND SUNSET
DECEMBER  6 2016......SUNRISE   709 AM CST   SUNSET   516 PM CST
DECEMBER  7 2016......SUNRISE   710 AM CST   SUNSET   516 PM CST


-  INDICATES NEGATIVE NUMBERS.
R  INDICATES RECORD WAS SET OR TIED.
MM INDICATES DATA IS MISSING.
T  INDICATES TRACE AMOUNT.




$$
