000
CDUS44 KSHV 030732
CLITYR


CLIMATE REPORT
NATIONAL WEATHER SERVICE SHREVEPORT, LA
232 AM CDT TUE MAY 3 2016


...................................

...THE TYLER CLIMATE SUMMARY FOR MAY 2 2016...

CLIMATE NORMAL PERIOD 1981 TO 2010
CLIMATE RECORD PERIOD 1896 TO 2016


WEATHER ITEM   OBSERVED TIME   RECORD YEAR NORMAL DEPARTURE LAST
                VALUE   (LST)  VALUE       VALUE  FROM      YEAR
                                                  NORMAL
..................................................................
TEMPERATURE (F)
 YESTERDAY
  MAXIMUM         69    209 PM  93    1943  79    -10       82
  MINIMUM         53   1159 PM  40    1976  59     -6       60
  AVERAGE         61                        69     -8       71

PRECIPITATION (IN)
  YESTERDAY        0.09          5.78 1944   0.16  -0.07     0.00
  MONTH TO DATE    0.09                      0.31  -0.22     0.00
  SINCE DEC 1     28.93                     18.71  10.22    24.50
  SINCE JAN 1     19.16                     14.47   4.69    23.03

SNOWFALL (IN)
  YESTERDAY        0.0
  MONTH TO DATE    0.0
  SINCE MAR 1      0.0
  SINCE JUL 1      0.0
  SNOW DEPTH       0

DEGREE DAYS
 HEATING
  YESTERDAY        4                         1      3        0
  MONTH TO DATE    4                         2      2        0
  SINCE MAR 1    150                       372   -222      307
  SINCE JUL 1   1459                      2264   -805     2194

 COOLING
  YESTERDAY        0                         5     -5        6
  MONTH TO DATE    6                        10     -4       11
  SINCE MAR 1    183                       110     73      184
  SINCE JAN 1    193                       122     71      184
..................................................................


WIND (MPH)
  HIGHEST WIND SPEED    20   HIGHEST WIND DIRECTION     N (350)
  HIGHEST GUST SPEED    27   HIGHEST GUST DIRECTION     N (350)
  AVERAGE WIND SPEED     9.7


SKY COVER
  POSSIBLE SUNSHINE  MM
  AVERAGE SKY COVER 0.7


WEATHER CONDITIONS
 THE FOLLOWING WEATHER WAS RECORDED YESTERDAY.
  THUNDERSTORM
  HEAVY RAIN
  LIGHT RAIN
  FOG


RELATIVE HUMIDITY (PERCENT)
 HIGHEST    83          1000 PM
 LOWEST     56           200 AM
 AVERAGE    70

..........................................................


THE TYLER CLIMATE NORMALS FOR TODAY
                         NORMAL    RECORD    YEAR
 MAXIMUM TEMPERATURE (F)   80        93      1943
 MINIMUM TEMPERATURE (F)   60        41      2013


SUNRISE AND SUNSET
MAY  3 2016...........SUNRISE   633 AM CDT   SUNSET   805 PM CDT
MAY  4 2016...........SUNRISE   632 AM CDT   SUNSET   805 PM CDT


-  INDICATES NEGATIVE NUMBERS.
R  INDICATES RECORD WAS SET OR TIED.
MM INDICATES DATA IS MISSING.
T  INDICATES TRACE AMOUNT.




$$
