000
CDUS44 KMRX 252219
CLITYS

CLIMATE REPORT
NATIONAL WEATHER SERVICE MORRISTOWN TN
517 PM EST TUE NOV 25 2014


...................................

...THE KNOXVILLE CLIMATE SUMMARY FOR NOVEMBER 25 2014...
VALID TODAY AS OF 500 PM LOCAL TIME.

CLIMATE NORMAL PERIOD 1981 TO 2010
CLIMATE RECORD PERIOD 1871 TO 2014


WEATHER ITEM   OBSERVED TIME   RECORD YEAR NORMAL DEPARTURE LAST
                VALUE   (LST)  VALUE       VALUE  FROM      YEAR
                                                  NORMAL
..................................................................
TEMPERATURE (F)
 TODAY
  MAXIMUM         58    238 PM  74    2010  57      1       38
                                      1908
                                      1896
  MINIMUM         39    837 AM   5    1950  36      3       27
  AVERAGE         49                        46      3       33

PRECIPITATION (IN)
  TODAY            0.00          3.17 1900   0.14  -0.14     0.10
  MONTH TO DATE    1.84                      3.22  -1.38     2.08
  SINCE SEP 1      7.91                      8.97  -1.06     7.41
  SINCE JAN 1     37.17                     42.57  -5.40    58.79

SNOWFALL (IN)
  TODAY            0.0                       0.0    0.0      0.0
  MONTH TO DATE    T                         0.0    0.0      0.0
  SINCE SEP 1      T                         0.0    0.0      0.0
  SINCE JUL 1      T                         0.0    0.0      0.0
  SNOW DEPTH       0

DEGREE DAYS
 HEATING
  TODAY           16                        19     -3       32
  MONTH TO DATE  538                       365    173      397
  SINCE SEP 1    716                       584    132      552
  SINCE JUL 1    716                       584    132      552

 COOLING
  TODAY            0                         0      0        0
  MONTH TO DATE    0                         0      0        0
  SINCE SEP 1    287                       242     45      258
  SINCE JAN 1   1486                      1523    -37     1445
..................................................................


WIND (MPH)
  HIGHEST WIND SPEED    13   HIGHEST WIND DIRECTION     W (270)
  HIGHEST GUST SPEED    17   HIGHEST GUST DIRECTION     W (290)
  AVERAGE WIND SPEED     3.5


SKY COVER
  POSSIBLE SUNSHINE  MM
  AVERAGE SKY COVER  MM


WEATHER CONDITIONS
 THE FOLLOWING WEATHER WAS RECORDED TODAY.
  HAZE


RELATIVE HUMIDITY (PERCENT)
 HIGHEST    76           700 AM
 LOWEST     32           400 PM
 AVERAGE    54

..........................................................


THE KNOXVILLE    ASOS CLIMATE NORMALS FOR TOMORROW
                         NORMAL    RECORD    YEAR
 MAXIMUM TEMPERATURE (F)   56        77      1946
 MINIMUM TEMPERATURE (F)   36        14      1950


SUNRISE AND SUNSET
NOVEMBER 25 2014......SUNRISE   722 AM EST   SUNSET   524 PM EST
NOVEMBER 26 2014......SUNRISE   723 AM EST   SUNSET   523 PM EST


-  INDICATES NEGATIVE NUMBERS.
R  INDICATES RECORD WAS SET OR TIED.
MM INDICATES DATA IS MISSING.
T  INDICATES TRACE AMOUNT.




$$
