063
CDUS44 KMRX 230814
CLITYS


CLIMATE REPORT
NATIONAL WEATHER SERVICE MORRISTOWN TN
414 AM EDT WED AUG 23 2017


...................................

...THE KNOXVILLE    ASOS CLIMATE SUMMARY FOR AUGUST 22 2017...

CLIMATE NORMAL PERIOD 1981 TO 2010
CLIMATE RECORD PERIOD 1871 TO 2017


WEATHER ITEM   OBSERVED TIME   RECORD YEAR NORMAL DEPARTURE LAST
                VALUE   (LST)  VALUE       VALUE  FROM      YEAR
                                                  NORMAL
..................................................................
TEMPERATURE (F)
 YESTERDAY
  MAXIMUM         91    344 PM  99    2007  88      3       84
                                      1983
                                      1968
  MINIMUM         71    621 AM  53    1956  67      4       64
  AVERAGE         81                        78      3       74

PRECIPITATION (IN)
  YESTERDAY        0.00          3.02 1969   0.10  -0.10     0.00
  MONTH TO DATE    5.00                      2.47   2.53     2.23
  SINCE JUN 1     12.44                     11.36   1.08    11.46
  SINCE JAN 1     36.57                     32.80   3.77    30.72

SNOWFALL (IN)
  YESTERDAY        0.0                       0.0    0.0      0.0
  MONTH TO DATE    0.0                       0.0    0.0      0.0
  SINCE JUN 1      0.0                       0.0    0.0      0.0
  SINCE JUL 1      0.0                       0.0    0.0      0.0
  SNOW DEPTH       0

DEGREE DAYS
 HEATING
  YESTERDAY        0                         0      0        0
  MONTH TO DATE    0                         0      0        0
  SINCE JUN 1      0                         4     -4        0
  SINCE JUL 1      0                         0      0        0

 COOLING
  YESTERDAY       16                        13      3        9
  MONTH TO DATE  271                       286    -15      368
  SINCE JUN 1    960                      1008    -48     1292
  SINCE JAN 1   1208                      1170     38     1503
..................................................................


WIND (MPH)
  HIGHEST WIND SPEED    16   HIGHEST WIND DIRECTION    SW (240)
  HIGHEST GUST SPEED    24   HIGHEST GUST DIRECTION    SW (220)
  AVERAGE WIND SPEED     7.2


SKY COVER
  POSSIBLE SUNSHINE  MM
  AVERAGE SKY COVER 0.4


WEATHER CONDITIONS
 THE FOLLOWING WEATHER WAS RECORDED YESTERDAY.
  NO SIGNIFICANT WEATHER WAS OBSERVED.


RELATIVE HUMIDITY (PERCENT)
 HIGHEST    93           700 AM
 LOWEST     41           300 PM
 AVERAGE    67

..........................................................


THE KNOXVILLE    ASOS CLIMATE NORMALS FOR TODAY
                         NORMAL    RECORD    YEAR
 MAXIMUM TEMPERATURE (F)   88       102      2007
 MINIMUM TEMPERATURE (F)   67        54      1930


SUNRISE AND SUNSET
AUGUST 23 2017........SUNRISE   701 AM EDT   SUNSET   815 PM EDT
AUGUST 24 2017........SUNRISE   702 AM EDT   SUNSET   814 PM EDT


-  INDICATES NEGATIVE NUMBERS.
R  INDICATES RECORD WAS SET OR TIED.
MM INDICATES DATA IS MISSING.
T  INDICATES TRACE AMOUNT.




$$
