000
CDUS44 KMRX 171246
CLITYS

CLIMATE REPORT
NATIONAL WEATHER SERVICE MORRISTOWN TN
846 AM EDT WED SEP 17 2014


...................................

...THE KNOXVILLE CLIMATE SUMMARY FOR SEPTEMBER 16 2014...

CLIMATE NORMAL PERIOD 1981 TO 2010
CLIMATE RECORD PERIOD 1871 TO 2014


WEATHER ITEM   OBSERVED TIME   RECORD YEAR NORMAL DEPARTURE LAST
                VALUE   (LST)  VALUE       VALUE  FROM      YEAR
                                                  NORMAL
..................................................................
TEMPERATURE (F)
 YESTERDAY
  MAXIMUM         81    205 PM  96    1927  82     -1       84
  MINIMUM         67   1159 PM  43    1985  60      7       61
  AVERAGE         74                        71      3       73

PRECIPITATION (IN)
  YESTERDAY        0.00          2.46 1962   0.11  -0.11     0.00
  MONTH TO DATE    0.15                      1.71  -1.56     1.62
  SINCE SEP 1      0.15                      1.71  -1.56     1.62
  SINCE JAN 1     29.41                     35.31  -5.90    53.00

SNOWFALL (IN)
  YESTERDAY        0.0                       0.0    0.0      0.0
  MONTH TO DATE    0.0                       0.0    0.0      0.0
  SINCE SEP 1      0.0                       0.0    0.0      0.0
  SINCE JUL 1      0.0                       0.0    0.0      0.0
  SNOW DEPTH       0

DEGREE DAYS
 HEATING
  YESTERDAY        0                         1     -1        0
  MONTH TO DATE    0                         1     -1        1
  SINCE SEP 1      0                         1     -1        1
  SINCE JUL 1      0                         1     -1        1

 COOLING
  YESTERDAY        9                         7      2        8
  MONTH TO DATE  180                       142     38      151
  SINCE SEP 1    180                       142     38      151
  SINCE JAN 1   1379                      1423    -44     1338
..................................................................


WIND (MPH)
  HIGHEST WIND SPEED    14   HIGHEST WIND DIRECTION    SW (230)
  HIGHEST GUST SPEED    17   HIGHEST GUST DIRECTION    NW (310)
  AVERAGE WIND SPEED     6.6


SKY COVER
  POSSIBLE SUNSHINE  MM
  AVERAGE SKY COVER  MM


WEATHER CONDITIONS
 THE FOLLOWING WEATHER WAS RECORDED YESTERDAY.
  FOG
  HAZE


RELATIVE HUMIDITY (PERCENT)
 HIGHEST   100           200 AM
 LOWEST     58           200 PM
 AVERAGE    79

..........................................................


THE KNOXVILLE CLIMATE NORMALS FOR TODAY
                         NORMAL    RECORD    YEAR
 MAXIMUM TEMPERATURE (F)   82        95      1931
                                             1927
 MINIMUM TEMPERATURE (F)   60        45      1985


SUNRISE AND SUNSET
SEPTEMBER 17 2014.....SUNRISE   720 AM EDT   SUNSET   740 PM EDT
SEPTEMBER 18 2014.....SUNRISE   721 AM EDT   SUNSET   739 PM EDT


-  INDICATES NEGATIVE NUMBERS.
R  INDICATES RECORD WAS SET OR TIED.
MM INDICATES DATA IS MISSING.
T  INDICATES TRACE AMOUNT.
&&

THE LOW TEMPERATURE SINCE MIDNIGHT HAS BEEN 60 DEGREES.
THERE HAS BEEN NO PRECIPITATION SINCE MIDNIGHT.



$$
