000
CDUS44 KMRX 282139
CLITYS


CLIMATE REPORT
NATIONAL WEATHER SERVICE MORRISTOWN TN
537 PM EDT WED SEP 28 2016


...................................

...THE KNOXVILLE    ASOS CLIMATE SUMMARY FOR SEPTEMBER 28 2016...
VALID TODAY AS OF 0500 PM LOCAL TIME.

CLIMATE NORMAL PERIOD 1981 TO 2010
CLIMATE RECORD PERIOD 1871 TO 2016


WEATHER ITEM   OBSERVED TIME   RECORD YEAR NORMAL DEPARTURE LAST
                VALUE   (LST)  VALUE       VALUE  FROM      YEAR
                                                  NORMAL
..................................................................
TEMPERATURE (F)
 TODAY
  MAXIMUM         82    346 PM  93    1939  77      5       83
  MINIMUM         55    704 AM  37    1985  55      0       67
  AVERAGE         69                        66      3       75

PRECIPITATION (IN)
  TODAY            0.00          1.78 1872   0.11  -0.11      T
  MONTH TO DATE    1.42                      3.02  -1.60     1.19
  SINCE SEP 1      1.42                      3.02  -1.60     1.19
  SINCE JAN 1     32.24                     36.62  -4.38    34.11

SNOWFALL (IN)
  TODAY            0.0                       0.0    0.0      0.0
  MONTH TO DATE    0.0                       0.0    0.0      0.0
  SINCE SEP 1      0.0                       0.0    0.0      0.0
  SINCE JUL 1      0.0                       0.0    0.0      0.0
  SNOW DEPTH       0

DEGREE DAYS
 HEATING
  TODAY            0                         2     -2        0
  MONTH TO DATE    0                        17    -17       10
  SINCE SEP 1      0                        17    -17       10
  SINCE JUL 1      0                        17    -17       10

 COOLING
  TODAY            4                         3      1       10
  MONTH TO DATE  362                       199    163      220
  SINCE SEP 1    362                       199    163      220
  SINCE JAN 1   2012                      1480    532     1642
..................................................................


WIND (MPH)
  HIGHEST WIND SPEED    16   HIGHEST WIND DIRECTION    SW (240)
  HIGHEST GUST SPEED    23   HIGHEST GUST DIRECTION     S (200)
  AVERAGE WIND SPEED     4.0


SKY COVER
  POSSIBLE SUNSHINE  MM
  AVERAGE SKY COVER 0.2


WEATHER CONDITIONS
 THE FOLLOWING WEATHER WAS RECORDED TODAY.
  NO SIGNIFICANT WEATHER WAS OBSERVED.


RELATIVE HUMIDITY (PERCENT)
 HIGHEST    86           500 AM
 LOWEST     21           100 PM
 AVERAGE    54

..........................................................


THE KNOXVILLE    ASOS CLIMATE NORMALS FOR TOMORROW
                         NORMAL    RECORD    YEAR
 MAXIMUM TEMPERATURE (F)   77        92      1904
 MINIMUM TEMPERATURE (F)   55        37      1942


SUNRISE AND SUNSET
SEPTEMBER 28 2016.....SUNRISE   729 AM EDT   SUNSET   723 PM EDT
SEPTEMBER 29 2016.....SUNRISE   730 AM EDT   SUNSET   722 PM EDT


-  INDICATES NEGATIVE NUMBERS.
R  INDICATES RECORD WAS SET OR TIED.
MM INDICATES DATA IS MISSING.
T  INDICATES TRACE AMOUNT.




$$
