000
CDUS44 KMRX 050817 RRA
CLITYS

CLIMATE REPORT
NATIONAL WEATHER SERVICE MORRISTOWN TN
416 AM EDT SUN JUL 5 2015


...................................

...THE KNOXVILLE CLIMATE SUMMARY FOR JULY 4 2015...

CLIMATE NORMAL PERIOD 1981 TO 2010
CLIMATE RECORD PERIOD 1871 TO 2015


WEATHER ITEM   OBSERVED TIME   RECORD YEAR NORMAL DEPARTURE LAST
                VALUE   (LST)  VALUE       VALUE  FROM      YEAR
                                                  NORMAL
..................................................................
TEMPERATURE (F)
 YESTERDAY
  MAXIMUM         78    549 PM  97    1993  88    -10       82
  MINIMUM         68    533 AM  56    1996  68      0       61
  AVERAGE         73                        78     -5       72

PRECIPITATION (IN)
  YESTERDAY        0.24          2.18 1943   0.17   0.07     0.00
  MONTH TO DATE    1.81                      0.68   1.13     0.00
  SINCE JUN 1      7.10                      4.49   2.61     4.55
  SINCE JAN 1     24.58                     25.93  -1.35    20.58

SNOWFALL (IN)
  YESTERDAY        0.0                       0.0    0.0      0.0
  MONTH TO DATE    0.0                       0.0    0.0      0.0
  SINCE JUN 1      0.0                       0.0    0.0      0.0
  SINCE JUL 1      0.0                       0.0    0.0      0.0
  SNOW DEPTH       0

DEGREE DAYS
 HEATING
  YESTERDAY        0                         0      0        0
  MONTH TO DATE    0                         0      0        0
  SINCE JUN 1      0                         4     -4        0
  SINCE JUL 1      0                         0      0        0

 COOLING
  YESTERDAY        8                        13     -5        7
  MONTH TO DATE   32                        52    -20       50
  SINCE JUN 1    431                       357     74      380
  SINCE JAN 1    665                       519    146      585
..................................................................


WIND (MPH)
  HIGHEST WIND SPEED    17   HIGHEST WIND DIRECTION    SW (230)
  HIGHEST GUST SPEED    22   HIGHEST GUST DIRECTION    SW (240)
  AVERAGE WIND SPEED     9.8


SKY COVER
  POSSIBLE SUNSHINE  MM
  AVERAGE SKY COVER 0.9


WEATHER CONDITIONS
 THE FOLLOWING WEATHER WAS RECORDED YESTERDAY.
  HEAVY RAIN
  RAIN
  LIGHT RAIN
  FOG
  HAZE


RELATIVE HUMIDITY (PERCENT)
 HIGHEST    93           500 AM
 LOWEST     69           400 PM
 AVERAGE    81

..........................................................


THE KNOXVILLE    ASOS CLIMATE NORMALS FOR TODAY
                         NORMAL    RECORD    YEAR
 MAXIMUM TEMPERATURE (F)   88        99      2012
                                             1948
 MINIMUM TEMPERATURE (F)   68        54      1967


SUNRISE AND SUNSET
JULY  5 2015..........SUNRISE   625 AM EDT   SUNSET   856 PM EDT
JULY  6 2015..........SUNRISE   626 AM EDT   SUNSET   855 PM EDT


-  INDICATES NEGATIVE NUMBERS.
R  INDICATES RECORD WAS SET OR TIED.
MM INDICATES DATA IS MISSING.
T  INDICATES TRACE AMOUNT.




$$
