000
CDUS44 KMRX 021241
CLITYS

CLIMATE REPORT NATIONAL WEATHER SERVICE MORRISTOWN TN
841 AM EDT THU OCT 2 2014

...................................

...THE KNOXVILLE  CLIMATE SUMMARY FOR OCTOBER 1 2014...

CLIMATE NORMAL PERIOD 1981 TO 2010
CLIMATE RECORD PERIOD 1871 TO 2014


WEATHER ITEM   OBSERVED TIME   RECORD YEAR NORMAL DEPARTURE LAST
                VALUE   (LST)  VALUE       VALUE  FROM      YEAR
                                                  NORMAL
..................................................................
TEMPERATURE (F)
 YESTERDAY
  MAXIMUM         84        MM  92    1884  76      8       79
  MINIMUM         55        MM  36    1924  54      1       56
                                      1895
                                      1876
  AVERAGE         70                        65      5       68

PRECIPITATION (IN)
  YESTERDAY        0.00          1.85 1973   0.09  -0.09     0.00
  MONTH TO DATE    0.00                      0.09  -0.09     0.00
  SINCE SEP 1      0.19                      3.33  -3.14     4.42
  SINCE JAN 1     29.45                     36.93  -7.48    55.80

SNOWFALL (IN)
  YESTERDAY        0.0                       0.0    0.0      0.0
  MONTH TO DATE    0.0                       0.0    0.0      0.0
  SINCE SEP 1      0.0                       0.0    0.0      0.0
  SINCE JUL 1      0.0                       0.0    0.0      0.0
  SNOW DEPTH       0

DEGREE DAYS
 HEATING
  YESTERDAY        0                         3     -3        0
  MONTH TO DATE    0                         3     -3        0
  SINCE SEP 1      1                        26    -25        1
  SINCE JUL 1      1                        26    -25        1

 COOLING
  YESTERDAY        5                         3      2        3
  MONTH TO DATE    5                         3      2        3
  SINCE SEP 1    256                       209     47      201
  SINCE JAN 1   1455                      1490    -35     1388
..................................................................


WIND (MPH)
  HIGHEST WIND SPEED     6   HIGHEST WIND DIRECTION     E (99)
  HIGHEST GUST SPEED    MM   HIGHEST GUST DIRECTION    MM
  AVERAGE WIND SPEED     1.4


SKY COVER
  POSSIBLE SUNSHINE  MM
  AVERAGE SKY COVER  MM


WEATHER CONDITIONS
 THE FOLLOWING WEATHER WAS RECORDED YESTERDAY.
  FOG
  HAZE


RELATIVE HUMIDITY (PERCENT)
 HIGHEST   100           700 AM
 LOWEST     34           500 PM
 AVERAGE    67

..........................................................


THE KNOXVILLE    ASOS CLIMATE NORMALS FOR TODAY
                         NORMAL    RECORD    YEAR
 MAXIMUM TEMPERATURE (F)   76        93      1884
 MINIMUM TEMPERATURE (F)   54        36      1946
                                             1895


SUNRISE AND SUNSET
OCTOBER  2 2014.......SUNRISE   732 AM EDT   SUNSET   718 PM EDT
OCTOBER  3 2014.......SUNRISE   732 AM EDT   SUNSET   717 PM EDT


-  INDICATES NEGATIVE NUMBERS.
R  INDICATES RECORD WAS SET OR TIED.
MM INDICATES DATA IS MISSING.
T  INDICATES TRACE AMOUNT.

&&

THE LOW TEMPERATURE THIS MORNING WAS 55.
THERE HAS BEEN NO PRECIPITATION SINCE MIDNIGHT.


$$
