000
CDUS43 KLOT 280639
CLIUGN


CLIMATE REPORT
NATIONAL WEATHER SERVICE CHICAGO IL
1237 AM CST WED JAN 28 2015


...................................

...THE WAUKEGAN   CLIMATE SUMMARY FOR JANUARY 27 2015...

CLIMATE NORMAL PERIOD 1981 TO 2010
CLIMATE RECORD PERIOD 2000 TO 2015


WEATHER ITEM   OBSERVED TIME   RECORD YEAR NORMAL DEPARTURE LAST
                VALUE   (LST)  VALUE       VALUE  FROM      YEAR
                                                  NORMAL
..................................................................
TEMPERATURE (F)
 YESTERDAY
  MAXIMUM         29    308 PM  60    2002  30     -1        6
  MINIMUM         15    854 PM -10    2014  15      0      -10
  AVERAGE         22

PRECIPITATION (IN)
  YESTERDAY        0.00          T    2012   0.05  -0.05     0.00
  MONTH TO DATE    0.54                      1.19  -0.65     1.07
  SINCE DEC 1      1.34                      3.19  -1.85     1.63
  SINCE JAN 1      0.54                      1.19  -0.65     1.07

DEGREE DAYS
 HEATING
  YESTERDAY       43                        43      0       67
  MONTH TO DATE 1195                      1134     61     1375
  SINCE DEC 1   2242                      2298    -56     2751
  SINCE JUL 1   3905                      3683    222     4263

 COOLING
  YESTERDAY        0                         0      0        0
  MONTH TO DATE    0                         0      0        0
  SINCE DEC 1      0                         0      0        0
  SINCE JAN 1      0                         0      0        0
..................................................................


WIND (MPH)
  RESULTANT WIND SPEED   4   RESULTANT WIND DIRECTION   N (20)
  HIGHEST WIND SPEED    12   HIGHEST WIND DIRECTION    NE (30)
  HIGHEST GUST SPEED    15   HIGHEST GUST DIRECTION     N (20)
  AVERAGE WIND SPEED     4.4


SKY COVER
  POSSIBLE SUNSHINE  MM
  AVERAGE SKY COVER 0.6


WEATHER CONDITIONS
 THE FOLLOWING WEATHER WAS RECORDED YESTERDAY.
  FOG


RELATIVE HUMIDITY (PERCENT)
 HIGHEST    92
 LOWEST     58
 AVERAGE    75

..........................................................


THE WAUKEGAN   CLIMATE NORMALS FOR TODAY
                         NORMAL    RECORD    YEAR
 MAXIMUM TEMPERATURE (F)   30        48      2006
 MINIMUM TEMPERATURE (F)   15       -13      2014


SUNRISE AND SUNSET
JANUARY 28 2015.......SUNRISE   709 AM CST   SUNSET   500 PM CST
JANUARY 29 2015.......SUNRISE   708 AM CST   SUNSET   501 PM CST


-  INDICATES NEGATIVE NUMBERS.
R  INDICATES RECORD WAS SET OR TIED.
MM INDICATES DATA IS MISSING.
T  INDICATES TRACE AMOUNT.




$$
