000
CDUS43 KLOT 250632
CLIUGN


CLIMATE REPORT
NATIONAL WEATHER SERVICE CHICAGO IL
132 AM CDT SAT OCT 25 2014


...................................

...THE WAUKEGAN   CLIMATE SUMMARY FOR OCTOBER 24 2014...

CLIMATE NORMAL PERIOD 1981 TO 2010
CLIMATE RECORD PERIOD 2000 TO 2014


WEATHER ITEM   OBSERVED TIME   RECORD YEAR NORMAL DEPARTURE LAST
                VALUE   (LST)  VALUE       VALUE  FROM      YEAR
                                                  NORMAL
..................................................................
TEMPERATURE (F)
 YESTERDAY
  MAXIMUM         62   1240 PM  76    2012  57      5       43
  MINIMUM         43    421 AM  25    2006  40      3       31
  AVERAGE         53

PRECIPITATION (IN)
  YESTERDAY        0.01          0.98 2001   0.10  -0.09     0.00
  MONTH TO DATE    3.47                      2.27   1.20     0.84
  SINCE SEP 1      7.14                      5.73   1.41     3.41
  SINCE JAN 1     30.09                     30.18  -0.09    25.25

DEGREE DAYS
 HEATING
  YESTERDAY       12                        16     -4       28
  MONTH TO DATE  355                       317     38      321
  SINCE SEP 1    532                       455     77      460
  SINCE JUL 1    575                       483     92      499

 COOLING
  YESTERDAY        0                         0      0        0
  MONTH TO DATE    2                         7     -5        7
  SINCE SEP 1     53                        62     -9      100
  SINCE JAN 1    424                       564   -140      590
..................................................................


WIND (MPH)
  RESULTANT WIND SPEED   1   RESULTANT WIND DIRECTION   S (170)
  HIGHEST WIND SPEED     9   HIGHEST WIND DIRECTION    SE (120)
  HIGHEST GUST SPEED    12   HIGHEST GUST DIRECTION    SE (150)
  AVERAGE WIND SPEED     2.9


SKY COVER
  POSSIBLE SUNSHINE  MM
  AVERAGE SKY COVER 0.6


WEATHER CONDITIONS
 THE FOLLOWING WEATHER WAS RECORDED YESTERDAY.
  FOG
  HAZE


RELATIVE HUMIDITY (PERCENT)
 HIGHEST   100
 LOWEST     72
 AVERAGE    86

..........................................................


THE WAUKEGAN   CLIMATE NORMALS FOR TODAY
                         NORMAL    RECORD    YEAR
 MAXIMUM TEMPERATURE (F)   57        74      2012
 MINIMUM TEMPERATURE (F)   40        23      2006


SUNRISE AND SUNSET
OCTOBER 25 2014.......SUNRISE   716 AM CDT   SUNSET   554 PM CDT
OCTOBER 26 2014.......SUNRISE   717 AM CDT   SUNSET   553 PM CDT


-  INDICATES NEGATIVE NUMBERS.
R  INDICATES RECORD WAS SET OR TIED.
MM INDICATES DATA IS MISSING.
T  INDICATES TRACE AMOUNT.




$$
