000
CDUS43 KLOT 230635
CLIUGN


CLIMATE REPORT
NATIONAL WEATHER SERVICE CHICAGO IL
133 AM CDT SAT JUL 23 2016


...................................

...THE WAUKEGAN   CLIMATE SUMMARY FOR JULY 22 2016...

CLIMATE NORMAL PERIOD 1981 TO 2010
CLIMATE RECORD PERIOD 2000 TO 2016


WEATHER ITEM   OBSERVED TIME   RECORD YEAR NORMAL DEPARTURE LAST
                VALUE   (LST)  VALUE       VALUE  FROM      YEAR
                                                  NORMAL
..................................................................
TEMPERATURE (F)
 YESTERDAY
  MAXIMUM         92R   308 PM  90    2010  80     12       79
  MINIMUM         70    522 AM  50    2007  62      8       59
  AVERAGE         81

PRECIPITATION (IN)
  YESTERDAY        0.00          3.42 2011   0.13  -0.13     0.00
  MONTH TO DATE    1.07                      2.81  -1.74     4.29
  SINCE JUN 1      2.42                      6.69  -4.27     8.55
  SINCE JAN 1     14.36                     19.55  -5.19    17.95

DEGREE DAYS
 HEATING
  YESTERDAY        0                         0      0        0
  MONTH TO DATE   10                         3      7       45
  SINCE JUN 1     50                        89    -39      148
  SINCE JUL 1     10                         3      7       45

 COOLING
  YESTERDAY       16                         7      9        4
  MONTH TO DATE  178                       151     27       86
  SINCE JUN 1    309                       256     53      140
  SINCE JAN 1    353                       281     72      165
..................................................................


WIND (MPH)
  RESULTANT WIND SPEED   1   RESULTANT WIND DIRECTION  SE (130)
  HIGHEST WIND SPEED    13   HIGHEST WIND DIRECTION    NW (310)
  HIGHEST GUST SPEED    16   HIGHEST GUST DIRECTION     W (290)
  AVERAGE WIND SPEED     3.6


SKY COVER
  POSSIBLE SUNSHINE  MM
  AVERAGE SKY COVER 0.1


WEATHER CONDITIONS
 THE FOLLOWING WEATHER WAS RECORDED YESTERDAY.
  NO SIGNIFICANT WEATHER WAS OBSERVED.


RELATIVE HUMIDITY (PERCENT)
 HIGHEST    97
 LOWEST     52
 AVERAGE    75

..........................................................


THE WAUKEGAN   CLIMATE NORMALS FOR TODAY
                         NORMAL    RECORD    YEAR
 MAXIMUM TEMPERATURE (F)   80        96      2012
 MINIMUM TEMPERATURE (F)   62        51      2004
                                             2000


SUNRISE AND SUNSET
JULY 23 2016..........SUNRISE   535 AM CDT   SUNSET   820 PM CDT
JULY 24 2016..........SUNRISE   536 AM CDT   SUNSET   819 PM CDT


-  INDICATES NEGATIVE NUMBERS.
R  INDICATES RECORD WAS SET OR TIED.
MM INDICATES DATA IS MISSING.
T  INDICATES TRACE AMOUNT.




$$
