000
CDUS43 KLOT 200637
CLIUGN


CLIMATE REPORT
NATIONAL WEATHER SERVICE CHICAGO IL
136 AM CDT WED AUG 20 2014


...................................

...THE WAUKEGAN   CLIMATE SUMMARY FOR AUGUST 19 2014...

CLIMATE NORMAL PERIOD 1981 TO 2010
CLIMATE RECORD PERIOD 2000 TO 2014


WEATHER ITEM   OBSERVED TIME   RECORD YEAR NORMAL DEPARTURE LAST
                VALUE   (LST)  VALUE       VALUE  FROM      YEAR
                                                  NORMAL
..................................................................
TEMPERATURE (F)
 YESTERDAY
  MAXIMUM         83    447 PM  85    2010  79      4       84
  MINIMUM         65   1108 PM  51    2004  61      4       57
  AVERAGE         74

PRECIPITATION (IN)
  YESTERDAY        0.44          1.54 2007   0.12   0.32     0.00
  MONTH TO DATE    1.86                      2.41  -0.55     0.95
  SINCE JUN 1     10.26                     10.17   0.09     7.57
  SINCE JAN 1     21.10                     23.03  -1.93    21.43

DEGREE DAYS
 HEATING
  YESTERDAY        0                         0      0        0
  MONTH TO DATE    9                         0      9       12
  SINCE JUN 1    116                        98     18      136
  SINCE JUL 1     43                        12     31       39

 COOLING
  YESTERDAY        9                         5      4        6
  MONTH TO DATE   73                       112    -39       46
  SINCE JUN 1    257                       422   -165      323
  SINCE JAN 1    280                       447   -167      370
..................................................................


WIND (MPH)
  RESULTANT WIND SPEED   6   RESULTANT WIND DIRECTION  SW (210)
  HIGHEST WIND SPEED    20   HIGHEST WIND DIRECTION    SW (220)
  HIGHEST GUST SPEED    25   HIGHEST GUST DIRECTION    SW (210)
  AVERAGE WIND SPEED     7.4


SKY COVER
  POSSIBLE SUNSHINE  MM
  AVERAGE SKY COVER 0.4


WEATHER CONDITIONS
 THE FOLLOWING WEATHER WAS RECORDED YESTERDAY.
  THUNDERSTORM
  HEAVY RAIN
  RAIN
  LIGHT RAIN
  FOG
  HAZE


RELATIVE HUMIDITY (PERCENT)
 HIGHEST    93
 LOWEST     51
 AVERAGE    72

..........................................................


THE WAUKEGAN   CLIMATE NORMALS FOR TODAY
                         NORMAL    RECORD    YEAR
 MAXIMUM TEMPERATURE (F)   79        92      2010
 MINIMUM TEMPERATURE (F)   61        51      2000


SUNRISE AND SUNSET
AUGUST 20 2014........SUNRISE   604 AM CDT   SUNSET   745 PM CDT
AUGUST 21 2014........SUNRISE   605 AM CDT   SUNSET   744 PM CDT


-  INDICATES NEGATIVE NUMBERS.
R  INDICATES RECORD WAS SET OR TIED.
MM INDICATES DATA IS MISSING.
T  INDICATES TRACE AMOUNT.




$$
