000
CDUS43 KLOT 260634
CLIUGN


CLIMATE REPORT
NATIONAL WEATHER SERVICE CHICAGO IL
1233 AM CST FRI DEC 26 2014


...................................

...THE WAUKEGAN   CLIMATE SUMMARY FOR DECEMBER 25 2014...

CLIMATE NORMAL PERIOD 1981 TO 2010
CLIMATE RECORD PERIOD 2000 TO 2014


WEATHER ITEM   OBSERVED TIME   RECORD YEAR NORMAL DEPARTURE LAST
                VALUE   (LST)  VALUE       VALUE  FROM      YEAR
                                                  NORMAL
..................................................................
TEMPERATURE (F)
 YESTERDAY
  MAXIMUM         42    248 PM  44    2011  33      9       24
  MINIMUM         33    919 AM  -6    2000  18     15       16
  AVERAGE         38

PRECIPITATION (IN)
  YESTERDAY        0.00          1.07 2009   0.05  -0.05      T
  MONTH TO DATE    0.80                      1.73  -0.93     0.56
  SINCE DEC 1      0.80                      1.73  -0.93     0.56
  SINCE JAN 1     32.18                     35.32  -3.14    28.74

DEGREE DAYS
 HEATING
  YESTERDAY       27                        39    -12       45
  MONTH TO DATE  812                       923   -111     1096
  SINCE DEC 1    812                       923   -111     1096
  SINCE JUL 1   2475                      2308    167     2608

 COOLING
  YESTERDAY        0                         0      0        0
  MONTH TO DATE    0                         0      0        0
  SINCE DEC 1      0                         0      0        0
  SINCE JAN 1    424                       564   -140      590
..................................................................


WIND (MPH)
  RESULTANT WIND SPEED  11   RESULTANT WIND DIRECTION  SW (210)
  HIGHEST WIND SPEED    23   HIGHEST WIND DIRECTION    SW (210)
  HIGHEST GUST SPEED    30   HIGHEST GUST DIRECTION     S (200)
  AVERAGE WIND SPEED    13.2


SKY COVER
  POSSIBLE SUNSHINE  MM
  AVERAGE SKY COVER 0.5


WEATHER CONDITIONS
 THE FOLLOWING WEATHER WAS RECORDED YESTERDAY.
  NO SIGNIFICANT WEATHER WAS OBSERVED.


RELATIVE HUMIDITY (PERCENT)
 HIGHEST    82
 LOWEST     64
 AVERAGE    73

..........................................................


THE WAUKEGAN   CLIMATE NORMALS FOR TODAY
                         NORMAL    RECORD    YEAR
 MAXIMUM TEMPERATURE (F)   32        53      2008
 MINIMUM TEMPERATURE (F)   18         8      2000


SUNRISE AND SUNSET
DECEMBER 26 2014......SUNRISE   720 AM CST   SUNSET   425 PM CST
DECEMBER 27 2014......SUNRISE   720 AM CST   SUNSET   425 PM CST


-  INDICATES NEGATIVE NUMBERS.
R  INDICATES RECORD WAS SET OR TIED.
MM INDICATES DATA IS MISSING.
T  INDICATES TRACE AMOUNT.




$$
