000
CDUS43 KLOT 180633
CLIUGN


CLIMATE REPORT
NATIONAL WEATHER SERVICE CHICAGO IL
133 AM CDT WED OCT 18 2017


...................................

...THE WAUKEGAN   CLIMATE SUMMARY FOR OCTOBER 17 2017...

CLIMATE NORMAL PERIOD 1981 TO 2010
CLIMATE RECORD PERIOD 2000 TO 2017


WEATHER ITEM   OBSERVED TIME   RECORD YEAR NORMAL DEPARTURE LAST
                VALUE   (LST)  VALUE       VALUE  FROM      YEAR
                                                  NORMAL
..................................................................
TEMPERATURE (F)
 YESTERDAY
  MAXIMUM         72    122 PM  81    2016  60     12       81
  MINIMUM         46    117 AM  29    2015  42      4       64
  AVERAGE         59                        51      8       73

PRECIPITATION (IN)
  YESTERDAY        0.00          0.47 2006   0.07  -0.07     0.00
  MONTH TO DATE    4.39                      1.63   2.76     1.33
  SINCE SEP 1      4.82                      5.09  -0.27     3.44
  SINCE JAN 1     33.66                     29.54   4.12    22.75

DEGREE DAYS
 HEATING
  YESTERDAY        6                        14     -8        0
  MONTH TO DATE   80                       209   -129      103
  SINCE SEP 1    183                       347   -164      135
  SINCE JUL 1    205                       375   -170      146

 COOLING
  YESTERDAY        0                         0      0        8
  MONTH TO DATE   18                         7     11       12
  SINCE SEP 1    121                        62     59      137
  SINCE JAN 1    567                       564      3      852
..................................................................


WIND (MPH)
  RESULTANT WIND SPEED  12   RESULTANT WIND DIRECTION  SW (220)
  HIGHEST WIND SPEED    23   HIGHEST WIND DIRECTION    SW (220)
  HIGHEST GUST SPEED    31   HIGHEST GUST DIRECTION    SW (220)
  AVERAGE WIND SPEED    11.9


SKY COVER
  POSSIBLE SUNSHINE  MM
  AVERAGE SKY COVER 0.0


WEATHER CONDITIONS
 THE FOLLOWING WEATHER WAS RECORDED YESTERDAY.
  NO SIGNIFICANT WEATHER WAS OBSERVED.


RELATIVE HUMIDITY (PERCENT)
 HIGHEST    76
 LOWEST     35
 AVERAGE    56

..........................................................


THE WAUKEGAN   CLIMATE NORMALS FOR TODAY
                         NORMAL    RECORD    YEAR
 MAXIMUM TEMPERATURE (F)   59        77      2007
 MINIMUM TEMPERATURE (F)   42        30      2015
                                             2009


SUNRISE AND SUNSET
OCTOBER 18 2017.......SUNRISE   708 AM CDT   SUNSET   604 PM CDT
OCTOBER 19 2017.......SUNRISE   709 AM CDT   SUNSET   603 PM CDT


-  INDICATES NEGATIVE NUMBERS.
R  INDICATES RECORD WAS SET OR TIED.
MM INDICATES DATA IS MISSING.
T  INDICATES TRACE AMOUNT.




$$
