000
CDUS43 KLOT 230631
CLIUGN


CLIMATE REPORT
NATIONAL WEATHER SERVICE CHICAGO IL
131 AM CDT THU OCT 23 2014


...................................

...THE WAUKEGAN   CLIMATE SUMMARY FOR OCTOBER 22 2014...

CLIMATE NORMAL PERIOD 1981 TO 2010
CLIMATE RECORD PERIOD 2000 TO 2014


WEATHER ITEM   OBSERVED TIME   RECORD YEAR NORMAL DEPARTURE LAST
                VALUE   (LST)  VALUE       VALUE  FROM      YEAR
                                                  NORMAL
..................................................................
TEMPERATURE (F)
 YESTERDAY
  MAXIMUM         52   1212 PM  66    2007  58     -6       43
  MINIMUM         31   1056 PM  28    2013  41    -10       28
  AVERAGE         42

PRECIPITATION (IN)
  YESTERDAY        0.00          1.54 2009   0.10  -0.10     0.00
  MONTH TO DATE    3.46                      2.07   1.39     0.84
  SINCE SEP 1      7.13                      5.53   1.60     3.41
  SINCE JAN 1     30.08                     29.98   0.10    25.25

DEGREE DAYS
 HEATING
  YESTERDAY       23                        16      7       29
  MONTH TO DATE  324                       285     39      265
  SINCE SEP 1    501                       423     78      404
  SINCE JUL 1    544                       451     93      443

 COOLING
  YESTERDAY        0                         0      0        0
  MONTH TO DATE    2                         7     -5        7
  SINCE SEP 1     53                        62     -9      100
  SINCE JAN 1    424                       564   -140      590
..................................................................


WIND (MPH)
  RESULTANT WIND SPEED   1   RESULTANT WIND DIRECTION   E (70)
  HIGHEST WIND SPEED    12   HIGHEST WIND DIRECTION     E (100)
  HIGHEST GUST SPEED    17   HIGHEST GUST DIRECTION     E (110)
  AVERAGE WIND SPEED     3.5


SKY COVER
  POSSIBLE SUNSHINE  MM
  AVERAGE SKY COVER 0.3


WEATHER CONDITIONS
 THE FOLLOWING WEATHER WAS RECORDED YESTERDAY.
  FOG


RELATIVE HUMIDITY (PERCENT)
 HIGHEST   100
 LOWEST     61
 AVERAGE    81

..........................................................


THE WAUKEGAN   CLIMATE NORMALS FOR TODAY
                         NORMAL    RECORD    YEAR
 MAXIMUM TEMPERATURE (F)   58        74      2004
 MINIMUM TEMPERATURE (F)   40        29      2013


SUNRISE AND SUNSET
OCTOBER 23 2014.......SUNRISE   714 AM CDT   SUNSET   557 PM CDT
OCTOBER 24 2014.......SUNRISE   715 AM CDT   SUNSET   556 PM CDT


-  INDICATES NEGATIVE NUMBERS.
R  INDICATES RECORD WAS SET OR TIED.
MM INDICATES DATA IS MISSING.
T  INDICATES TRACE AMOUNT.




$$
