000
CDUS43 KLOT 050634
CLIUGN


CLIMATE REPORT
NATIONAL WEATHER SERVICE CHICAGO IL
134 AM CDT WED AUG 5 2015


...................................

...THE WAUKEGAN   CLIMATE SUMMARY FOR AUGUST 4 2015...

CLIMATE NORMAL PERIOD 1981 TO 2010
CLIMATE RECORD PERIOD 2000 TO 2015


WEATHER ITEM   OBSERVED TIME   RECORD YEAR NORMAL DEPARTURE LAST
                VALUE   (LST)  VALUE       VALUE  FROM      YEAR
                                                  NORMAL
..................................................................
TEMPERATURE (F)
 YESTERDAY
  MAXIMUM         79   1221 PM  90    2005  80     -1       82
  MINIMUM         57    434 AM  53    2000  62     -5       65
  AVERAGE         68

PRECIPITATION (IN)
  YESTERDAY        0.00          0.83 2008   0.13  -0.13     0.16
  MONTH TO DATE    0.82                      0.46   0.36     0.16
  SINCE JUN 1      9.37                      8.22   1.15     8.56
  SINCE JAN 1     18.77                     21.08  -2.31    19.40

DEGREE DAYS
 HEATING
  YESTERDAY        0                         0      0        0
  MONTH TO DATE    0                         0      0        0
  SINCE JUN 1    148                        98     50      107
  SINCE JUL 1     45                        12     33       34

 COOLING
  YESTERDAY        3                         6     -3        9
  MONTH TO DATE   29                        24      5       25
  SINCE JUN 1    237                       334    -97      209
  SINCE JAN 1    262                       359    -97      232
..................................................................


WIND (MPH)
  RESULTANT WIND SPEED   0   RESULTANT WIND DIRECTION   E (110)
  HIGHEST WIND SPEED    14   HIGHEST WIND DIRECTION    NW (310)
  HIGHEST GUST SPEED    19   HIGHEST GUST DIRECTION     W (290)
  AVERAGE WIND SPEED     3.9


SKY COVER
  POSSIBLE SUNSHINE  MM
  AVERAGE SKY COVER 0.0


WEATHER CONDITIONS
 THE FOLLOWING WEATHER WAS RECORDED YESTERDAY.
  NO SIGNIFICANT WEATHER WAS OBSERVED.


RELATIVE HUMIDITY (PERCENT)
 HIGHEST    97
 LOWEST     42
 AVERAGE    70

..........................................................


THE WAUKEGAN   CLIMATE NORMALS FOR TODAY
                         NORMAL    RECORD    YEAR
 MAXIMUM TEMPERATURE (F)   80        87      2001
 MINIMUM TEMPERATURE (F)   62        53      2004


SUNRISE AND SUNSET
AUGUST  5 2015........SUNRISE   548 AM CDT   SUNSET   807 PM CDT
AUGUST  6 2015........SUNRISE   549 AM CDT   SUNSET   805 PM CDT


-  INDICATES NEGATIVE NUMBERS.
R  INDICATES RECORD WAS SET OR TIED.
MM INDICATES DATA IS MISSING.
T  INDICATES TRACE AMOUNT.




$$
