000
CDUS46 KSEW 180826
CLIUIL


CLIMATE REPORT
NATIONAL WEATHER SERVICE SEATTLE WA
126 AM PDT THU SEP 18 2014


...................................

...THE QUILLAYUTE WA AIRPORT CLIMATE SUMMARY FOR SEPTEMBER 17 2014...

CLIMATE NORMAL PERIOD 1981 TO 2010
CLIMATE RECORD PERIOD 1966 TO 2014


WEATHER ITEM   OBSERVED TIME   RECORD YEAR NORMAL DEPARTURE LAST
                VALUE   (LST)  VALUE       VALUE  FROM      YEAR
                                                  NORMAL
..................................................................
TEMPERATURE (F)
 YESTERDAY
  MAXIMUM         69    315 PM  82    1991  66      3       68
                                      1982
  MINIMUM         53    532 AM  35    1988  47      6       50
  AVERAGE         61                        56      5       59

PRECIPITATION (IN)
  YESTERDAY        0.02          1.97 1966   0.12  -0.10      T
  MONTH TO DATE    0.17                      1.85  -1.68     0.66
  SINCE OCT 1     73.25                     97.57 -24.32   109.45
  SINCE JAN 1     56.02                     58.57  -2.55    62.48

DEGREE DAYS
 HEATING
  YESTERDAY        4                         9     -5        6
  MONTH TO DATE   70                       126    -56       26
  SINCE SEP 1     70                       126    -56       26
  SINCE JUL 1    320                       495   -175      198

 COOLING
  YESTERDAY        0                         0      0        0
  MONTH TO DATE    7                         0      7       14
  SINCE SEP 1      7                         0      7       14
  SINCE JAN 1     25                        17      8       39
..................................................................


WIND (MPH)
  RESULTANT WIND SPEED   1   RESULTANT WIND DIRECTION   W (290)
  HIGHEST WIND SPEED     8   HIGHEST WIND DIRECTION     N (360)
  HIGHEST GUST SPEED    10   HIGHEST GUST DIRECTION    NE (50)
  AVERAGE WIND SPEED     1.7


SKY COVER
  AVERAGE SKY COVER 0.6


WEATHER CONDITIONS
 THE FOLLOWING WEATHER WAS RECORDED YESTERDAY.
  LIGHT RAIN
  FOG


RELATIVE HUMIDITY (PERCENT)
 HIGHEST   100          1200 AM
 LOWEST     63           100 PM
 AVERAGE    82

..........................................................


THE QUILLAYUTE WA AIRPORT CLIMATE NORMALS FOR TODAY
                         NORMAL    RECORD    YEAR
 MAXIMUM TEMPERATURE (F)   66        84      1991
 MINIMUM TEMPERATURE (F)   47        33      1978


SUNRISE AND SUNSET
SEPTEMBER 18 2014.....SUNRISE   700 AM PDT   SUNSET   724 PM PDT
SEPTEMBER 19 2014.....SUNRISE   701 AM PDT   SUNSET   722 PM PDT


-  INDICATES NEGATIVE NUMBERS.
R  INDICATES RECORD WAS SET OR TIED.
MM INDICATES DATA IS MISSING.
T  INDICATES TRACE AMOUNT.




$$
