000
CDUS46 KSEW 030832
CLIUIL


CLIMATE REPORT
NATIONAL WEATHER SERVICE SEATTLE WA
1231 AM PST SAT DEC 3 2016


...................................

...THE QUILLAYUTE WA AIRPORT CLIMATE SUMMARY FOR DECEMBER 2 2016...

CLIMATE NORMAL PERIOD 1981 TO 2010
CLIMATE RECORD PERIOD 1966 TO 2016


WEATHER ITEM   OBSERVED TIME   RECORD YEAR NORMAL DEPARTURE LAST
                VALUE   (LST)  VALUE       VALUE  FROM      YEAR
                                                  NORMAL
..................................................................
TEMPERATURE (F)
 YESTERDAY
  MAXIMUM         52    126 PM  64    1969  47      5       57
  MINIMUM         44   1046 PM  25    2014  35      9       47
  AVERAGE         48                        41      7       52

PRECIPITATION (IN)
  YESTERDAY        1.74          1.97 1975   0.48   1.26     0.30
  MONTH TO DATE    2.07                      0.96   1.11     1.23
  SINCE OCT 1     48.87                     26.97  21.90    25.97
  SINCE JAN 1    111.24                     87.51  23.73    78.81

DEGREE DAYS
 HEATING
  YESTERDAY       17                        24     -7       13
  MONTH TO DATE   40                        48     -8       28
  SINCE DEC 1     40                        48     -8       28
  SINCE JUL 1   1467                      1762   -295     1339

 COOLING
  YESTERDAY        0                         0      0        0
  MONTH TO DATE    0                         0      0        0
  SINCE DEC 1      0                         0      0        0
  SINCE JAN 1     54                        19     35       56
..................................................................


WIND (MPH)
  RESULTANT WIND SPEED   5   RESULTANT WIND DIRECTION   S (190)
  HIGHEST WIND SPEED    20   HIGHEST WIND DIRECTION     S (190)
  HIGHEST GUST SPEED    30   HIGHEST GUST DIRECTION     S (200)
  AVERAGE WIND SPEED     7.8


SKY COVER
  AVERAGE SKY COVER 1.0


WEATHER CONDITIONS
 THE FOLLOWING WEATHER WAS RECORDED YESTERDAY.
  RAIN
  LIGHT RAIN
  FOG


RELATIVE HUMIDITY (PERCENT)
 HIGHEST   100           200 AM
 LOWEST     86           600 PM
 AVERAGE    93

..........................................................


THE QUILLAYUTE WA AIRPORT CLIMATE NORMALS FOR TODAY
                         NORMAL    RECORD    YEAR
 MAXIMUM TEMPERATURE (F)   47        63      1988
 MINIMUM TEMPERATURE (F)   35        22      1994


SUNRISE AND SUNSET
DECEMBER  3 2016......SUNRISE   750 AM PST   SUNSET   426 PM PST
DECEMBER  4 2016......SUNRISE   751 AM PST   SUNSET   426 PM PST


-  INDICATES NEGATIVE NUMBERS.
R  INDICATES RECORD WAS SET OR TIED.
MM INDICATES DATA IS MISSING.
T  INDICATES TRACE AMOUNT.




$$
