000
CDUS46 KSEW 010832
CLIUIL


CLIMATE REPORT
NATIONAL WEATHER SERVICE SEATTLE WA
132 AM PDT SAT OCT 1 2016


...................................

...THE QUILLAYUTE WA AIRPORT CLIMATE SUMMARY FOR SEPTEMBER 30 2016...

CLIMATE NORMAL PERIOD 1981 TO 2010
CLIMATE RECORD PERIOD 1966 TO 2016


WEATHER ITEM   OBSERVED TIME   RECORD YEAR NORMAL DEPARTURE LAST
                VALUE   (LST)  VALUE       VALUE  FROM      YEAR
                                                  NORMAL
..................................................................
TEMPERATURE (F)
 YESTERDAY
  MAXIMUM         63    126 PM  90    1987  63      0       65
  MINIMUM         39    134 AM  33    1999  44     -5       49
  AVERAGE         51                        54     -3       57

PRECIPITATION (IN)
  YESTERDAY        T             2.64 1997   0.18  -0.18     0.00
  MONTH TO DATE    4.18                      3.82   0.36     6.22
  SINCE OCT 1    106.35                     99.54   6.81    97.59
  SINCE JAN 1     62.37                     60.54   1.83    52.84

DEGREE DAYS
 HEATING
  YESTERDAY       14                        11      3        8
  MONTH TO DATE  265                       256      9      242
  SINCE SEP 1    265                       256      9      242
  SINCE JUL 1    541                       625    -84      399

 COOLING
  YESTERDAY        0                         0      0        0
  MONTH TO DATE    0                         2     -2        0
  SINCE SEP 1      0                         2     -2        0
  SINCE JAN 1     54                        19     35       56
..................................................................


WIND (MPH)
  RESULTANT WIND SPEED   1   RESULTANT WIND DIRECTION  NW (300)
  HIGHEST WIND SPEED    12   HIGHEST WIND DIRECTION     W (290)
  HIGHEST GUST SPEED    14   HIGHEST GUST DIRECTION     W (280)
  AVERAGE WIND SPEED     3.2


SKY COVER
  AVERAGE SKY COVER 0.4


WEATHER CONDITIONS
 THE FOLLOWING WEATHER WAS RECORDED YESTERDAY.
  LIGHT RAIN
  FOG


RELATIVE HUMIDITY (PERCENT)
 HIGHEST    96           400 AM
 LOWEST     51           300 PM
 AVERAGE    74

..........................................................


THE QUILLAYUTE WA AIRPORT CLIMATE NORMALS FOR TODAY
                         NORMAL    RECORD    YEAR
 MAXIMUM TEMPERATURE (F)   63        83      1988
 MINIMUM TEMPERATURE (F)   44        31      1999


SUNRISE AND SUNSET
OCTOBER  1 2016.......SUNRISE   718 AM PDT   SUNSET   656 PM PDT
OCTOBER  2 2016.......SUNRISE   720 AM PDT   SUNSET   654 PM PDT


-  INDICATES NEGATIVE NUMBERS.
R  INDICATES RECORD WAS SET OR TIED.
MM INDICATES DATA IS MISSING.
T  INDICATES TRACE AMOUNT.




$$
