000
CDUS46 KSEW 270830
CLIUIL


CLIMATE REPORT
NATIONAL WEATHER SERVICE SEATTLE WA
1230 AM PST SAT DEC 27 2014


...................................

...THE QUILLAYUTE WA AIRPORT CLIMATE SUMMARY FOR DECEMBER 26 2014...

CLIMATE NORMAL PERIOD 1981 TO 2010
CLIMATE RECORD PERIOD 1966 TO 2014


WEATHER ITEM   OBSERVED TIME   RECORD YEAR NORMAL DEPARTURE LAST
                VALUE   (LST)  VALUE       VALUE  FROM      YEAR
                                                  NORMAL
..................................................................
TEMPERATURE (F)
 YESTERDAY
  MAXIMUM         48    240 PM  57    1991  46      2       52
  MINIMUM         42    856 AM  23    1985  35      7       37
                                      1978
  AVERAGE         45                        40      5       45

PRECIPITATION (IN)
  YESTERDAY        0.08          2.86 1975   0.41  -0.33     0.00
  MONTH TO DATE   13.56                     10.98   2.58     5.57
  SINCE OCT 1     44.10                     36.99   7.11    16.64
  SINCE JAN 1    104.50                     97.53   6.97    88.05

DEGREE DAYS
 HEATING
  YESTERDAY       20                        25     -5       20
  MONTH TO DATE  491                       642   -151      655
  SINCE DEC 1    491                       642   -151      655
  SINCE JUL 1   1725                      2356   -631     1851

 COOLING
  YESTERDAY        0                         0      0        0
  MONTH TO DATE    0                         0      0        0
  SINCE DEC 1      0                         0      0        0
  SINCE JAN 1     25                        19      6       39
..................................................................


WIND (MPH)
  RESULTANT WIND SPEED   2   RESULTANT WIND DIRECTION   E (90)
  HIGHEST WIND SPEED     7   HIGHEST WIND DIRECTION    SE (140)
  HIGHEST GUST SPEED    10   HIGHEST GUST DIRECTION     E (70)
  AVERAGE WIND SPEED     2.6


SKY COVER
  AVERAGE SKY COVER 1.0


WEATHER CONDITIONS
 THE FOLLOWING WEATHER WAS RECORDED YESTERDAY.
  LIGHT RAIN
  FOG


RELATIVE HUMIDITY (PERCENT)
 HIGHEST   100          1200 AM
 LOWEST     86           200 PM
 AVERAGE    93

..........................................................


THE QUILLAYUTE WA AIRPORT CLIMATE NORMALS FOR TODAY
                         NORMAL    RECORD    YEAR
 MAXIMUM TEMPERATURE (F)   46        55      1999
                                             1991
 MINIMUM TEMPERATURE (F)   35        17      1971


SUNRISE AND SUNSET
DECEMBER 27 2014......SUNRISE   807 AM PST   SUNSET   432 PM PST
DECEMBER 28 2014......SUNRISE   807 AM PST   SUNSET   432 PM PST


-  INDICATES NEGATIVE NUMBERS.
R  INDICATES RECORD WAS SET OR TIED.
MM INDICATES DATA IS MISSING.
T  INDICATES TRACE AMOUNT.




$$
