000
CDUS46 KSEW 020826
CLIUIL


CLIMATE REPORT
NATIONAL WEATHER SERVICE SEATTLE WA
126 AM PDT TUE SEP 2 2014


...................................

...THE QUILLAYUTE WA AIRPORT CLIMATE SUMMARY FOR SEPTEMBER 1 2014...

CLIMATE NORMAL PERIOD 1981 TO 2010
CLIMATE RECORD PERIOD 1966 TO 2014


WEATHER ITEM   OBSERVED TIME   RECORD YEAR NORMAL DEPARTURE LAST
                VALUE   (LST)  VALUE       VALUE  FROM      YEAR
                                                  NORMAL
..................................................................
TEMPERATURE (F)
 YESTERDAY
  MAXIMUM         68   1057 AM  92    1988  68      0       72
  MINIMUM         50    233 AM  35    1973  49      1       58
  AVERAGE         59                        59      0       65

PRECIPITATION (IN)
  YESTERDAY        0.01          2.67 1983   0.10  -0.09     0.00
  MONTH TO DATE    0.01                      0.10  -0.09     0.00
  SINCE OCT 1     73.09                     95.82 -22.73   108.79
  SINCE JAN 1     55.86                     56.82  -0.96    61.82

DEGREE DAYS
 HEATING
  YESTERDAY        6                         6      0        0
  MONTH TO DATE    6                         6      0        0
  SINCE SEP 1      6                         6      0        0
  SINCE JUL 1    256                       375   -119      172

 COOLING
  YESTERDAY        0                         0      0        0
  MONTH TO DATE    0                         0      0        0
  SINCE SEP 1      0                         0      0        0
  SINCE JAN 1     18                        17      1       25
..................................................................


WIND (MPH)
  RESULTANT WIND SPEED   2   RESULTANT WIND DIRECTION  SW (210)
  HIGHEST WIND SPEED    14   HIGHEST WIND DIRECTION     S (200)
  HIGHEST GUST SPEED    17   HIGHEST GUST DIRECTION     S (200)
  AVERAGE WIND SPEED     3.6


SKY COVER
  AVERAGE SKY COVER 0.8


WEATHER CONDITIONS
 THE FOLLOWING WEATHER WAS RECORDED YESTERDAY.
  LIGHT RAIN
  FOG


RELATIVE HUMIDITY (PERCENT)
 HIGHEST   100           200 AM
 LOWEST     68          1000 AM
 AVERAGE    84

..........................................................


THE QUILLAYUTE WA AIRPORT CLIMATE NORMALS FOR TODAY
                         NORMAL    RECORD    YEAR
 MAXIMUM TEMPERATURE (F)   68        97      1988
 MINIMUM TEMPERATURE (F)   49        35      1999


SUNRISE AND SUNSET
SEPTEMBER  2 2014.....SUNRISE   638 AM PDT   SUNSET   757 PM PDT
SEPTEMBER  3 2014.....SUNRISE   639 AM PDT   SUNSET   755 PM PDT


-  INDICATES NEGATIVE NUMBERS.
R  INDICATES RECORD WAS SET OR TIED.
MM INDICATES DATA IS MISSING.
T  INDICATES TRACE AMOUNT.




$$
