000
CDUS46 KSEW 210846
CLIUIL


CLIMATE REPORT
NATIONAL WEATHER SERVICE SEATTLE WA
1246 AM PST TUE NOV 21 2017


...................................

...THE QUILLAYUTE WA AIRPORT CLIMATE SUMMARY FOR NOVEMBER 20 2017...

CLIMATE NORMAL PERIOD 1981 TO 2010
CLIMATE RECORD PERIOD 1966 TO 2017


WEATHER ITEM   OBSERVED TIME   RECORD YEAR NORMAL DEPARTURE LAST
                VALUE   (LST)  VALUE       VALUE  FROM      YEAR
                                                  NORMAL
..................................................................
TEMPERATURE (F)
 YESTERDAY
  MAXIMUM         52   1252 PM  63    1987  49      3       52
  MINIMUM         36   1135 PM  19    1985  38     -2       47
  AVERAGE         44                        43      1       50

PRECIPITATION (IN)
  YESTERDAY        0.14          4.18 1980   0.54  -0.40     1.13
  MONTH TO DATE   12.24                     10.25   1.99    16.01
  SINCE OCT 1     19.50                     20.74  -1.24    37.09
  SINCE JAN 1     90.89                     81.28   9.61    99.46

DEGREE DAYS
 HEATING
  YESTERDAY       21                        22     -1       15
  MONTH TO DATE  409                       398     11      286
  SINCE SEP 1   1050                      1119    -69      949
  SINCE JUL 1   1356                      1488   -132     1225

 COOLING
  YESTERDAY        0                         0      0        0
  MONTH TO DATE    0                         0      0        0
  SINCE SEP 1     20                         2     18        0
  SINCE JAN 1     73                        19     54       54
..................................................................


WIND (MPH)
  RESULTANT WIND SPEED   1   RESULTANT WIND DIRECTION   N (340)
  HIGHEST WIND SPEED    12   HIGHEST WIND DIRECTION    SW (240)
  HIGHEST GUST SPEED    16   HIGHEST GUST DIRECTION    SW (240)
  AVERAGE WIND SPEED     4.6


SKY COVER
  AVERAGE SKY COVER 0.4


WEATHER CONDITIONS
 THE FOLLOWING WEATHER WAS RECORDED YESTERDAY.
  LIGHT RAIN
  FOG


RELATIVE HUMIDITY (PERCENT)
 HIGHEST   100          1200 AM
 LOWEST     59           200 PM
 AVERAGE    80

..........................................................


THE QUILLAYUTE WA AIRPORT CLIMATE NORMALS FOR TODAY
                         NORMAL    RECORD    YEAR
 MAXIMUM TEMPERATURE (F)   49        60      1979
 MINIMUM TEMPERATURE (F)   37        20      1985
                                             1978


SUNRISE AND SUNSET
NOVEMBER 21 2017......SUNRISE   734 AM PST   SUNSET   434 PM PST
NOVEMBER 22 2017......SUNRISE   735 AM PST   SUNSET   433 PM PST


-  INDICATES NEGATIVE NUMBERS.
R  INDICATES RECORD WAS SET OR TIED.
MM INDICATES DATA IS MISSING.
T  INDICATES TRACE AMOUNT.




$$
