000
CDUS46 KSEW 300827
CLIUIL


CLIMATE REPORT
NATIONAL WEATHER SERVICE SEATTLE WA
126 AM PDT THU OCT 30 2014


...................................

...THE QUILLAYUTE WA AIRPORT CLIMATE SUMMARY FOR OCTOBER 29 2014...

CLIMATE NORMAL PERIOD 1981 TO 2010
CLIMATE RECORD PERIOD 1966 TO 2014


WEATHER ITEM   OBSERVED TIME   RECORD YEAR NORMAL DEPARTURE LAST
                VALUE   (LST)  VALUE       VALUE  FROM      YEAR
                                                  NORMAL
..................................................................
TEMPERATURE (F)
 YESTERDAY
  MAXIMUM         63   1238 PM  67    1970  54      9       62
  MINIMUM         50   1143 PM  26    1972  40     10       33
                                      1971
  AVERAGE         57                        47     10       48

PRECIPITATION (IN)
  YESTERDAY        0.30          3.37 1999   0.45  -0.15     0.00
  MONTH TO DATE   16.03                      9.59   6.44     2.66
  SINCE OCT 1     16.03                      9.59   6.44     2.66
  SINCE JAN 1     76.43                     70.13   6.30    74.07

DEGREE DAYS
 HEATING
  YESTERDAY        8                        18    -10       17
  MONTH TO DATE  235                       430   -195      362
  SINCE SEP 1    374                       686   -312      481
  SINCE JUL 1    624                      1055   -431      653

 COOLING
  YESTERDAY        0                         0      0        0
  MONTH TO DATE    0                         0      0        0
  SINCE SEP 1      7                         2      5       14
  SINCE JAN 1     25                        19      6       39
..................................................................


WIND (MPH)
  RESULTANT WIND SPEED   2   RESULTANT WIND DIRECTION  SE (130)
  HIGHEST WIND SPEED    21   HIGHEST WIND DIRECTION     W (250)
  HIGHEST GUST SPEED    26   HIGHEST GUST DIRECTION     W (250)
  AVERAGE WIND SPEED     5.4


SKY COVER
  AVERAGE SKY COVER 0.6


WEATHER CONDITIONS
 THE FOLLOWING WEATHER WAS RECORDED YESTERDAY.
  HEAVY RAIN
  RAIN
  LIGHT RAIN
  FOG


RELATIVE HUMIDITY (PERCENT)
 HIGHEST   100           500 AM
 LOWEST     72           100 PM
 AVERAGE    86

..........................................................


THE QUILLAYUTE WA AIRPORT CLIMATE NORMALS FOR TODAY
                         NORMAL    RECORD    YEAR
 MAXIMUM TEMPERATURE (F)   54        64      2008
                                             1970
 MINIMUM TEMPERATURE (F)   40        24      1972


SUNRISE AND SUNSET
OCTOBER 30 2014.......SUNRISE   800 AM PDT   SUNSET   603 PM PDT
OCTOBER 31 2014.......SUNRISE   802 AM PDT   SUNSET   601 PM PDT


-  INDICATES NEGATIVE NUMBERS.
R  INDICATES RECORD WAS SET OR TIED.
MM INDICATES DATA IS MISSING.
T  INDICATES TRACE AMOUNT.




$$
