000
CDUS46 KSEW 230926
CLIUIL


CLIMATE REPORT
NATIONAL WEATHER SERVICE SEATTLE WA
226 AM PDT SAT SEP 23 2017


...................................

...THE QUILLAYUTE WA AIRPORT CLIMATE SUMMARY FOR SEPTEMBER 22 2017...

CLIMATE NORMAL PERIOD 1981 TO 2010
CLIMATE RECORD PERIOD 1966 TO 2017


WEATHER ITEM   OBSERVED TIME   RECORD YEAR NORMAL DEPARTURE LAST
                VALUE   (LST)  VALUE       VALUE  FROM      YEAR
                                                  NORMAL
..................................................................
TEMPERATURE (F)
 YESTERDAY
  MAXIMUM         63   1153 AM  89    2009  65     -2       61
                                      1989
                                      1974
  MINIMUM         36    548 AM  35    1993  46    -10       45
  AVERAGE         50                        56     -6       53

PRECIPITATION (IN)
  YESTERDAY        T             2.34 1969   0.14  -0.14     0.00
  MONTH TO DATE    2.94                      2.51   0.43     3.65
  SINCE OCT 1    130.47                     98.23  32.24   105.82
  SINCE JAN 1     70.54                     59.23  11.31    61.84

DEGREE DAYS
 HEATING
  YESTERDAY       15                        10      5       12
  MONTH TO DATE  145                       172    -27      185
  SINCE SEP 1    145                       172    -27      185
  SINCE JUL 1    451                       541    -90      461

 COOLING
  YESTERDAY        0                         0      0        0
  MONTH TO DATE   20                         0     20        0
  SINCE SEP 1     20                         0     20        0
  SINCE JAN 1     73                        17     56       54
..................................................................


WIND (MPH)
  RESULTANT WIND SPEED   3   RESULTANT WIND DIRECTION  SW (220)
  HIGHEST WIND SPEED    12   HIGHEST WIND DIRECTION     W (250)
  HIGHEST GUST SPEED    13   HIGHEST GUST DIRECTION     W (250)
  AVERAGE WIND SPEED     3.4


SKY COVER
  AVERAGE SKY COVER 0.2


WEATHER CONDITIONS
 THE FOLLOWING WEATHER WAS RECORDED YESTERDAY.
  LIGHT RAIN


RELATIVE HUMIDITY (PERCENT)
 HIGHEST   100           300 AM
 LOWEST     67          1000 AM
 AVERAGE    84

..........................................................


THE QUILLAYUTE WA AIRPORT CLIMATE NORMALS FOR TODAY
                         NORMAL    RECORD    YEAR
 MAXIMUM TEMPERATURE (F)   65        87      1974
 MINIMUM TEMPERATURE (F)   46        31      2000


SUNRISE AND SUNSET
SEPTEMBER 23 2017.....SUNRISE   707 AM PDT   SUNSET   713 PM PDT
SEPTEMBER 24 2017.....SUNRISE   708 AM PDT   SUNSET   711 PM PDT


-  INDICATES NEGATIVE NUMBERS.
R  INDICATES RECORD WAS SET OR TIED.
MM INDICATES DATA IS MISSING.
T  INDICATES TRACE AMOUNT.




$$
