000
CDUS46 KSEW 250128
CLIUIL


CLIMATE REPORT
NATIONAL WEATHER SERVICE SEATTLE WA
628 PM PDT FRI OCT 24 2014


...................................

...THE QUILLAYUTE WA AIRPORT CLIMATE SUMMARY FOR OCTOBER 24 2014...
VALID TODAY AS OF 0600 PM LOCAL TIME.

CLIMATE NORMAL PERIOD 1981 TO 2010
CLIMATE RECORD PERIOD 1966 TO 2014


WEATHER ITEM   OBSERVED TIME   RECORD YEAR NORMAL DEPARTURE LAST
                VALUE   (LST)  VALUE       VALUE  FROM      YEAR
                                                  NORMAL
..................................................................
TEMPERATURE (F)
 TODAY
  MAXIMUM         57   1259 PM  72    1974  56      1       57
  MINIMUM         43    440 AM  32    1972  41      2       42
  AVERAGE         50                        48      2       50

PRECIPITATION (IN)
  TODAY            0.00          2.09 1982   0.39  -0.39     0.00
  MONTH TO DATE   12.66                      7.46   5.20     2.60
  SINCE OCT 1     12.66                      7.46   5.20     2.60
  SINCE JAN 1     73.06                     68.00   5.06    74.01

DEGREE DAYS
 HEATING
  TODAY           15                        17     -2       15
  MONTH TO DATE  176                       344   -168      301
  SINCE SEP 1    315                       600   -285      420
  SINCE JUL 1    565                       969   -404      592

 COOLING
  TODAY            0                         0      0        0
  MONTH TO DATE    0                         0      0        0
  SINCE SEP 1      7                         2      5       14
  SINCE JAN 1     25                        19      6       39
..................................................................


WIND (MPH)
  RESULTANT WIND SPEED   7   RESULTANT WIND DIRECTION  NE (60)
  HIGHEST WIND SPEED    13   HIGHEST WIND DIRECTION    NE (50)
  HIGHEST GUST SPEED    16   HIGHEST GUST DIRECTION    NE (60)
  AVERAGE WIND SPEED     6.8


SKY COVER
  AVERAGE SKY COVER 0.2


WEATHER CONDITIONS
 THE FOLLOWING WEATHER WAS RECORDED TODAY.
  NO SIGNIFICANT WEATHER WAS OBSERVED.


RELATIVE HUMIDITY (PERCENT)
 HIGHEST   100           100 AM
 LOWEST     72           100 PM
 AVERAGE    86

..........................................................


THE QUILLAYUTE WA AIRPORT CLIMATE NORMALS FOR TOMORROW
                         NORMAL    RECORD    YEAR
 MAXIMUM TEMPERATURE (F)   55        65      2003
                                             2000
 MINIMUM TEMPERATURE (F)   41        30      1978


SUNRISE AND SUNSET
OCTOBER 24 2014.......SUNRISE   751 AM PDT   SUNSET   613 PM PDT
OCTOBER 25 2014.......SUNRISE   752 AM PDT   SUNSET   611 PM PDT


-  INDICATES NEGATIVE NUMBERS.
R  INDICATES RECORD WAS SET OR TIED.
MM INDICATES DATA IS MISSING.
T  INDICATES TRACE AMOUNT.




$$
