579
CDUS43 KLSX 140728
CLIUIN


CLIMATE REPORT
NATIONAL WEATHER SERVICE ST LOUIS MO
127 AM CST SUN FEB 14 2016


...................................

...THE QUINCY IL CLIMATE SUMMARY FOR FEBRUARY 13 2016...

CLIMATE NORMAL PERIOD 1981 TO 2010
CLIMATE RECORD PERIOD 1901 TO 2016


WEATHER ITEM   OBSERVED TIME   RECORD YEAR NORMAL DEPARTURE LAST
                VALUE   (LST)  VALUE       VALUE  FROM      YEAR
                                                  NORMAL
..................................................................
TEMPERATURE (F)
 YESTERDAY
  MAXIMUM         19    810 PM  70    1921  38    -19       37
  MINIMUM          2    548 AM -29    1905  22    -20       16
  AVERAGE         11                        30    -19

PRECIPITATION (IN)
  YESTERDAY        T             1.22 2005   0.07  -0.07     0.00
  MONTH TO DATE    0.18                      0.78  -0.60     0.50
  SINCE DEC 1      6.40                      4.55   1.85     2.94
  SINCE JAN 1      0.58                      2.30  -1.72     1.63

DEGREE DAYS
 HEATING
  YESTERDAY       54                        35     19
  MONTH TO DATE  484                       472     12
  SINCE DEC 1   2393                      2758   -365
  SINCE JUL 1   3211                      3858   -647

 COOLING
  YESTERDAY        0                         0      0
  MONTH TO DATE    0                         0      0
  SINCE DEC 1      0                         0      0
  SINCE JAN 1      0                         0      0
..................................................................


WIND (MPH)
  HIGHEST WIND SPEED    14   HIGHEST WIND DIRECTION     E (110)
  HIGHEST GUST SPEED    19   HIGHEST GUST DIRECTION     E (110)
  AVERAGE WIND SPEED     6.9


SKY COVER
  AVERAGE SKY COVER 0.4



RELATIVE HUMIDITY (PERCENT)
 HIGHEST    76           200 AM
 LOWEST     43           300 PM
 AVERAGE    60

..........................................................


THE QUINCY IL CLIMATE NORMALS FOR TODAY
                         NORMAL    RECORD    YEAR
 MAXIMUM TEMPERATURE (F)   39        72      1954
 MINIMUM TEMPERATURE (F)   22       -13      1905


SUNRISE AND SUNSET
FEBRUARY 14 2016......SUNRISE   659 AM CST   SUNSET   539 PM CST
FEBRUARY 15 2016......SUNRISE   658 AM CST   SUNSET   540 PM CST


-  INDICATES NEGATIVE NUMBERS.
R  INDICATES RECORD WAS SET OR TIED.
MM INDICATES DATA IS MISSING.
T  INDICATES TRACE AMOUNT.




$$
