000
CDUS43 KLSX 302245
CLIUIN


CLIMATE REPORT
NATIONAL WEATHER SERVICE ST LOUIS MO
545 PM CDT TUE SEP 30 2014


...................................

...THE QUINCY IL CLIMATE SUMMARY FOR SEPTEMBER 30 2014...
VALID TODAY AS OF 0500 PM LOCAL TIME.

CLIMATE NORMAL PERIOD 1981 TO 2010
CLIMATE RECORD PERIOD 1901 TO 2014


WEATHER ITEM   OBSERVED TIME   RECORD YEAR NORMAL DEPARTURE LAST
                VALUE   (LST)  VALUE       VALUE  FROM      YEAR
                                                  NORMAL
..................................................................
TEMPERATURE (F)
 TODAY
  MAXIMUM         74    359 PM  91    1952  71      3       77
                                      1933
  MINIMUM         57    456 AM  35    1916  49      8       48
  AVERAGE         66                        60      6       63

PRECIPITATION (IN)
  TODAY            0.00          1.28 1962   0.10  -0.10     0.00
  MONTH TO DATE    6.27                      3.30   2.97     1.80
  SINCE SEP 1      6.27                      3.30   2.97     1.80
  SINCE JAN 1     31.89                     29.05   2.84    29.90

DEGREE DAYS
 HEATING
  TODAY            0                         6     -6
  MONTH TO DATE   87                        83      4
  SINCE SEP 1     87                        82      5
  SINCE JUL 1     92                        87      5

 COOLING
  TODAY            1                         2     -1
  MONTH TO DATE   87                       123    -36
  SINCE SEP 1     87                       123    -36
  SINCE JAN 1   1016                      1076    -60
..................................................................


WIND (MPH)
  HIGHEST WIND SPEED    12   HIGHEST WIND DIRECTION     E (80)
  HIGHEST GUST SPEED    14   HIGHEST GUST DIRECTION     E (80)
  AVERAGE WIND SPEED     6.8


SKY COVER
  AVERAGE SKY COVER 0.4



RELATIVE HUMIDITY (PERCENT)
 HIGHEST   100           700 AM
 LOWEST     64           300 PM
 AVERAGE    82

..........................................................


THE QUINCY IL CLIMATE NORMALS FOR TOMORROW
                         NORMAL    RECORD    YEAR
 MAXIMUM TEMPERATURE (F)   71        90      1937
 MINIMUM TEMPERATURE (F)   49        32      1985
                                             1958
                                             1939


SUNRISE AND SUNSET
SEPTEMBER 30 2014.....SUNRISE   700 AM CDT   SUNSET   649 PM CDT
OCTOBER  1 2014.......SUNRISE   701 AM CDT   SUNSET   647 PM CDT


-  INDICATES NEGATIVE NUMBERS.
R  INDICATES RECORD WAS SET OR TIED.
MM INDICATES DATA IS MISSING.
T  INDICATES TRACE AMOUNT.




$$
