000
CDUS43 KLSX 010736
CLIUIN


CLIMATE REPORT
NATIONAL WEATHER SERVICE ST LOUIS MO
235 AM CDT SAT NOV 1 2014


...................................

...THE QUINCY IL CLIMATE SUMMARY FOR OCTOBER 31 2014...

CLIMATE NORMAL PERIOD 1981 TO 2010
CLIMATE RECORD PERIOD 1901 TO 2014


WEATHER ITEM   OBSERVED TIME   RECORD YEAR NORMAL DEPARTURE LAST
                VALUE   (LST)  VALUE       VALUE  FROM      YEAR
                                                  NORMAL
..................................................................
TEMPERATURE (F)
 YESTERDAY
  MAXIMUM         48    317 AM  88    1950  59    -11       64
  MINIMUM         27   1136 PM  20    1925  40    -13       45
  AVERAGE         38                        50    -12

PRECIPITATION (IN)
  YESTERDAY        0.00          2.20 1984   0.09  -0.09     1.08
  MONTH TO DATE    6.07                      3.01   3.06     2.84
  SINCE SEP 1     12.34                      6.31   6.03     4.64
  SINCE JAN 1     37.96                     32.06   5.90    32.74

DEGREE DAYS
 HEATING
  YESTERDAY       27                        15     12
  MONTH TO DATE  321                       335    -14
  SINCE SEP 1    408                       419    -11
  SINCE JUL 1    413                       424    -11

 COOLING
  YESTERDAY        0                         0      0
  MONTH TO DATE    5                        17    -12
  SINCE SEP 1     92                       140    -48
  SINCE JAN 1   1021                      1093    -72
..................................................................


WIND (MPH)
  HIGHEST WIND SPEED    31   HIGHEST WIND DIRECTION     N (340)
  HIGHEST GUST SPEED    39   HIGHEST GUST DIRECTION    NW (330)
  AVERAGE WIND SPEED    15.4


SKY COVER
  AVERAGE SKY COVER 0.3



RELATIVE HUMIDITY (PERCENT)
 HIGHEST    82          1200 AM
 LOWEST     36           400 PM
 AVERAGE    59

..........................................................


THE QUINCY IL CLIMATE NORMALS FOR TODAY
                         NORMAL    RECORD    YEAR
 MAXIMUM TEMPERATURE (F)   59        83      1938
 MINIMUM TEMPERATURE (F)   40        23      1993
                                             1954
                                             1913


SUNRISE AND SUNSET
NOVEMBER  1 2014......SUNRISE   734 AM CDT   SUNSET   602 PM CDT
NOVEMBER  2 2014......SUNRISE   635 AM CST   SUNSET   501 PM CST


-  INDICATES NEGATIVE NUMBERS.
R  INDICATES RECORD WAS SET OR TIED.
MM INDICATES DATA IS MISSING.
T  INDICATES TRACE AMOUNT.




$$
