000
CDUS43 KLSX 280742
CLIUIN


CLIMATE REPORT
NATIONAL WEATHER SERVICE ST LOUIS MO
241 AM CDT TUE MAR 28 2017


...................................

...THE QUINCY IL CLIMATE SUMMARY FOR MARCH 27 2017...

CLIMATE NORMAL PERIOD 1981 TO 2010
CLIMATE RECORD PERIOD 1901 TO 2017


WEATHER ITEM   OBSERVED TIME   RECORD YEAR NORMAL DEPARTURE LAST
                VALUE   (LST)  VALUE       VALUE  FROM      YEAR
                                                  NORMAL
..................................................................
TEMPERATURE (F)
 YESTERDAY
  MAXIMUM         57    346 PM  86    1945  56      1       47
  MINIMUM         45    301 AM  16    1965  36      9       34
  AVERAGE         51                        46      5

PRECIPITATION (IN)
  YESTERDAY        0.20          0.94 1975   0.08   0.12     0.11
  MONTH TO DATE    1.46                      2.09  -0.63     0.89
  SINCE MAR 1      1.46                      2.09  -0.63     0.89
  SINCE JAN 1      3.51                      5.49  -1.98     1.51

DEGREE DAYS
 HEATING
  YESTERDAY       14                        19     -5
  MONTH TO DATE  556                       647    -91
  SINCE MAR 1    556                       647    -91
  SINCE JUL 1   3997                      4989   -992

 COOLING
  YESTERDAY        0                         0      0
  MONTH TO DATE    0                         0      0
  SINCE MAR 1      0                         0      0
  SINCE JAN 1      0                         0      0
..................................................................


WIND (MPH)
  HIGHEST WIND SPEED    15   HIGHEST WIND DIRECTION     N (350)
  HIGHEST GUST SPEED    25   HIGHEST GUST DIRECTION    NE (60)
  AVERAGE WIND SPEED     8.2


SKY COVER
  AVERAGE SKY COVER 1.0



RELATIVE HUMIDITY (PERCENT)
 HIGHEST   100           300 AM
 LOWEST     80           300 PM
 AVERAGE    90

..........................................................


THE QUINCY IL CLIMATE NORMALS FOR TODAY
                         NORMAL    RECORD    YEAR
 MAXIMUM TEMPERATURE (F)   57        84      1985
                                             1910
 MINIMUM TEMPERATURE (F)   37        17      1955


SUNRISE AND SUNSET
MARCH 28 2017.........SUNRISE   655 AM CDT   SUNSET   725 PM CDT
MARCH 29 2017.........SUNRISE   653 AM CDT   SUNSET   726 PM CDT


-  INDICATES NEGATIVE NUMBERS.
R  INDICATES RECORD WAS SET OR TIED.
MM INDICATES DATA IS MISSING.
T  INDICATES TRACE AMOUNT.




$$
