000
CDUS43 KLSX 202225
CLIUIN


CLIMATE REPORT
NATIONAL WEATHER SERVICE ST LOUIS MO
525 PM CDT SAT SEP 20 2014


...................................

...THE QUINCY IL CLIMATE SUMMARY FOR SEPTEMBER 20 2014...
VALID TODAY AS OF 0500 PM LOCAL TIME.

CLIMATE NORMAL PERIOD 1981 TO 2010
CLIMATE RECORD PERIOD 1901 TO 2014


WEATHER ITEM   OBSERVED TIME   RECORD YEAR NORMAL DEPARTURE LAST
                VALUE   (LST)  VALUE       VALUE  FROM      YEAR
                                                  NORMAL
..................................................................
TEMPERATURE (F)
 TODAY
  MAXIMUM         83    321 PM  95    1940  75      8       72
  MINIMUM         60    420 AM  34    1991  54      6       54
  AVERAGE         72                        65      7       63

PRECIPITATION (IN)
  TODAY            0.00          2.67 1986   0.11  -0.11     0.07
  MONTH TO DATE    6.14                      2.18   3.96     1.35
  SINCE SEP 1      6.14                      2.18   3.96     1.35
  SINCE JAN 1     31.76                     27.93   3.83    29.45

DEGREE DAYS
 HEATING
  TODAY            0                         3     -3
  MONTH TO DATE   75                        32     43
  SINCE SEP 1     75                        32     43
  SINCE JUL 1     80                        37     43

 COOLING
  TODAY            7                         3      4
  MONTH TO DATE   56                       101    -45
  SINCE SEP 1     56                       101    -45
  SINCE JAN 1    985                      1054    -69
..................................................................


WIND (MPH)
  HIGHEST WIND SPEED    20   HIGHEST WIND DIRECTION     W (250)
  HIGHEST GUST SPEED    24   HIGHEST GUST DIRECTION     W (250)
  AVERAGE WIND SPEED     9.4


SKY COVER
  AVERAGE SKY COVER 0.3



RELATIVE HUMIDITY (PERCENT)
 HIGHEST    97           500 AM
 LOWEST     65           300 PM
 AVERAGE    81

..........................................................


THE QUINCY IL CLIMATE NORMALS FOR TOMORROW
                         NORMAL    RECORD    YEAR
 MAXIMUM TEMPERATURE (F)   75        95      1940
 MINIMUM TEMPERATURE (F)   53        38      1995
                                             1991
                                             1918


SUNRISE AND SUNSET
SEPTEMBER 20 2014.....SUNRISE   650 AM CDT   SUNSET   705 PM CDT
SEPTEMBER 21 2014.....SUNRISE   651 AM CDT   SUNSET   703 PM CDT


-  INDICATES NEGATIVE NUMBERS.
R  INDICATES RECORD WAS SET OR TIED.
MM INDICATES DATA IS MISSING.
T  INDICATES TRACE AMOUNT.




$$
