000
CDUS43 KLSX 020752
CLIUIN


CLIMATE REPORT
NATIONAL WEATHER SERVICE ST LOUIS MO
251 AM CDT TUE SEP 2 2014


...................................

...THE QUINCY IL CLIMATE SUMMARY FOR SEPTEMBER 1 2014...

CLIMATE NORMAL PERIOD 1981 TO 2010
CLIMATE RECORD PERIOD 1901 TO 2014


WEATHER ITEM   OBSERVED TIME   RECORD YEAR NORMAL DEPARTURE LAST
                VALUE   (LST)  VALUE       VALUE  FROM      YEAR
                                                  NORMAL
..................................................................
TEMPERATURE (F)
 YESTERDAY
  MAXIMUM         81    344 PM 104    2011  82     -1       91
  MINIMUM         67    711 AM  41    1949  62      5       67
  AVERAGE         74                        72      2

PRECIPITATION (IN)
  YESTERDAY        0.03          1.97 1931   0.11  -0.08     0.00
  MONTH TO DATE    0.03                      0.11  -0.08     0.00
  SINCE SEP 1      0.03                      0.11  -0.08     0.00
  SINCE JAN 1     25.65                     25.86  -0.21    28.10

DEGREE DAYS
 HEATING
  YESTERDAY        0                         0      0
  MONTH TO DATE    0                         0      0
  SINCE SEP 1      0                         0      0
  SINCE JUL 1      5                         5      0

 COOLING
  YESTERDAY        9                         7      2
  MONTH TO DATE    9                         7      2
  SINCE SEP 1      9                         7      2
  SINCE JAN 1    938                       960    -22
..................................................................


WIND (MPH)
  HIGHEST WIND SPEED    20   HIGHEST WIND DIRECTION    SW (240)
  HIGHEST GUST SPEED    26   HIGHEST GUST DIRECTION    SW (240)
  AVERAGE WIND SPEED     9.5


SKY COVER
  AVERAGE SKY COVER 0.2



RELATIVE HUMIDITY (PERCENT)
 HIGHEST    97          1100 PM
 LOWEST     62           100 PM
 AVERAGE    80

..........................................................


THE QUINCY IL CLIMATE NORMALS FOR TODAY
                         NORMAL    RECORD    YEAR
 MAXIMUM TEMPERATURE (F)   82       103      1913
 MINIMUM TEMPERATURE (F)   61        45      1952
                                             1949
                                             1946


SUNRISE AND SUNSET
SEPTEMBER  2 2014.....SUNRISE   634 AM CDT   SUNSET   735 PM CDT
SEPTEMBER  3 2014.....SUNRISE   634 AM CDT   SUNSET   733 PM CDT


-  INDICATES NEGATIVE NUMBERS.
R  INDICATES RECORD WAS SET OR TIED.
MM INDICATES DATA IS MISSING.
T  INDICATES TRACE AMOUNT.




$$
