000
CDUS43 KLSX 260729
CLIUIN


CLIMATE REPORT
NATIONAL WEATHER SERVICE ST LOUIS MO
229 AM CDT FRI MAY 26 2017


...................................

...THE QUINCY IL CLIMATE SUMMARY FOR MAY 25 2017...

CLIMATE NORMAL PERIOD 1981 TO 2010
CLIMATE RECORD PERIOD 1901 TO 2017


WEATHER ITEM   OBSERVED TIME   RECORD YEAR NORMAL DEPARTURE LAST
                VALUE   (LST)  VALUE       VALUE  FROM      YEAR
                                                  NORMAL
..................................................................
TEMPERATURE (F)
 YESTERDAY
  MAXIMUM         73    355 PM  95    1911  75     -2       84
  MINIMUM         49    513 AM  34    1925  56     -7       62
  AVERAGE         61                        66     -5

PRECIPITATION (IN)
  YESTERDAY        0.00          1.76 1990   0.16  -0.16      T
  MONTH TO DATE    4.62                      3.60   1.02     1.87
  SINCE MAR 1     14.61                      9.75   4.86     6.29
  SINCE JAN 1     16.66                     13.15   3.51     6.91

DEGREE DAYS
 HEATING
  YESTERDAY        4                         3      1
  MONTH TO DATE  122                       123     -1
  SINCE MAR 1    992                      1211   -219
  SINCE JUL 1   4433                      5553  -1120

 COOLING
  YESTERDAY        0                         3     -3
  MONTH TO DATE   61                        45     16
  SINCE MAR 1     93                        63     30
  SINCE JAN 1     93                        63     30
..................................................................


WIND (MPH)
  HIGHEST WIND SPEED    21   HIGHEST WIND DIRECTION     E (110)
  HIGHEST GUST SPEED    26   HIGHEST GUST DIRECTION     E (110)
  AVERAGE WIND SPEED     6.3


SKY COVER
  AVERAGE SKY COVER 0.1



RELATIVE HUMIDITY (PERCENT)
 HIGHEST   100           500 AM
 LOWEST     49           300 PM
 AVERAGE    75

..........................................................


THE QUINCY IL CLIMATE NORMALS FOR TODAY
                         NORMAL    RECORD    YEAR
 MAXIMUM TEMPERATURE (F)   76        95      1911
 MINIMUM TEMPERATURE (F)   56        36      1901


SUNRISE AND SUNSET
MAY 26 2017...........SUNRISE   541 AM CDT   SUNSET   823 PM CDT
MAY 27 2017...........SUNRISE   541 AM CDT   SUNSET   824 PM CDT


-  INDICATES NEGATIVE NUMBERS.
R  INDICATES RECORD WAS SET OR TIED.
MM INDICATES DATA IS MISSING.
T  INDICATES TRACE AMOUNT.




$$
