000
CDUS43 KLSX 270741
CLIUIN


CLIMATE REPORT
NATIONAL WEATHER SERVICE ST LOUIS MO
241 AM CDT WED JUL 27 2016


...................................

...THE QUINCY IL CLIMATE SUMMARY FOR JULY 26 2016...

CLIMATE NORMAL PERIOD 1981 TO 2010
CLIMATE RECORD PERIOD 1901 TO 2016


WEATHER ITEM   OBSERVED TIME   RECORD YEAR NORMAL DEPARTURE LAST
                VALUE   (LST)  VALUE       VALUE  FROM      YEAR
                                                  NORMAL
..................................................................
TEMPERATURE (F)
 YESTERDAY
  MAXIMUM         87    437 PM 107    1934  86      1       88
  MINIMUM         66    516 AM  51    1962  66      0       70
  AVERAGE         77                        76      1

PRECIPITATION (IN)
  YESTERDAY        0.00          2.15 1932   0.12  -0.12     1.07
  MONTH TO DATE    5.25                      3.44   1.81     8.48
  SINCE JUN 1      6.27                      7.43  -1.16    17.01
  SINCE JAN 1     14.95                     21.52  -6.57    25.69

DEGREE DAYS
 HEATING
  YESTERDAY        0                         0      0
  MONTH TO DATE    6                         0      6
  SINCE JUN 1      6                        16    -10
  SINCE JUL 1      6                         0      6

 COOLING
  YESTERDAY       12                        11      1
  MONTH TO DATE  323                       286     37
  SINCE JUN 1    680                       513    167
  SINCE JAN 1    784                       599    185
..................................................................


WIND (MPH)
  HIGHEST WIND SPEED     9   HIGHEST WIND DIRECTION     E (80)
  HIGHEST GUST SPEED    11   HIGHEST GUST DIRECTION    NE (40)
  AVERAGE WIND SPEED     4.7


SKY COVER
  AVERAGE SKY COVER 0.1



RELATIVE HUMIDITY (PERCENT)
 HIGHEST    93           400 AM
 LOWEST     43           400 PM
 AVERAGE    68

..........................................................


THE QUINCY IL CLIMATE NORMALS FOR TODAY
                         NORMAL    RECORD    YEAR
 MAXIMUM TEMPERATURE (F)   86       105      1936
                                             1930
                                             1916
 MINIMUM TEMPERATURE (F)   66        50      1962


SUNRISE AND SUNSET
JULY 27 2016..........SUNRISE   559 AM CDT   SUNSET   823 PM CDT
JULY 28 2016..........SUNRISE   600 AM CDT   SUNSET   822 PM CDT


-  INDICATES NEGATIVE NUMBERS.
R  INDICATES RECORD WAS SET OR TIED.
MM INDICATES DATA IS MISSING.
T  INDICATES TRACE AMOUNT.




$$
