000
CDUS43 KLSX 230746
CLIUIN


CLIMATE REPORT
NATIONAL WEATHER SERVICE ST LOUIS MO
144 AM CST THU NOV 23 2017


...................................

...THE QUINCY IL CLIMATE SUMMARY FOR NOVEMBER 22 2017...

CLIMATE NORMAL PERIOD 1981 TO 2010
CLIMATE RECORD PERIOD 1901 TO 2017


WEATHER ITEM   OBSERVED TIME   RECORD YEAR NORMAL DEPARTURE LAST
                VALUE   (LST)  VALUE       VALUE  FROM      YEAR
                                                  NORMAL
..................................................................
TEMPERATURE (F)
 YESTERDAY
  MAXIMUM         38    325 PM  75    2010  48    -10       49
                                      1913
  MINIMUM         18    609 AM   8    1937  31    -13       37
  AVERAGE         28                        39    -11

PRECIPITATION (IN)
  YESTERDAY        0.00          1.17 1963   0.10  -0.10     0.10
  MONTH TO DATE    1.30                      2.24  -0.94     0.91
  SINCE SEP 1      6.45                      8.55  -2.10     5.91
  SINCE JAN 1     32.60                     34.30  -1.70    29.60

DEGREE DAYS
 HEATING
  YESTERDAY       37                        26     11
  MONTH TO DATE  521                       453     68
  SINCE SEP 1    802                       872    -70
  SINCE JUL 1    802                       877    -75

 COOLING
  YESTERDAY        0                         0      0
  MONTH TO DATE    0                         0      0
  SINCE SEP 1    234                       140     94
  SINCE JAN 1   1229                      1093    136
..................................................................


WIND (MPH)
  HIGHEST WIND SPEED    12   HIGHEST WIND DIRECTION    NW (320)
  HIGHEST GUST SPEED    14   HIGHEST GUST DIRECTION    NW (320)
  AVERAGE WIND SPEED     5.1


SKY COVER
  AVERAGE SKY COVER 0.1



RELATIVE HUMIDITY (PERCENT)
 HIGHEST    84           600 AM
 LOWEST     40           300 PM
 AVERAGE    62

..........................................................


THE QUINCY IL CLIMATE NORMALS FOR TODAY
                         NORMAL    RECORD    YEAR
 MAXIMUM TEMPERATURE (F)   47        71      1931
                                             1913
 MINIMUM TEMPERATURE (F)   30         2      1950


SUNRISE AND SUNSET
NOVEMBER 23 2017......SUNRISE   659 AM CST   SUNSET   443 PM CST
NOVEMBER 24 2017......SUNRISE   700 AM CST   SUNSET   443 PM CST


-  INDICATES NEGATIVE NUMBERS.
R  INDICATES RECORD WAS SET OR TIED.
MM INDICATES DATA IS MISSING.
T  INDICATES TRACE AMOUNT.




$$
