000
CDUS46 KEKA 101214
CLIUKI


CLIMATE REPORT
NATIONAL WEATHER SERVICE EUREKA CA
414 AM PST WED FEB 10 2016


...................................

...THE UKIAH CA CLIMATE SUMMARY FOR FEBRUARY 9 2016...

CLIMATE NORMAL PERIOD 1981 TO 2010
CLIMATE RECORD PERIOD 1903 TO 2016


WEATHER ITEM   OBSERVED TIME   RECORD YEAR NORMAL DEPARTURE LAST
                VALUE   (LST)  VALUE       VALUE  FROM      YEAR
                                                  NORMAL
..................................................................
TEMPERATURE (F)
 YESTERDAY
  MAXIMUM         75    329 PM  79    1954  60     15       61
  MINIMUM         39    712 AM  20    1929  38      1       43
  AVERAGE         57                        49      8       52

PRECIPITATION (IN)
  YESTERDAY        0.00          1.80 1919   0.21  -0.21     0.42
  MONTH TO DATE    0.29                      1.83  -1.54     4.72
  SINCE OCT 1     23.28                     22.22   1.06    22.95
  SINCE JAN 1     11.07                      8.84   2.23     5.18

SNOWFALL (IN)
  YESTERDAY        0.0          MM      MM  MM     MM       MM
  MONTH TO DATE    0.0                      MM     MM        0.0
  SINCE DEC 1      0.0                      MM     MM        0.0
  SINCE JUL 1      0.0                      MM     MM        0.0
  SNOW DEPTH       0

DEGREE DAYS
 HEATING
  YESTERDAY        8                        16     -8       13
  MONTH TO DATE  115                       149    -34       71
  SINCE DEC 1   1214                      1326   -112      917
  SINCE JUL 1   1737                      1949   -212     1318

 COOLING
  YESTERDAY        0                         0      0        0
  MONTH TO DATE    0                         0      0        0
  SINCE DEC 1      0                         0      0        0
  SINCE JAN 1      0                         0      0        0
..................................................................


WIND (MPH)
  HIGHEST WIND SPEED     8   HIGHEST WIND DIRECTION     W (250)
  HIGHEST GUST SPEED    11   HIGHEST GUST DIRECTION     W (250)
  AVERAGE WIND SPEED     0.9


SKY COVER
  AVERAGE SKY COVER 0.0


WEATHER CONDITIONS
 THE FOLLOWING WEATHER WAS RECORDED YESTERDAY.
  NO SIGNIFICANT WEATHER WAS OBSERVED.


RELATIVE HUMIDITY (PERCENT)
 HIGHEST    92
 LOWEST     37
 AVERAGE    65

..........................................................


THE UKIAH CA CLIMATE NORMALS FOR TODAY
                         NORMAL    RECORD    YEAR
 MAXIMUM TEMPERATURE (F)   60        81      1971
 MINIMUM TEMPERATURE (F)   38        20      1929


SUNRISE AND SUNSET
FEBRUARY 10 2016......SUNRISE   711 AM PST   SUNSET   544 PM PST
FEBRUARY 11 2016......SUNRISE   710 AM PST   SUNSET   545 PM PST


-  INDICATES NEGATIVE NUMBERS.
R  INDICATES RECORD WAS SET OR TIED.
MM INDICATES DATA IS MISSING.
T  INDICATES TRACE AMOUNT.




$$
