000
CDUS46 KEKA 100013
CLIUKI


CLIMATE REPORT
NATIONAL WEATHER SERVICE EUREKA CA
509 PM PDT WED JUL 9 2014


...................................

...THE UKIAH CA CLIMATE SUMMARY FOR JULY 9 2014...
VALID TODAY AS OF 0500 PM LOCAL TIME.

CLIMATE NORMAL PERIOD 1981 TO 2010
CLIMATE RECORD PERIOD 1903 TO 2014


WEATHER ITEM   OBSERVED RECORD YEAR NORMAL DEPARTURE LAST
                VALUE   VALUE       VALUE  FROM      YEAR
                                           NORMAL
...........................................................
TEMPERATURE (F)
 TODAY
  MAXIMUM         91    110    2008  91      0       98
  MINIMUM         57     44    1917  56      1       55
  AVERAGE         74                 74      0       77

PRECIPITATION (IN)
  TODAY            0.00   0.00 2003   0.00   0.00     0.00
  MONTH TO DATE    0.00               0.03  -0.03     0.03
  SINCE JUL 1      0.00               0.03  -0.03     0.03
  SINCE JAN 1     16.63              23.41  -6.78     5.61

SNOWFALL (IN)
  TODAY            0.0   MM          MM     MM        0.0
  MONTH TO DATE    0.0               MM     MM        0.0
  SINCE JUN 1      0.0               MM     MM        0.0
  SINCE JUL 1      0.0               MM     MM        0.0
  SNOW DEPTH      MM

...........................................................


WIND (MPH)
  HIGHEST WIND SPEED    15   HIGHEST WIND DIRECTION    SE (150)
  HIGHEST GUST SPEED    23   HIGHEST GUST DIRECTION    SE (140)
  AVERAGE WIND SPEED     7.9


SKY COVER
  AVERAGE SKY COVER 0.0


WEATHER CONDITIONS
 THE FOLLOWING WEATHER WAS RECORDED TODAY.
  NO SIGNIFICANT WEATHER WAS OBSERVED.


RELATIVE HUMIDITY (PERCENT)
 HIGHEST    80
 LOWEST     29
 AVERAGE    55

..........................................................


THE UKIAH CA CLIMATE NORMALS FOR TOMORROW
                         NORMAL    RECORD    YEAR
 MAXIMUM TEMPERATURE (F)   91       109      1961
 MINIMUM TEMPERATURE (F)   56        43      1918


SUNRISE AND SUNSET
JULY  9 2014..........SUNRISE   555 AM PDT   SUNSET   841 PM PDT
JULY 10 2014..........SUNRISE   556 AM PDT   SUNSET   840 PM PDT


-  INDICATES NEGATIVE NUMBERS.
R  INDICATES RECORD WAS SET OR TIED.
MM INDICATES DATA IS MISSING.
T  INDICATES TRACE AMOUNT.




$$
