000
CDUS46 KEKA 251212
CLIUKI


CLIMATE REPORT
NATIONAL WEATHER SERVICE EUREKA CA
412 AM PST SUN JAN 25 2015


...................................

...THE UKIAH CA CLIMATE SUMMARY FOR JANUARY 24 2015...

CLIMATE NORMAL PERIOD 1981 TO 2010
CLIMATE RECORD PERIOD 1903 TO 2015


WEATHER ITEM   OBSERVED TIME   RECORD YEAR NORMAL DEPARTURE LAST
                VALUE   (LST)  VALUE       VALUE  FROM      YEAR
                                                  NORMAL
..................................................................
TEMPERATURE (F)
 YESTERDAY
  MAXIMUM         76    322 PM  77    1975  57     19       75
  MINIMUM         38    743 AM  18    1949  37      1       42
  AVERAGE         57                        47     10       59

PRECIPITATION (IN)
  YESTERDAY        0.00          2.01 1970   0.12  -0.12     0.00
  MONTH TO DATE    0.46                      6.24  -5.78     0.18
  SINCE JUL 1     18.92                     20.21  -1.29     2.10
  SINCE JAN 1      0.46                      6.24  -5.78     0.18

SNOWFALL (IN)
  YESTERDAY        0.0          MM      MM  MM     MM        0.0
  MONTH TO DATE    0.0                      MM     MM        0.0
  SINCE DEC 1      0.0                      MM     MM        0.0
  SINCE JUL 1      0.0                      MM     MM        0.0
  SNOW DEPTH       0

DEGREE DAYS
 HEATING
  YESTERDAY        8                        18    -10        6
  MONTH TO DATE  363                       448    -85      362
  SINCE DEC 1    778                      1055   -277     1009
  SINCE JUL 1   1179                      1678   -499     1534

 COOLING
  YESTERDAY        0                         0      0        0
  MONTH TO DATE    0                         0      0        0
  SINCE DEC 1      0                         0      0        0
  SINCE JAN 1      0                         0      0        0
..................................................................


WIND (MPH)
  HIGHEST WIND SPEED     7   HIGHEST WIND DIRECTION     W (270)
  HIGHEST GUST SPEED     7   HIGHEST GUST DIRECTION     W (280)
  AVERAGE WIND SPEED     1.3


SKY COVER
  AVERAGE SKY COVER 0.0


WEATHER CONDITIONS
 THE FOLLOWING WEATHER WAS RECORDED YESTERDAY.
  NO SIGNIFICANT WEATHER WAS OBSERVED.


RELATIVE HUMIDITY (PERCENT)
 HIGHEST    93
 LOWEST     41
 AVERAGE    67

..........................................................


THE UKIAH CA CLIMATE NORMALS FOR TODAY
                         NORMAL    RECORD    YEAR
 MAXIMUM TEMPERATURE (F)   57        77      2014
 MINIMUM TEMPERATURE (F)   37        19      1949


SUNRISE AND SUNSET
JANUARY 25 2015.......SUNRISE   725 AM PST   SUNSET   525 PM PST
JANUARY 26 2015.......SUNRISE   724 AM PST   SUNSET   527 PM PST


-  INDICATES NEGATIVE NUMBERS.
R  INDICATES RECORD WAS SET OR TIED.
MM INDICATES DATA IS MISSING.
T  INDICATES TRACE AMOUNT.




$$
