672
CDUS46 KEKA 231453 CCA
CLIUKI

CLIMATE REPORT...CORRECTED
NATIONAL WEATHER SERVICE EUREKA CA

513 AM PDT SAT JUL 23 2016


...................................

...THE UKIAH CA CLIMATE SUMMARY FOR JULY 22 2016...

CLIMATE NORMAL PERIOD 1981 TO 2010
CLIMATE RECORD PERIOD 1903 TO 2016


WEATHER ITEM   OBSERVED TIME   RECORD YEAR NORMAL DEPARTURE LAST
                VALUE   (LST)  VALUE       VALUE  FROM      YEAR
                                                  NORMAL
..................................................................
TEMPERATURE (F)
 YESTERDAY
  MAXIMUM         MM    918 PM 112    2006  94    MMM       92
  MINIMUM         MM    522 AM  44    1929  56    MMM       54
 AVERAGE          MM                        75    MMM       73

PRECIPITATION (IN)
  YESTERDAY        0.00          0.02 1994   0.00   0.00     0.00
  MONTH TO DATE    T                         0.04  -0.04     0.13
  SINCE OCT 1     36.52                     36.80  -0.28    26.00
  SINCE JAN 1     24.31                     23.42   0.89     8.23

SNOWFALL (IN)
  YESTERDAY        0.0          MM      MM  MM     MM        0.0
  MONTH TO DATE    0.0                      MM     MM        0.0
  SINCE JUN 1      0.0                      MM     MM        0.0
  SINCE JUL 1      0.0                      MM     MM        0.0
  SNOW DEPTH       0

DEGREE DAYS
 HEATING
  YESTERDAY        5                         0      5        0
  MONTH TO DATE    5                         0      5        1
  SINCE JUN 1     27                        32     -5        5
  SINCE JUL 1      5                         0      5        1

 COOLING
  YESTERDAY        0                        10    -10        8
  MONTH TO DATE  153                       193    -40      224
  SINCE JUN 1    347                       305     42      515
  SINCE JAN 1    412                       357     55      563
..................................................................


WIND (MPH)
  HIGHEST WIND SPEED     5   HIGHEST WIND DIRECTION    NW (310)
  HIGHEST GUST SPEED     5   HIGHEST GUST DIRECTION    NW (310)
  AVERAGE WIND SPEED     0.1


SKY COVER
  AVERAGE SKY COVER 0.0


WEATHER CONDITIONS
 THE FOLLOWING WEATHER WAS RECORDED YESTERDAY.
  NO SIGNIFICANT WEATHER WAS OBSERVED.


RELATIVE HUMIDITY (PERCENT)
 HIGHEST    86
 LOWEST     42
 AVERAGE    64

..........................................................


THE UKIAH CA CLIMATE NORMALS FOR TODAY
                         NORMAL    RECORD    YEAR
 MAXIMUM TEMPERATURE (F)   94       112      2006
 MINIMUM TEMPERATURE (F)   56        40      1926


SUNRISE AND SUNSET
JULY 23 2016..........SUNRISE   606 AM PDT   SUNSET   832 PM PDT
JULY 24 2016..........SUNRISE   607 AM PDT   SUNSET   831 PM PDT


-  INDICATES NEGATIVE NUMBERS.
R  INDICATES RECORD WAS SET OR TIED.
MM INDICATES DATA IS MISSING.
T  INDICATES TRACE AMOUNT.




$$
