000
CDUS46 KEKA 231214
CLIUKI


CLIMATE REPORT
NATIONAL WEATHER SERVICE EUREKA CA
514 AM PDT WED APR 23 2014


...................................

...THE UKIAH CA CLIMATE SUMMARY FOR APRIL 22 2014...

CLIMATE NORMAL PERIOD 1981 TO 2010
CLIMATE RECORD PERIOD 1903 TO 2014


WEATHER ITEM   OBSERVED TIME   RECORD YEAR NORMAL DEPARTURE LAST
                VALUE   (LST)  VALUE       VALUE  FROM      YEAR
                                                  NORMAL
..................................................................
TEMPERATURE (F)
 YESTERDAY
  MAXIMUM         62    101 PM  92    1954  70     -8       91
  MINIMUM         42   1148 PM  29    1920  43     -1       47
  AVERAGE         52                        57     -5       69

PRECIPITATION (IN)
  YESTERDAY        T             1.50 1988   0.09  -0.09     0.00
  MONTH TO DATE    1.12                      1.96  -0.84     1.08
  SINCE JUL 1     18.30                     35.00 -16.70    27.83
  SINCE JAN 1     16.38                     21.03  -4.65     5.13

SNOWFALL (IN)
  YESTERDAY        0.0          MM      MM  MM     MM        0.0
  MONTH TO DATE    0.0                      MM     MM        0.0
  SINCE MAR 1      0.0                      MM     MM        0.0
  SINCE JUL 1      0.0                      MM     MM        0.0
  SNOW DEPTH       0

DEGREE DAYS
 HEATING
  YESTERDAY       13                         9      4        0
  MONTH TO DATE  113                       238   -125      163
  SINCE MAR 1    405                       652   -247      512
  SINCE JUL 1   2412                      2885   -473     2642

 COOLING
  YESTERDAY        0                         0      0        4
  MONTH TO DATE    6                         0      6        5
  SINCE MAR 1      6                         0      6        5
  SINCE JAN 1      6                         0      6        5
..................................................................


WIND (MPH)
  HIGHEST WIND SPEED    20   HIGHEST WIND DIRECTION    NW (330)
  HIGHEST GUST SPEED    27   HIGHEST GUST DIRECTION    NW (320)
  AVERAGE WIND SPEED     9.4


SKY COVER
  AVERAGE SKY COVER 0.4


WEATHER CONDITIONS
 THE FOLLOWING WEATHER WAS RECORDED YESTERDAY.
  LIGHT RAIN


RELATIVE HUMIDITY (PERCENT)
 HIGHEST    74
 LOWEST     34
 AVERAGE    54

..........................................................


THE UKIAH CA CLIMATE NORMALS FOR TODAY
                         NORMAL    RECORD    YEAR
 MAXIMUM TEMPERATURE (F)   71        94      1927
 MINIMUM TEMPERATURE (F)   44        27      1920


SUNRISE AND SUNSET
APRIL 23 2014.........SUNRISE   625 AM PDT   SUNSET   758 PM PDT
APRIL 24 2014.........SUNRISE   623 AM PDT   SUNSET   759 PM PDT


-  INDICATES NEGATIVE NUMBERS.
R  INDICATES RECORD WAS SET OR TIED.
MM INDICATES DATA IS MISSING.
T  INDICATES TRACE AMOUNT.




$$
