000
CDUS46 KEKA 281217
CLIUKI


CLIMATE REPORT
NATIONAL WEATHER SERVICE EUREKA CA
516 AM PDT SAT MAR 28 2015


...................................

...THE UKIAH CA CLIMATE SUMMARY FOR MARCH 27 2015...

CLIMATE NORMAL PERIOD 1981 TO 2010
CLIMATE RECORD PERIOD 1903 TO 2015


WEATHER ITEM   OBSERVED TIME   RECORD YEAR NORMAL DEPARTURE LAST
                VALUE   (LST)  VALUE       VALUE  FROM      YEAR
                                                  NORMAL
..................................................................
TEMPERATURE (F)
 YESTERDAY
  MAXIMUM         78    235 PM  91    1923  64     14       58
  MINIMUM         47    623 AM  29    1944  40      7       46
  AVERAGE         63                        52     11       52

PRECIPITATION (IN)
  YESTERDAY        0.00          2.81 2012   0.16  -0.16     0.02
  MONTH TO DATE    0.56                      4.89  -4.33     3.74
  SINCE OCT 1     23.51                     31.82  -8.31    14.25
  SINCE JAN 1      5.74                     18.44 -12.70    12.91

SNOWFALL (IN)
  YESTERDAY        0.0          MM      MM  MM     MM       MM
  MONTH TO DATE    0.0                      MM     MM        0.0
  SINCE MAR 1      0.0                      MM     MM        0.0
  SINCE JUL 1      0.0                      MM     MM        0.0
  SNOW DEPTH       0

DEGREE DAYS
 HEATING
  YESTERDAY        2                        13    -11       13
  MONTH TO DATE  179                       362   -183      234
  SINCE MAR 1    179                       362   -183      234
  SINCE JUL 1   1693                      2595   -902     2241

 COOLING
  YESTERDAY        0                         0      0        0
  MONTH TO DATE    5                         0      5        0
  SINCE MAR 1      5                         0      5        0
  SINCE JAN 1      5                         0      5        0
..................................................................


WIND (MPH)
  HIGHEST WIND SPEED    22   HIGHEST WIND DIRECTION     N (340)
  HIGHEST GUST SPEED    29   HIGHEST GUST DIRECTION     N (350)
  AVERAGE WIND SPEED     4.2


SKY COVER
  AVERAGE SKY COVER 0.0


WEATHER CONDITIONS
 THE FOLLOWING WEATHER WAS RECORDED YESTERDAY.
  NO SIGNIFICANT WEATHER WAS OBSERVED.


RELATIVE HUMIDITY (PERCENT)
 HIGHEST    93
 LOWEST     31
 AVERAGE    62

..........................................................


THE UKIAH CA CLIMATE NORMALS FOR TODAY
                         NORMAL    RECORD    YEAR
 MAXIMUM TEMPERATURE (F)   64        87      1930
 MINIMUM TEMPERATURE (F)   40        28      1908


SUNRISE AND SUNSET
MARCH 28 2015.........SUNRISE   704 AM PDT   SUNSET   733 PM PDT
MARCH 29 2015.........SUNRISE   702 AM PDT   SUNSET   734 PM PDT


-  INDICATES NEGATIVE NUMBERS.
R  INDICATES RECORD WAS SET OR TIED.
MM INDICATES DATA IS MISSING.
T  INDICATES TRACE AMOUNT.




$$
