000
CDUS43 KSGF 040629
CLIUNO


CLIMATE REPORT
NATIONAL WEATHER SERVICE SPRINGFIELD MO
129 AM CDT FRI SEP 4 2015


...................................

...THE WEST PLAINS MO CLIMATE SUMMARY FOR SEPTEMBER 3 2015...

CLIMATE NORMAL PERIOD 1981 TO 2010
CLIMATE RECORD PERIOD 1947 TO 2015


WEATHER ITEM   OBSERVED TIME   RECORD YEAR NORMAL DEPARTURE LAST
                VALUE   (LST)  VALUE       VALUE  FROM      YEAR
                                                  NORMAL
..................................................................
TEMPERATURE (F)
 YESTERDAY
  MAXIMUM         89    307 PM 103    1954  86      3       88
  MINIMUM         65    512 AM  44    1952  62      3       61
  AVERAGE         77                        74      3       75

PRECIPITATION (IN)
  YESTERDAY        0.00          3.40 2008   0.15  -0.15     0.00
  MONTH TO DATE    0.00                      0.44  -0.44     0.46
  SINCE SEP 1      0.00                      0.44  -0.44     0.46
  SINCE JAN 1     35.71                     30.51   5.20    22.08

DEGREE DAYS
 HEATING
  YESTERDAY        0                         0      0        0
  MONTH TO DATE    0                         0      0        0
  SINCE SEP 1      0                         0      0        0
  SINCE JUL 1      0                         1     -1        2

 COOLING
  YESTERDAY       12                         9      3       10
  MONTH TO DATE   37                        28      9       28
  SINCE SEP 1     37                        28      9       28
  SINCE JAN 1   1194                      1200     -6     1083
..................................................................


WIND (MPH)
  HIGHEST WIND SPEED     9   HIGHEST WIND DIRECTION    SW (240)
  HIGHEST GUST SPEED    14   HIGHEST GUST DIRECTION    SW (210)
  AVERAGE WIND SPEED     1.9


SKY COVER
  AVERAGE SKY COVER 0.1


WEATHER CONDITIONS
 THE FOLLOWING WEATHER WAS RECORDED YESTERDAY.
  FOG
  HAZE


RELATIVE HUMIDITY (PERCENT)
 HIGHEST    93           300 AM
 LOWEST     44           100 PM
 AVERAGE    69

..........................................................


THE WEST PLAINS MO CLIMATE NORMALS FOR TODAY
                         NORMAL    RECORD    YEAR
 MAXIMUM TEMPERATURE (F)   85       103      1954
 MINIMUM TEMPERATURE (F)   62        43      1974


SUNRISE AND SUNSET
SEPTEMBER  4 2015.....SUNRISE   641 AM CDT   SUNSET   732 PM CDT
SEPTEMBER  5 2015.....SUNRISE   642 AM CDT   SUNSET   730 PM CDT


-  INDICATES NEGATIVE NUMBERS.
R  INDICATES RECORD WAS SET OR TIED.
MM INDICATES DATA IS MISSING.
T  INDICATES TRACE AMOUNT.




$$
