000
CDUS43 KSGF 250627
CLIUNO


CLIMATE REPORT
NATIONAL WEATHER SERVICE SPRINGFIELD MO
127 AM CDT FRI JUL 25 2014


...................................

...THE WEST PLAINS MO CLIMATE SUMMARY FOR JULY 24 2014...

CLIMATE NORMAL PERIOD 1981 TO 2010
CLIMATE RECORD PERIOD 1947 TO 2014


WEATHER ITEM   OBSERVED TIME   RECORD YEAR NORMAL DEPARTURE LAST
                VALUE   (LST)  VALUE       VALUE  FROM      YEAR
                                                  NORMAL
..................................................................
TEMPERATURE (F)
 YESTERDAY
  MAXIMUM         82    326 PM 100    2012  90     -8       83
  MINIMUM         60   1150 PM  55    2000  66     -6       64
                                      2007
  AVERAGE         71                        78     -7       74

PRECIPITATION (IN)
  YESTERDAY        0.00          1.60 1998   0.12  -0.12     0.00
  MONTH TO DATE    1.62                      2.88  -1.26     3.85
  SINCE JUN 1      6.85                      6.90  -0.05     7.52
  SINCE JAN 1     18.83                     26.17  -7.34    29.34

DEGREE DAYS
 HEATING
  YESTERDAY        0                         0      0        0
  MONTH TO DATE    2                         0      2        0
  SINCE JUN 1      4                         5     -1        9
  SINCE JUL 1      2                         0      2        0

 COOLING
  YESTERDAY        6                        13     -7        9
  MONTH TO DATE  175                       308   -133      231
  SINCE JUN 1    440                       574   -134      379
  SINCE JAN 1    590                       696   -106      491
..................................................................


WIND (MPH)
  HIGHEST WIND SPEED    13   HIGHEST WIND DIRECTION    NE (30)
  HIGHEST GUST SPEED    16   HIGHEST GUST DIRECTION     E (70)
  AVERAGE WIND SPEED     5.7


SKY COVER
  AVERAGE SKY COVER 0.1


WEATHER CONDITIONS
 THE FOLLOWING WEATHER WAS RECORDED YESTERDAY.
  NO SIGNIFICANT WEATHER WAS OBSERVED.


RELATIVE HUMIDITY (PERCENT)
 HIGHEST    90          1200 AM
 LOWEST     42           200 PM
 AVERAGE    66

..........................................................


THE WEST PLAINS MO CLIMATE NORMALS FOR TODAY
                         NORMAL    RECORD    YEAR
 MAXIMUM TEMPERATURE (F)   90       104      1986
 MINIMUM TEMPERATURE (F)   66        54      1957


SUNRISE AND SUNSET
JULY 25 2014..........SUNRISE   608 AM CDT   SUNSET   820 PM CDT
JULY 26 2014..........SUNRISE   608 AM CDT   SUNSET   820 PM CDT


-  INDICATES NEGATIVE NUMBERS.
R  INDICATES RECORD WAS SET OR TIED.
MM INDICATES DATA IS MISSING.
T  INDICATES TRACE AMOUNT.




$$
