000
CDUS43 KSGF 200629
CLIUNO


CLIMATE REPORT
NATIONAL WEATHER SERVICE SPRINGFIELD MO
129 AM CDT MON OCT 20 2014


...................................

...THE WEST PLAINS MO CLIMATE SUMMARY FOR OCTOBER 19 2014...

CLIMATE NORMAL PERIOD 1981 TO 2010
CLIMATE RECORD PERIOD 1947 TO 2014


WEATHER ITEM   OBSERVED TIME   RECORD YEAR NORMAL DEPARTURE LAST
                VALUE   (LST)  VALUE       VALUE  FROM      YEAR
                                                  NORMAL
..................................................................
TEMPERATURE (F)
 YESTERDAY
  MAXIMUM         63    124 PM  87    1963  69     -6       57
  MINIMUM         37    633 AM  29    1996  44     -7       40
  AVERAGE         50                        56     -6       49

PRECIPITATION (IN)
  YESTERDAY        0.00          1.18 2006   0.15  -0.15     0.09
  MONTH TO DATE    7.08                      2.34   4.74     1.80
  SINCE SEP 1      9.28                      6.43   2.85     3.45
  SINCE JAN 1     30.90                     36.50  -5.60    45.68

DEGREE DAYS
 HEATING
  YESTERDAY       15                         9      6       16
  MONTH TO DATE  120                       131    -11      107
  SINCE SEP 1    164                       172     -8      123
  SINCE JUL 1    166                       173     -7      127

 COOLING
  YESTERDAY        0                         0      0        0
  MONTH TO DATE   24                        20      4       34
  SINCE SEP 1    164                       176    -12      230
  SINCE JAN 1   1219                      1348   -129     1072
..................................................................


WIND (MPH)
  HIGHEST WIND SPEED    12   HIGHEST WIND DIRECTION     S (200)
  HIGHEST GUST SPEED    14   HIGHEST GUST DIRECTION    SE (150)
  AVERAGE WIND SPEED     3.5


SKY COVER
  AVERAGE SKY COVER 0.0


WEATHER CONDITIONS
 THE FOLLOWING WEATHER WAS RECORDED YESTERDAY.
  NO SIGNIFICANT WEATHER WAS OBSERVED.


RELATIVE HUMIDITY (PERCENT)
 HIGHEST    92           300 AM
 LOWEST     51           200 PM
 AVERAGE    72

..........................................................


THE WEST PLAINS MO CLIMATE NORMALS FOR TODAY
                         NORMAL    RECORD    YEAR
 MAXIMUM TEMPERATURE (F)   68        85      1963
 MINIMUM TEMPERATURE (F)   44        23      1972


SUNRISE AND SUNSET
OCTOBER 20 2014.......SUNRISE   720 AM CDT   SUNSET   624 PM CDT
OCTOBER 21 2014.......SUNRISE   721 AM CDT   SUNSET   623 PM CDT


-  INDICATES NEGATIVE NUMBERS.
R  INDICATES RECORD WAS SET OR TIED.
MM INDICATES DATA IS MISSING.
T  INDICATES TRACE AMOUNT.




$$
