000
CDUS43 KUNR 101835
CLIUNR


CLIMATE REPORT
NATIONAL WEATHER SERVICE RAPID CITY SD
1234 PM MDT THU JUL 10 2014


...................................

...THE EAST RAPID CITY SD CLIMATE SUMMARY FOR JULY 10 2014...
VALID AS OF 1100 AM LOCAL TIME.

CLIMATE NORMAL PERIOD 1981 TO 2010
CLIMATE RECORD PERIOD 1888 TO 2014


WEATHER ITEM   OBSERVED RECORD YEAR NORMAL DEPARTURE LAST
                VALUE   VALUE       VALUE  FROM      YEAR
                                           NORMAL
...........................................................
TEMPERATURE (F)
 TODAY
  MAXIMUM         76    105    1936  84     -8       89
  MINIMUM         59     47    1895  61     -2       60
  AVERAGE         68                 72     -4       75

PRECIPITATION (IN)
  TODAY            0.01   1.40 1955   0.08  -0.07     0.04
  MONTH TO DATE    0.15               0.72  -0.57     0.76
  SINCE JUN 1      6.20               3.88   2.32     2.43
  SINCE JAN 1     11.38              11.93  -0.55    11.15

SNOWFALL (IN)
  TODAY            0.0                0.0    0.0      0.0
  MONTH TO DATE    0.0                0.0    0.0      0.0
  SINCE JUN 1      0.0                0.0    0.0      0.0
  SINCE JUL 1      0.0                0.0    0.0      0.0
  SNOW DEPTH       0

DEGREE DAYS
 HEATING
  TODAY            0                  0      0        0
  MONTH TO DATE    4                  6     -2        0
  SINCE JUN 1    112                 94     18       58
  SINCE JUL 1      4                  6     -2        0

 COOLING
  TODAY            3                  8     -5       10
  MONTH TO DATE   57                 71    -14       89
  SINCE JUN 1     85                162    -77      184
  SINCE JAN 1    113                180    -67      208
...........................................................





WEATHER CONDITIONS
 THE FOLLOWING WEATHER WAS RECORDED TODAY.
  THUNDERSTORM
  LIGHT RAIN


..........................................................


THE EAST RAPID CITY SD CLIMATE NORMALS FOR TOMORROW
                         NORMAL    RECORD    YEAR
 MAXIMUM TEMPERATURE (F)   84       100      1939
 MINIMUM TEMPERATURE (F)   62        47      1922


SUNRISE AND SUNSET
JULY 10 2014..........SUNRISE   520 AM MDT   SUNSET   836 PM MDT
JULY 11 2014..........SUNRISE   520 AM MDT   SUNSET   836 PM MDT


-  INDICATES NEGATIVE NUMBERS.
R  INDICATES RECORD WAS SET OR TIED.
MM INDICATES DATA IS MISSING.
T  INDICATES TRACE AMOUNT.




$$
