000
CDUS43 KUNR 240834
CLIUNR


CLIMATE REPORT
NATIONAL WEATHER SERVICE RAPID CITY SD
234 AM MDT THU AUG 24 2017


...................................

...THE EAST RAPID CITY SD CLIMATE SUMMARY FOR AUGUST 23 2017...

CLIMATE NORMAL PERIOD 1981 TO 2010
CLIMATE RECORD PERIOD 1888 TO 2017


WEATHER ITEM   OBSERVED RECORD YEAR NORMAL DEPARTURE LAST
                VALUE   VALUE       VALUE  FROM      YEAR
                                           NORMAL
...........................................................
TEMPERATURE (F)
 YESTERDAY
  MAXIMUM         88    102    1949  83      5       78
  MINIMUM         58     42    1934  59     -1       61
  AVERAGE         73                 70      3       70

PRECIPITATION (IN)
  YESTERDAY        0.00   0.75 1911   0.05  -0.05     0.00
  MONTH TO DATE    2.39               1.57   0.82     2.15
  SINCE JUN 1      5.16               7.23  -2.07     5.59
  SINCE JAN 1      9.79              15.28  -5.49    10.13

SNOWFALL (IN)
  YESTERDAY        0.0    0.0  2002   0.0    0.0      0.0
                               2001
                               1951
  MONTH TO DATE    0.0                0.0    0.0      0.0
  SINCE JUN 1      0.0                0.0    0.0      0.0
  SINCE JUL 1      0.0                0.0    0.0      0.0
  SNOW DEPTH       0

DEGREE DAYS
 HEATING
  YESTERDAY        0                  1     -1        0
  MONTH TO DATE    5                  3      2       14
  SINCE JUN 1     17                103    -86       20
  SINCE JUL 1      5                 15    -10       15

 COOLING
  YESTERDAY        8                  6      2        5
  MONTH TO DATE   93                182    -89      190
  SINCE JUN 1    659                533    126      720
  SINCE JAN 1    672                551    121      726
...........................................................


WIND (MPH)
  HIGHEST GUST SPEED    14   HIGHEST GUST DIRECTION    NE (30)



WEATHER CONDITIONS
 THE FOLLOWING WEATHER WAS RECORDED YESTERDAY.
  NO SIGNIFICANT WEATHER WAS OBSERVED.


..........................................................


THE EAST RAPID CITY SD CLIMATE NORMALS FOR TODAY
                         NORMAL    RECORD    YEAR
 MAXIMUM TEMPERATURE (F)   82        99      2000
 MINIMUM TEMPERATURE (F)   58        41      1910


SUNRISE AND SUNSET
AUGUST 24 2017........SUNRISE   607 AM MDT   SUNSET   742 PM MDT
AUGUST 25 2017........SUNRISE   608 AM MDT   SUNSET   740 PM MDT


-  INDICATES NEGATIVE NUMBERS.
R  INDICATES RECORD WAS SET OR TIED.
MM INDICATES DATA IS MISSING.
T  INDICATES TRACE AMOUNT.




$$
