000
CDUS43 KUNR 231832
CLIUNR


CLIMATE REPORT
NATIONAL WEATHER SERVICE RAPID CITY SD
1232 PM MDT FRI JUN 23 2017


...................................

...THE EAST RAPID CITY SD CLIMATE SUMMARY FOR JUNE 23 2017...
VALID AS OF 1100 AM LOCAL TIME.

CLIMATE NORMAL PERIOD 1981 TO 2010
CLIMATE RECORD PERIOD 1888 TO 2017


WEATHER ITEM   OBSERVED RECORD YEAR NORMAL DEPARTURE LAST
                VALUE   VALUE       VALUE  FROM      YEAR
                                           NORMAL
...........................................................
TEMPERATURE (F)
 TODAY
  MAXIMUM         62    102    1937  79    -17       89
  MINIMUM         53     42    1967  57     -4       53
  AVERAGE         58                 68    -10       71

PRECIPITATION (IN)
  TODAY            0.00   1.35 1938   0.09  -0.09      T
  MONTH TO DATE    0.93               2.67  -1.74     0.52
  SINCE JUN 1      0.93               2.67  -1.74     0.52
  SINCE JAN 1      5.56              10.72  -5.16     5.06

SNOWFALL (IN)
  TODAY            0.0    0.0  2002   0.0    0.0      0.0
                               2001
                               2000
  MONTH TO DATE    0.0                0.0    0.0      0.0
  SINCE JUN 1      0.0                0.0    0.0      0.0
  SINCE JUL 1     39.2               49.3  -10.1     41.6
  SNOW DEPTH       0

DEGREE DAYS
 HEATING
  TODAY            7                  2      5        0
  MONTH TO DATE   10                 80    -70        5
  SINCE JUN 1     10                 80    -70        5
  SINCE JUL 1   6186               6852   -666     5719

 COOLING
  TODAY            0                  4     -4        6
  MONTH TO DATE  123                 54     69      182
  SINCE JUN 1    123                 54     69      182
  SINCE JAN 1    136                 72     64      188
...........................................................





WEATHER CONDITIONS
 THE FOLLOWING WEATHER WAS RECORDED TODAY.
  NO SIGNIFICANT WEATHER WAS OBSERVED.


..........................................................


THE EAST RAPID CITY SD CLIMATE NORMALS FOR TOMORROW
                         NORMAL    RECORD    YEAR
 MAXIMUM TEMPERATURE (F)   79       103      1936
 MINIMUM TEMPERATURE (F)   57        41      1967


SUNRISE AND SUNSET
JUNE 23 2017..........SUNRISE   510 AM MDT   SUNSET   840 PM MDT
JUNE 24 2017..........SUNRISE   511 AM MDT   SUNSET   840 PM MDT


-  INDICATES NEGATIVE NUMBERS.
R  INDICATES RECORD WAS SET OR TIED.
MM INDICATES DATA IS MISSING.
T  INDICATES TRACE AMOUNT.




$$
