000
CDUS43 KUNR 260836
CLIUNR


CLIMATE REPORT
NATIONAL WEATHER SERVICE RAPID CITY SD
232 AM MDT SAT JUL 26 2014


...................................

...THE EAST RAPID CITY SD CLIMATE SUMMARY FOR JULY 25 2014...

CLIMATE NORMAL PERIOD 1981 TO 2010
CLIMATE RECORD PERIOD 1888 TO 2014


WEATHER ITEM   OBSERVED RECORD YEAR NORMAL DEPARTURE LAST
                VALUE   VALUE       VALUE  FROM      YEAR
                                           NORMAL
...........................................................
TEMPERATURE (F)
 YESTERDAY
  MAXIMUM         80    105    1931  86     -6       81
  MINIMUM         65     46    1911  63      2       58
  AVERAGE         73                 74     -1       70

PRECIPITATION (IN)
  YESTERDAY        0.00   0.60 1948   0.09  -0.09     0.07
  MONTH TO DATE    1.42               1.92  -0.50     2.28
  SINCE JUN 1      7.47               5.08   2.39     3.95
  SINCE JAN 1     12.65              13.13  -0.48    12.67

SNOWFALL (IN)
  YESTERDAY        0.0                0.0    0.0      0.0
  MONTH TO DATE    0.0                0.0    0.0      0.0
  SINCE JUN 1      0.0                0.0    0.0      0.0
  SINCE JUL 1      0.0                0.0    0.0      0.0
  SNOW DEPTH       0

DEGREE DAYS
 HEATING
  YESTERDAY        0                  0      0        0
  MONTH TO DATE   11                  6      5        0
  SINCE JUN 1    119                 94     25       58
  SINCE JUL 1     11                  6      5        0

 COOLING
  YESTERDAY        8                  9     -1        5
  MONTH TO DATE  175                203    -28      256
  SINCE JUN 1    203                294    -91      351
  SINCE JAN 1    231                312    -81      375
...........................................................


WIND (MPH)
  HIGHEST GUST SPEED    44   HIGHEST GUST DIRECTION    NW (330)



WEATHER CONDITIONS
 THE FOLLOWING WEATHER WAS RECORDED YESTERDAY.
  NO SIGNIFICANT WEATHER WAS OBSERVED.


..........................................................


THE EAST RAPID CITY SD CLIMATE NORMALS FOR TODAY
                         NORMAL    RECORD    YEAR
 MAXIMUM TEMPERATURE (F)   86       104      1935
 MINIMUM TEMPERATURE (F)   63        49      1971


SUNRISE AND SUNSET
JULY 26 2014..........SUNRISE   534 AM MDT   SUNSET   824 PM MDT
JULY 27 2014..........SUNRISE   535 AM MDT   SUNSET   823 PM MDT


-  INDICATES NEGATIVE NUMBERS.
R  INDICATES RECORD WAS SET OR TIED.
MM INDICATES DATA IS MISSING.
T  INDICATES TRACE AMOUNT.




$$
