000
CDUS44 KCRP 060732
CLIVCT

CLIMATE REPORT
NATIONAL WEATHER SERVICE CORPUS CHRISTI TX
230 AM CDT MON JUL 6 2015


...................................

...THE VICTORIA CLIMATE SUMMARY FOR JULY 5 2015...

CLIMATE NORMAL PERIOD 1981 TO 2010
CLIMATE RECORD PERIOD 1893 TO 2015


WEATHER ITEM   OBSERVED TIME   RECORD YEAR NORMAL DEPARTURE LAST
                VALUE   (LST)  VALUE       VALUE  FROM      YEAR
                                                  NORMAL
..................................................................
TEMPERATURE (F)
 YESTERDAY
  MAXIMUM         92   1252 PM 102    2009  93     -1       93
  MINIMUM         74    520 AM  64    1924  74      0       73
  AVERAGE         83                        84     -1       83

PRECIPITATION (IN)
  YESTERDAY        0.00          3.28 1966   0.15  -0.15     0.01
  MONTH TO DATE    0.17                      0.77  -0.60     2.32
  SINCE JUN 1      9.54                      5.23   4.31     6.43
  SINCE JAN 1     37.27                     20.61  16.66    17.71

SNOWFALL (IN)
  YESTERDAY        0.0
  MONTH TO DATE    0.0
  SINCE JUN 1      0.0
  SINCE JUL 1      0.0
  SNOW DEPTH       0

DEGREE DAYS
 HEATING
  YESTERDAY        0                         0      0        0
  MONTH TO DATE    0                         0      0        0
  SINCE JUN 1      0                         0      0        0
  SINCE JUL 1      0                         0      0        0

 COOLING
  YESTERDAY       18                        18      0       18
  MONTH TO DATE   88                        90     -2       97
  SINCE JUN 1    585                       598    -13      655
  SINCE JAN 1   1285                      1257     28     1305
..................................................................


WIND (MPH)
  HIGHEST WIND SPEED    23   HIGHEST WIND DIRECTION     S (160)
  HIGHEST GUST SPEED    31   HIGHEST GUST DIRECTION     S (160)
  AVERAGE WIND SPEED    11.5


SKY COVER
  POSSIBLE SUNSHINE  MM
  AVERAGE SKY COVER 0.5


WEATHER CONDITIONS
 THE FOLLOWING WEATHER WAS RECORDED YESTERDAY.
  FOG


RELATIVE HUMIDITY (PERCENT)
 HIGHEST   100          1200 AM
 LOWEST     59          1200 PM
 AVERAGE    80

..........................................................


THE VICTORIA CLIMATE NORMALS FOR TODAY
                         NORMAL    RECORD    YEAR
 MAXIMUM TEMPERATURE (F)   93       103      2005
                                             1914
 MINIMUM TEMPERATURE (F)   74        67      1924
                                             1918


SUNRISE AND SUNSET
JULY  6 2015..........SUNRISE   635 AM CDT   SUNSET   830 PM CDT
JULY  7 2015..........SUNRISE   635 AM CDT   SUNSET   830 PM CDT


-  INDICATES NEGATIVE NUMBERS.
R  INDICATES RECORD WAS SET OR TIED.
MM INDICATES DATA IS MISSING.
T  INDICATES TRACE AMOUNT.

$$

CB
