000
CDUS44 KCRP 280833 RRA
CLIVCT

CLIMATE REPORT
NATIONAL WEATHER SERVICE CORPUS CHRISTI TX
331 AM CDT TUE MAR 28 2017


...................................

...THE VICTORIA CLIMATE SUMMARY FOR MARCH 27 2017...

CLIMATE NORMAL PERIOD 1981 TO 2010
CLIMATE RECORD PERIOD 1893 TO 2017


WEATHER ITEM   OBSERVED TIME   RECORD YEAR NORMAL DEPARTURE LAST
                VALUE   (LST)  VALUE       VALUE  FROM      YEAR
                                                  NORMAL
..................................................................
TEMPERATURE (F)
 YESTERDAY
  MAXIMUM         86    157 PM  98    1939  77      9       82
  MINIMUM         67    146 AM  32    1913  55     12       58
  AVERAGE         77                        66     11       70

PRECIPITATION (IN)
  YESTERDAY        0.00          0.42 2005   0.10  -0.10      T
  MONTH TO DATE    4.19                      2.41   1.78     4.26
  SINCE MAR 1      4.19                      2.41   1.78     4.26
  SINCE JAN 1     12.79                      7.01   5.78     9.20

SNOWFALL (IN)
  YESTERDAY        0.0
  MONTH TO DATE    0.0
  SINCE MAR 1      0.0
  SINCE JUL 1      0.0
  SNOW DEPTH       0

DEGREE DAYS
 HEATING
  YESTERDAY        0                         3     -3        0
  MONTH TO DATE   34                       117    -83       53
  SINCE MAR 1     34                       117    -83       53
  SINCE JUL 1    565                      1210   -645      903

 COOLING
  YESTERDAY       12                         3      9        5
  MONTH TO DATE  149                        60     89       99
  SINCE MAR 1    149                        60     89       99
  SINCE JAN 1    356                        98    258      134
..................................................................


WIND (MPH)
  HIGHEST WIND SPEED    18   HIGHEST WIND DIRECTION     S (170)
  HIGHEST GUST SPEED    25   HIGHEST GUST DIRECTION     S (160)
  AVERAGE WIND SPEED     9.3


SKY COVER
  POSSIBLE SUNSHINE  MM
  AVERAGE SKY COVER 0.8


WEATHER CONDITIONS
 THE FOLLOWING WEATHER WAS RECORDED YESTERDAY.
  FOG
  HAZE


RELATIVE HUMIDITY (PERCENT)
 HIGHEST    97           500 AM
 LOWEST     59           200 PM
 AVERAGE    78

..........................................................


THE VICTORIA CLIMATE NORMALS FOR TODAY
                         NORMAL    RECORD    YEAR
 MAXIMUM TEMPERATURE (F)   77        92      1971
                                             1909
 MINIMUM TEMPERATURE (F)   55        34      1931


SUNRISE AND SUNSET
MARCH 28 2017.........SUNRISE   722 AM CDT   SUNSET   744 PM CDT
MARCH 29 2017.........SUNRISE   721 AM CDT   SUNSET   744 PM CDT


-  INDICATES NEGATIVE NUMBERS.
R  INDICATES RECORD WAS SET OR TIED.
MM INDICATES DATA IS MISSING.
T  INDICATES TRACE AMOUNT.




$$
