000
CDUS44 KCRP 280646 RRA
CLIVCT

CLIMATE REPORT
NATIONAL WEATHER SERVICE CORPUS CHRISTI TX
144 AM CDT FRI AUG 28 2015


...................................

...THE VICTORIA CLIMATE SUMMARY FOR AUGUST 27 2015...

CLIMATE NORMAL PERIOD 1981 TO 2010
CLIMATE RECORD PERIOD 1893 TO 2015


WEATHER ITEM   OBSERVED TIME   RECORD YEAR NORMAL DEPARTURE LAST
                VALUE   (LST)  VALUE       VALUE  FROM      YEAR
                                                  NORMAL
..................................................................
TEMPERATURE (F)
 YESTERDAY
  MAXIMUM         94    236 PM 106    2011  94      0       98
  MINIMUM         65    554 AM  64    1906  73     -8       76
  AVERAGE         80                        84     -4       87

PRECIPITATION (IN)
  YESTERDAY        0.00          0.81 2007   0.12  -0.12      T
  MONTH TO DATE    2.39                      2.34   0.05     0.40
  SINCE JUN 1     12.46                     10.98   1.48     6.88
  SINCE JAN 1     40.19                     26.36  13.83    18.16

SNOWFALL (IN)
  YESTERDAY        0.0
  MONTH TO DATE    0.0
  SINCE JUN 1      0.0
  SINCE JUL 1      0.0
  SNOW DEPTH       0

DEGREE DAYS
 HEATING
  YESTERDAY        0                         0      0        0
  MONTH TO DATE    0                         0      0        0
  SINCE JUN 1      0                         0      0        0
  SINCE JUL 1      0                         0      0        0

 COOLING
  YESTERDAY       15                        19     -4       22
  MONTH TO DATE  548                       531     17      635
  SINCE JUN 1   1659                      1625     34     1832
  SINCE JAN 1   2359                      2284     75     2482
..................................................................


WIND (MPH)
  HIGHEST WIND SPEED    12   HIGHEST WIND DIRECTION    NE (50)
  HIGHEST GUST SPEED    14   HIGHEST GUST DIRECTION     E (100)
  AVERAGE WIND SPEED     4.9


SKY COVER
  POSSIBLE SUNSHINE  MM
  AVERAGE SKY COVER 0.0


WEATHER CONDITIONS
 THE FOLLOWING WEATHER WAS RECORDED YESTERDAY.
  FOG
  HAZE


RELATIVE HUMIDITY (PERCENT)
 HIGHEST   100           400 AM
 LOWEST     33           200 PM
 AVERAGE    67

..........................................................


THE VICTORIA CLIMATE NORMALS FOR TODAY
                         NORMAL    RECORD    YEAR
 MAXIMUM TEMPERATURE (F)   94       109      2011
 MINIMUM TEMPERATURE (F)   73        64      1906


SUNRISE AND SUNSET
AUGUST 28 2015........SUNRISE   703 AM CDT   SUNSET   754 PM CDT
AUGUST 29 2015........SUNRISE   704 AM CDT   SUNSET   753 PM CDT


-  INDICATES NEGATIVE NUMBERS.
R  INDICATES RECORD WAS SET OR TIED.
MM INDICATES DATA IS MISSING.
T  INDICATES TRACE AMOUNT.

$$

GW
