000
CDUS44 KCRP 210641
CLIVCT

CLIMATE REPORT
NATIONAL WEATHER SERVICE CORPUS CHRISTI TX
140 AM CDT TUE OCT 21 2014


...THE VICTORIA CLIMATE SUMMARY FOR OCTOBER 20 2014...

CLIMATE NORMAL PERIOD 1981 TO 2010
CLIMATE RECORD PERIOD 1893 TO 2014


WEATHER ITEM   OBSERVED TIME   RECORD YEAR NORMAL DEPARTURE LAST
                VALUE   (LST)  VALUE       VALUE  FROM      YEAR
                                                  NORMAL
..................................................................
TEMPERATURE (F)
 YESTERDAY
  MAXIMUM         86    148 PM  93    1947  83      3       79
                                      1939
  MINIMUM         64    640 AM  38    1976  60      4       48
                                      1964
  AVERAGE         75                        71      4       64

PRECIPITATION (IN)
  YESTERDAY        0.00          2.25 1993   0.17  -0.17     0.00
  MONTH TO DATE    1.84                      3.06  -1.22     2.98
  SINCE SEP 1      4.56                      7.22  -2.66     7.93
  SINCE JAN 1     23.45                     34.09 -10.64    22.85

SNOWFALL (IN)
  YESTERDAY        0.0
  MONTH TO DATE    0.0
  SINCE SEP 1      0.0
  SINCE JUL 1      0.0
  SNOW DEPTH       0

DEGREE DAYS
 HEATING
  YESTERDAY        0                         1     -1        1
  MONTH TO DATE    0                         5     -5        4
  SINCE SEP 1      0                         6     -6        4
  SINCE JUL 1      0                         6     -6        4

 COOLING
  YESTERDAY       10                         7      3        0
  MONTH TO DATE  249                       179     70      202
  SINCE SEP 1    787                       624    163      738
  SINCE JAN 1   3353                      2977    376     3232
..................................................................


WIND (MPH)
  HIGHEST WIND SPEED    15   HIGHEST WIND DIRECTION    NE (50)
  HIGHEST GUST SPEED    20   HIGHEST GUST DIRECTION    NE (60)
  AVERAGE WIND SPEED     8.1


SKY COVER
  POSSIBLE SUNSHINE  MM
  AVERAGE SKY COVER 0.3


WEATHER CONDITIONS
 THE FOLLOWING WEATHER WAS RECORDED YESTERDAY.
  FOG


RELATIVE HUMIDITY (PERCENT)
 HIGHEST   100          1200 AM
 LOWEST     48           200 PM
 AVERAGE    74

..........................................................


THE VICTORIA CLIMATE NORMALS FOR TODAY
                         NORMAL    RECORD    YEAR
 MAXIMUM TEMPERATURE (F)   82        96      1926
 MINIMUM TEMPERATURE (F)   60        41      1976
                                             1916


SUNRISE AND SUNSET
OCTOBER 21 2014.......SUNRISE   732 AM CDT   SUNSET   652 PM CDT
OCTOBER 22 2014.......SUNRISE   733 AM CDT   SUNSET   651 PM CDT


-  INDICATES NEGATIVE NUMBERS.
R  INDICATES RECORD WAS SET OR TIED.
MM INDICATES DATA IS MISSING.
T  INDICATES TRACE AMOUNT.

$$

TMT
