000
CDUS44 KCRP 210052
CLIVCT

CLIMATE REPORT
NATIONAL WEATHER SERVICE CORPUS CHRISTI TX
650 PM CST TUE FEB 20 2018


...................................

...THE VICTORIA CLIMATE SUMMARY FOR FEBRUARY 20 2018...
VALID TODAY AS OF 600 PM LOCAL TIME.

CLIMATE NORMAL PERIOD 1981 TO 2010
CLIMATE RECORD PERIOD 1893 TO 2018


WEATHER ITEM   OBSERVED TIME   RECORD YEAR NORMAL DEPARTURE LAST
                VALUE   (LST)  VALUE       VALUE  FROM      YEAR
                                                  NORMAL
..................................................................
TEMPERATURE (F)
 TODAY
  MAXIMUM         77   1102 AM  88    1996  69      8       73
                                      1945
  MINIMUM         70    707 AM  27    1908  47     23       59
  AVERAGE         74                        58     16       66

PRECIPITATION (IN)
  TODAY            0.08          2.66 2017   0.07   0.01     2.66
  MONTH TO DATE    0.55                      1.47  -0.92     4.83
  SINCE DEC 1      3.11                      6.30  -3.19    11.60
  SINCE JAN 1      1.07                      3.99  -2.92     8.59

SNOWFALL (IN)
  TODAY            0.0
  MONTH TO DATE    0.0
  SINCE DEC 1      2.0
  SINCE JUL 1      2.0
  SNOW DEPTH       0

DEGREE DAYS
 HEATING
  TODAY            0                         8     -8        0
  MONTH TO DATE  139                       185    -46       42
  SINCE DEC 1    907                       874     33      470
  SINCE JUL 1   1025                      1037    -12      520

 COOLING
  TODAY            9                         1      8        1
  MONTH TO DATE   48                        20     28       98
  SINCE DEC 1     75                        61     14      226
  SINCE JAN 1     54                        34     20      169
..................................................................


WIND (MPH)
  HIGHEST WIND SPEED    29   HIGHEST WIND DIRECTION    SE (150)
  HIGHEST GUST SPEED    36   HIGHEST GUST DIRECTION    SE (140)


SKY COVER
  POSSIBLE SUNSHINE  MM
  AVERAGE SKY COVER 1.0


WEATHER CONDITIONS
 THE FOLLOWING WEATHER WAS RECORDED TODAY.
  RAIN
  LIGHT RAIN
  FOG
  HAZE


RELATIVE HUMIDITY (PERCENT)
 HIGHEST    90          1200 AM
 LOWEST     74          1000 AM
 AVERAGE    82

..........................................................


THE VICTORIA CLIMATE NORMALS FOR TOMORROW
                         NORMAL    RECORD    YEAR
 MAXIMUM TEMPERATURE (F)   69        89      1909
 MINIMUM TEMPERATURE (F)   48        30      1921
                                             1905


SUNRISE AND SUNSET
FEBRUARY 20 2018......SUNRISE   702 AM CST   SUNSET   621 PM CST
FEBRUARY 21 2018......SUNRISE   701 AM CST   SUNSET   622 PM CST


-  INDICATES NEGATIVE NUMBERS.
R  INDICATES RECORD WAS SET OR TIED.
MM INDICATES DATA IS MISSING.
T  INDICATES TRACE AMOUNT.




$$
