000
CDUS45 KGJT 220752
CLIVEL


CLIMATE REPORT
NATIONAL WEATHER SERVICE GRAND JUNCTION CO
130 AM MDT MON SEP 22 2014


...................................

...THE VERNAL UT CLIMATE SUMMARY FOR SEPTEMBER 21 2014...

CLIMATE NORMAL PERIOD 1981 TO 2010
CLIMATE RECORD PERIOD 9999 TO 9999


WEATHER ITEM   OBSERVED TIME   RECORD YEAR NORMAL DEPARTURE LAST
                VALUE   (LST)  VALUE       VALUE  FROM      YEAR
                                                  NORMAL
..................................................................
TEMPERATURE (F)
 YESTERDAY
  MAXIMUM         71    228 PM  MM      MM  72     -1       78
  MINIMUM         52   1155 PM  MM      MM  44      8       46
  AVERAGE         62                        58      4       62

PRECIPITATION (IN)
  YESTERDAY        0.36         MM      MM   0.03   0.33     0.01
  MONTH TO DATE    1.03                      0.72   0.31     1.47
  SINCE SEP 1      1.03                      0.72   0.31     1.47
  SINCE JAN 1      7.77                      6.33   1.44     6.30

SNOWFALL (IN)
  YESTERDAY       MM            MM      MM   MM    MM       MM
  MONTH TO DATE   MM                         MM    MM       MM
  SINCE SEP 1     MM                         MM    MM       MM
  SINCE JUL 1     MM                         MM    MM       MM
  SNOW DEPTH      MM

DEGREE DAYS
 HEATING
  YESTERDAY        3                         7     -4        3
  MONTH TO DATE   50                        84    -34       28
  SINCE SEP 1     50                        84    -34       28
  SINCE JUL 1     72                       100    -28       30

 COOLING
  YESTERDAY        0                         0      0        0
  MONTH TO DATE   30                        20     10       70
  SINCE SEP 1     30                        20     10       70
  SINCE JAN 1    617                       509    108      787
..................................................................


WIND (MPH)
  HIGHEST WIND SPEED    21   HIGHEST WIND DIRECTION    SW (230)
  HIGHEST GUST SPEED    29   HIGHEST GUST DIRECTION     W (260)
  AVERAGE WIND SPEED     6.2


SKY COVER
  POSSIBLE SUNSHINE  MM
  AVERAGE SKY COVER 0.4


WEATHER CONDITIONS
 THE FOLLOWING WEATHER WAS RECORDED YESTERDAY.
  THUNDERSTORM
  HEAVY RAIN
  RAIN
  LIGHT RAIN
  FOG


RELATIVE HUMIDITY (PERCENT)
 HIGHEST   100           900 PM
 LOWEST     36          1200 AM
 AVERAGE    68

..........................................................


THE VERNAL UT CLIMATE NORMALS FOR TODAY
                         NORMAL    RECORD    YEAR
 MAXIMUM TEMPERATURE (F)   72        MM        MM
 MINIMUM TEMPERATURE (F)   43        MM        MM


SUNRISE AND SUNSET
SEPTEMBER 22 2014.....SUNRISE   706 AM MDT   SUNSET   715 PM MDT
SEPTEMBER 23 2014.....SUNRISE   707 AM MDT   SUNSET   713 PM MDT


-  INDICATES NEGATIVE NUMBERS.
R  INDICATES RECORD WAS SET OR TIED.
MM INDICATES DATA IS MISSING.
T  INDICATES TRACE AMOUNT.




$$
