000
CDUS45 KGJT 100756
CLIVEL


CLIMATE REPORT
NATIONAL WEATHER SERVICE GRAND JUNCTION CO
1254 AM MST WED FEB 10 2016


...................................

...THE VERNAL UT CLIMATE SUMMARY FOR FEBRUARY 9 2016...

CLIMATE NORMAL PERIOD 1981 TO 2010
CLIMATE RECORD PERIOD 9999 TO 9999


WEATHER ITEM   OBSERVED TIME   RECORD YEAR NORMAL DEPARTURE LAST
                VALUE   (LST)  VALUE       VALUE  FROM      YEAR
                                                  NORMAL
..................................................................
TEMPERATURE (F)
 YESTERDAY
  MAXIMUM         28    133 PM  MM      MM  33     -5       61
  MINIMUM          4    725 AM  MM      MM  14    -10       29
  AVERAGE         16                        23     -7       45

PRECIPITATION (IN)
  YESTERDAY        0.00         MM      MM   0.02  -0.02     0.00
  MONTH TO DATE    0.04                      0.15  -0.11     0.00
  SINCE DEC 1      0.86                      1.29  -0.43     0.60
  SINCE JAN 1      0.40                      0.65  -0.25     0.25

SNOWFALL (IN)
  YESTERDAY       MM            MM      MM   0.1   MM       MM
  MONTH TO DATE   MM                         1.3   MM       MM
  SINCE DEC 1     MM                        12.4   MM       MM
  SINCE JUL 1     MM                        14.0   MM       MM
  SNOW DEPTH      MM

DEGREE DAYS
 HEATING
  YESTERDAY       49                        42      7       20
  MONTH TO DATE  450                       387     63      209
  SINCE DEC 1   3426                      3151    275     2492
  SINCE JUL 1   4718                      4782    -64     3975

 COOLING
  YESTERDAY        0                         0      0        0
  MONTH TO DATE    0                         0      0        0
  SINCE DEC 1      0                         0      0        0
  SINCE JAN 1      0                         0      0        0
..................................................................


WIND (MPH)
  HIGHEST WIND SPEED     8   HIGHEST WIND DIRECTION     E (70)
  HIGHEST GUST SPEED     9   HIGHEST GUST DIRECTION     E (80)
  AVERAGE WIND SPEED     3.1


SKY COVER
  POSSIBLE SUNSHINE  MM
  AVERAGE SKY COVER 0.0


WEATHER CONDITIONS
 THE FOLLOWING WEATHER WAS RECORDED YESTERDAY.
  FOG
  HAZE


RELATIVE HUMIDITY (PERCENT)
 HIGHEST    88           800 AM
 LOWEST     63          1200 PM
 AVERAGE    76

..........................................................


THE VERNAL UT CLIMATE NORMALS FOR TODAY
                         NORMAL    RECORD    YEAR
 MAXIMUM TEMPERATURE (F)   34        MM        MM
 MINIMUM TEMPERATURE (F)   14        MM        MM


SUNRISE AND SUNSET
FEBRUARY 10 2016......SUNRISE   718 AM MST   SUNSET   547 PM MST
FEBRUARY 11 2016......SUNRISE   717 AM MST   SUNSET   548 PM MST


-  INDICATES NEGATIVE NUMBERS.
R  INDICATES RECORD WAS SET OR TIED.
MM INDICATES DATA IS MISSING.
T  INDICATES TRACE AMOUNT.




$$
