000
CDUS42 KTAE 180642
CLIVLD


CLIMATE REPORT
NATIONAL WEATHER SERVICE TALLAHASSEE FL
239 AM EDT THU SEP 18 2014


...................................

...THE VALDOSTA CLIMATE SUMMARY FOR SEPTEMBER 17 2014...

CLIMATE NORMAL PERIOD 1981 TO 2010
CLIMATE RECORD PERIOD 1948 TO 2014


WEATHER ITEM   OBSERVED TIME   NORMAL DEPARTURE LAST
                VALUE   (LST)  VALUE  FROM      YEAR
                                      NORMAL
......................................................
TEMPERATURE (F)
 YESTERDAY
  MAXIMUM         90    255 PM  88      2       94
  MINIMUM         69    608 AM  67      2       73
  AVERAGE         80            77      3       84

PRECIPITATION (IN)
  YESTERDAY        0.00          0.17  -0.17     0.00
  MONTH TO DATE    6.18          2.93   3.25     0.14
  SINCE SEP 1      6.18          2.93   3.25     0.14
  SINCE JAN 1     41.61         39.96   1.65    34.30

DEGREE DAYS
 HEATING
  YESTERDAY        0             0      0        0
  MONTH TO DATE    0             0      0        0
  SINCE SEP 1      0             0      0        0
  SINCE JUL 1      0             0      0        0

 COOLING
  YESTERDAY       15            12      3       19
  MONTH TO DATE  279           235     44      292
  SINCE SEP 1    279           235     44      292
  SINCE JAN 1   2640          2089    551     2566
......................................................


WIND (MPH)
  HIGHEST WIND SPEED    12   HIGHEST WIND DIRECTION     S (170)
  HIGHEST GUST SPEED    16   HIGHEST GUST DIRECTION     S (170)
  AVERAGE WIND SPEED     1.2




RELATIVE HUMIDITY (PERCENT)
 HIGHEST   100
 LOWEST     55
 AVERAGE    78

..........................................................




SUNRISE AND SUNSET
SEPTEMBER 18 2014.....SUNRISE   719 AM EDT   SUNSET   735 PM EDT
SEPTEMBER 19 2014.....SUNRISE   720 AM EDT   SUNSET   734 PM EDT


-  INDICATES NEGATIVE NUMBERS.
R  INDICATES RECORD WAS SET OR TIED.
MM INDICATES DATA IS MISSING.
T  INDICATES TRACE AMOUNT.




$$
