000
CDUS42 KTAE 120633
CLIVLD


CLIMATE REPORT
NATIONAL WEATHER SERVICE TALLAHASSEE FL
131 AM EST TUE DEC 12 2017

...................................

...THE VALDOSTA CLIMATE SUMMARY FOR DECEMBER 11 2017...

CLIMATE NORMAL PERIOD 1981 TO 2010
CLIMATE RECORD PERIOD 1948 TO 2017


WEATHER ITEM   OBSERVED TIME   NORMAL DEPARTURE LAST
                VALUE   (LST)  VALUE  FROM      YEAR
                                      NORMAL
......................................................
TEMPERATURE (F)
 YESTERDAY
  MAXIMUM         63    342 PM  66     -3       71
  MINIMUM         26    728 AM  42    -16       41
  AVERAGE         45            54     -9       56

PRECIPITATION (IN)
  YESTERDAY        0.00          0.12  -0.12      T
  MONTH TO DATE    1.48          1.21   0.27     1.29
  SINCE DEC 1      1.48          1.21   0.27     1.29
  SINCE JAN 1     40.31         48.64  -8.33    51.69

DEGREE DAYS
 HEATING
  YESTERDAY       20            12      8        9
  MONTH TO DATE  123           117      6      114
  SINCE DEC 1    123           117      6      114
  SINCE JUL 1    356           348      8      281
......................................................


WIND (MPH)
  HIGHEST WIND SPEED     8   HIGHEST WIND DIRECTION    SW (220)
  HIGHEST GUST SPEED    14   HIGHEST GUST DIRECTION     W (250)
  AVERAGE WIND SPEED     2.4




RELATIVE HUMIDITY (PERCENT)
 HIGHEST   100
 LOWEST     34
 AVERAGE    67

..........................................................



SUNRISE AND SUNSET
DECEMBER 12 2017......SUNRISE   721 AM EST   SUNSET   533 PM EST
DECEMBER 13 2017......SUNRISE   722 AM EST   SUNSET   533 PM EST


-  INDICATES NEGATIVE NUMBERS.
R  INDICATES RECORD WAS SET OR TIED.
MM INDICATES DATA IS MISSING.
T  INDICATES TRACE AMOUNT.

$$
