000
CDUS42 KTAE 310654
CLIVLD


CLIMATE REPORT
NATIONAL WEATHER SERVICE TALLAHASSEE FL
253 AM EDT FRI OCT 31 2014


...................................

...THE VALDOSTA CLIMATE SUMMARY FOR OCTOBER 30 2014...

CLIMATE NORMAL PERIOD 1981 TO 2010
CLIMATE RECORD PERIOD 1948 TO 2014


WEATHER ITEM   OBSERVED TIME   NORMAL DEPARTURE LAST
                VALUE   (LST)  VALUE  FROM      YEAR
                                      NORMAL
......................................................
TEMPERATURE (F)
 YESTERDAY
  MAXIMUM         72    408 PM  77     -5       84
  MINIMUM         49   1159 PM  52     -3       53
  AVERAGE         61            64     -3       69

PRECIPITATION (IN)
  YESTERDAY        0.01          0.09  -0.08     0.00
  MONTH TO DATE    1.36          3.10  -1.74     1.44
  SINCE SEP 1      8.22          7.74   0.48     3.28
  SINCE JAN 1     43.65         44.77  -1.12    37.44

DEGREE DAYS
 HEATING
  YESTERDAY        4             3      1        0
  MONTH TO DATE   30            37     -7       22
  SINCE SEP 1     30            38     -8       22
  SINCE JUL 1     30            38     -8       22

 COOLING
  YESTERDAY        0             3     -3        4
  MONTH TO DATE  141           153    -12      241
  SINCE SEP 1    544           524     20      695
  SINCE JAN 1   2905          2378    527     2969
......................................................


WIND (MPH)
  HIGHEST WIND SPEED    12   HIGHEST WIND DIRECTION     N (10)
  HIGHEST GUST SPEED    16   HIGHEST GUST DIRECTION     N (360)
  AVERAGE WIND SPEED     2.3




RELATIVE HUMIDITY (PERCENT)
 HIGHEST    87
 LOWEST     41
 AVERAGE    64

..........................................................




SUNRISE AND SUNSET
OCTOBER 31 2014.......SUNRISE   747 AM EDT   SUNSET   646 PM EDT
NOVEMBER  1 2014......SUNRISE   748 AM EDT   SUNSET   645 PM EDT


-  INDICATES NEGATIVE NUMBERS.
R  INDICATES RECORD WAS SET OR TIED.
MM INDICATES DATA IS MISSING.
T  INDICATES TRACE AMOUNT.




$$
