000
CDUS42 KTAE 220636
CLIVLD


CLIMATE REPORT
NATIONAL WEATHER SERVICE TALLAHASSEE FL
135 AM EST WED FEB 22 2017


...................................

...THE VALDOSTA CLIMATE SUMMARY FOR FEBRUARY 21 2017...

CLIMATE NORMAL PERIOD 1981 TO 2010
CLIMATE RECORD PERIOD 1948 TO 2017


WEATHER ITEM   OBSERVED TIME   NORMAL DEPARTURE LAST
                VALUE   (LST)  VALUE  FROM      YEAR
                                      NORMAL
......................................................
TEMPERATURE (F)
 YESTERDAY
  MAXIMUM         77    329 PM  68      9       78
  MINIMUM         56    420 AM  43     13       52
  AVERAGE         67            56     11       65

PRECIPITATION (IN)
  YESTERDAY        0.00          0.21  -0.21     0.00
  MONTH TO DATE    1.18          2.59  -1.41     4.50
  SINCE DEC 1     12.44         10.33   2.11    10.90
  SINCE JAN 1     10.29          7.16   3.13     8.39

DEGREE DAYS
 HEATING
  YESTERDAY        0            10    -10        0
  MONTH TO DATE  112           247   -135      226
  SINCE DEC 1    604          1085   -481      795
  SINCE JUL 1    771          1316   -545      871
......................................................


WIND (MPH)
  HIGHEST WIND SPEED    18   HIGHEST WIND DIRECTION     S (170)
  HIGHEST GUST SPEED    22   HIGHEST GUST DIRECTION     S (170)
  AVERAGE WIND SPEED     6.2




RELATIVE HUMIDITY (PERCENT)
 HIGHEST   100
 LOWEST     54
 AVERAGE    77

..........................................................




SUNRISE AND SUNSET
FEBRUARY 22 2017......SUNRISE   707 AM EST   SUNSET   627 PM EST
FEBRUARY 23 2017......SUNRISE   706 AM EST   SUNSET   627 PM EST


-  INDICATES NEGATIVE NUMBERS.
R  INDICATES RECORD WAS SET OR TIED.
MM INDICATES DATA IS MISSING.
T  INDICATES TRACE AMOUNT.




$$
