000
CDUS42 KTAE 300631
CLIVLD


CLIMATE REPORT
NATIONAL WEATHER SERVICE TALLAHASSEE FL
231 AM EDT TUE MAY 30 2017


...................................

...THE VALDOSTA CLIMATE SUMMARY FOR MAY 29 2017...

CLIMATE NORMAL PERIOD 1981 TO 2010
CLIMATE RECORD PERIOD 1948 TO 2017


WEATHER ITEM   OBSERVED TIME   NORMAL DEPARTURE LAST
                VALUE   (LST)  VALUE  FROM      YEAR
                                      NORMAL
......................................................
TEMPERATURE (F)
 YESTERDAY
  MAXIMUM         93    316 PM  88      5       90
  MINIMUM         70    602 AM  65      5       64
  AVERAGE         82            77      5       77

PRECIPITATION (IN)
  YESTERDAY        0.00          0.15  -0.15      T
  MONTH TO DATE    1.83          2.20  -0.37     3.45
  SINCE MAR 1      4.97          9.94  -4.97    15.44
  SINCE JAN 1     15.28         18.67  -3.39    24.30

DEGREE DAYS
 COOLING
  YESTERDAY       17            12      5       12
  MONTH TO DATE  248           254     -6      255
  SINCE MAR 1    465           379     86      468
  SINCE JAN 1    511           389    122      478
......................................................


WIND (MPH)
  HIGHEST WIND SPEED    12   HIGHEST WIND DIRECTION     S (200)
  HIGHEST GUST SPEED    17   HIGHEST GUST DIRECTION     S (200)
  AVERAGE WIND SPEED     3.5




RELATIVE HUMIDITY (PERCENT)
 HIGHEST   100
 LOWEST     41
 AVERAGE    71

..........................................................




SUNRISE AND SUNSET
MAY 30 2017...........SUNRISE   631 AM EDT   SUNSET   831 PM EDT
MAY 31 2017...........SUNRISE   631 AM EDT   SUNSET   831 PM EDT


-  INDICATES NEGATIVE NUMBERS.
R  INDICATES RECORD WAS SET OR TIED.
MM INDICATES DATA IS MISSING.
T  INDICATES TRACE AMOUNT.




$$
