000
CDUS42 KTAE 270640
CLIVLD


CLIMATE REPORT
NATIONAL WEATHER SERVICE TALLAHASSEE FL
240 AM EDT WED MAY 27 2015


...................................

...THE VALDOSTA CLIMATE SUMMARY FOR MAY 26 2015...

CLIMATE NORMAL PERIOD 1981 TO 2010
CLIMATE RECORD PERIOD 1948 TO 2015


WEATHER ITEM   OBSERVED TIME   NORMAL DEPARTURE LAST
                VALUE   (LST)  VALUE  FROM      YEAR
                                      NORMAL
......................................................
TEMPERATURE (F)
 YESTERDAY
  MAXIMUM         94    157 PM  88      6       96
  MINIMUM         71   1142 PM  64      7       68
  AVERAGE         83            76      7       82

PRECIPITATION (IN)
  YESTERDAY        1.61          0.10   1.51     0.09
  MONTH TO DATE    2.01          1.80   0.21     2.51
  SINCE MAR 1      9.35          9.54  -0.19    15.56
  SINCE JAN 1     18.51         18.27   0.24    21.70

DEGREE DAYS
 COOLING
  YESTERDAY       18            11      7       17
  MONTH TO DATE  282           219     63      286
  SINCE MAR 1    579           344    235      492
  SINCE JAN 1    583           354    229      524
......................................................


WIND (MPH)
  HIGHEST WIND SPEED    33   HIGHEST WIND DIRECTION     S (180)
  HIGHEST GUST SPEED    43   HIGHEST GUST DIRECTION     S (180)
  AVERAGE WIND SPEED     6.8




RELATIVE HUMIDITY (PERCENT)
 HIGHEST   100
 LOWEST     41
 AVERAGE    71

..........................................................




SUNRISE AND SUNSET
MAY 27 2015...........SUNRISE   632 AM EDT   SUNSET   828 PM EDT
MAY 28 2015...........SUNRISE   632 AM EDT   SUNSET   829 PM EDT


-  INDICATES NEGATIVE NUMBERS.
R  INDICATES RECORD WAS SET OR TIED.
MM INDICATES DATA IS MISSING.
T  INDICATES TRACE AMOUNT.




$$
