000
CDUS42 KTAE 240638
CLIVLD


CLIMATE REPORT
NATIONAL WEATHER SERVICE TALLAHASSEE FL
237 AM EDT THU JUL 24 2014


...................................

...THE VALDOSTA CLIMATE SUMMARY FOR JULY 23 2014...

CLIMATE NORMAL PERIOD 1981 TO 2010
CLIMATE RECORD PERIOD 1948 TO 2014


WEATHER ITEM   OBSERVED TIME   NORMAL DEPARTURE LAST
                VALUE   (LST)  VALUE  FROM      YEAR
                                      NORMAL
......................................................
TEMPERATURE (F)
 YESTERDAY
  MAXIMUM         97    430 PM  92      5       93
  MINIMUM         72    614 AM  71      1       74
  AVERAGE         85            82      3       84

PRECIPITATION (IN)
  YESTERDAY        0.00          0.23  -0.23     0.17
  MONTH TO DATE    3.69          4.88  -1.19     6.75
  SINCE JUN 1      5.93         10.94  -5.01    10.54
  SINCE JAN 1     29.20         29.94  -0.74    25.08

DEGREE DAYS
 COOLING
  YESTERDAY       20            17      3       19
  MONTH TO DATE  441           374     67      411
  SINCE JUN 1   1003           806    197      964
  SINCE JAN 1   1606          1218    388     1526
......................................................


WIND (MPH)
  HIGHEST WIND SPEED     8   HIGHEST WIND DIRECTION     S (180)
  HIGHEST GUST SPEED    12   HIGHEST GUST DIRECTION     W (250)
  AVERAGE WIND SPEED     1.3




RELATIVE HUMIDITY (PERCENT)
 HIGHEST    84
 LOWEST     38
 AVERAGE    61

..........................................................




SUNRISE AND SUNSET
JULY 24 2014..........SUNRISE   646 AM EDT   SUNSET   833 PM EDT
JULY 25 2014..........SUNRISE   646 AM EDT   SUNSET   833 PM EDT


-  INDICATES NEGATIVE NUMBERS.
R  INDICATES RECORD WAS SET OR TIED.
MM INDICATES DATA IS MISSING.
T  INDICATES TRACE AMOUNT.




$$
