000
CDUS42 KFFC 300817
CLIVPC


CLIMATE REPORT
NATIONAL WEATHER SERVICE PEACHTREE CITY GA
417 AM EDT THU OCT 30 2014


...................................

...THE CARTERSVILLE CLIMATE SUMMARY FOR OCTOBER 29 2014...

CLIMATE NORMAL PERIOD 1981 TO 2010
CLIMATE RECORD PERIOD 9999 TO 9999


WEATHER ITEM   OBSERVED TIME   RECORD YEAR NORMAL DEPARTURE LAST
                VALUE   (LST)  VALUE       VALUE  FROM      YEAR
                                                  NORMAL
..................................................................
TEMPERATURE (F)
 YESTERDAY
  MAXIMUM         66   1151 AM  MM      MM  70     -4       76
  MINIMUM         46   1157 PM  MM      MM  44      2       50
  AVERAGE         56                        57     -1       63

PRECIPITATION (IN)
  YESTERDAY        0.26         MM      MM   0.12   0.14     0.00
  MONTH TO DATE    3.58                      3.17   0.41     1.66
  SINCE SEP 1      7.13                      6.79   0.34     4.50
  SINCE JAN 1     35.70                     41.38  -5.68    34.53

SNOWFALL (IN)
  YESTERDAY        0.0          MM      MM  MM     MM       MM
  MONTH TO DATE    0.0                      MM     MM        0.0
  SINCE SEP 1      0.0                      MM     MM        0.0
  SINCE JUL 1      0.0                      MM     MM        0.0
  SNOW DEPTH      MM

DEGREE DAYS
 HEATING
  YESTERDAY        9                         9      0        2
  MONTH TO DATE  114                       154    -40      140
  SINCE SEP 1    114                       172    -58      141
  SINCE JUL 1    114                       172    -58      141

 COOLING
  YESTERDAY        0                         1     -1        0
  MONTH TO DATE   69                        39     30       43
  SINCE SEP 1    345                       246     99      256
  SINCE JAN 1   1625                      1511    114     1434
..................................................................


WIND (MPH)
  RESULTANT WIND SPEED   1   RESULTANT WIND DIRECTION   N (350)
  HIGHEST WIND SPEED    13   HIGHEST WIND DIRECTION     N (360)
  HIGHEST GUST SPEED    18   HIGHEST GUST DIRECTION    NW (320)
  AVERAGE WIND SPEED     1.0


SKY COVER
  AVERAGE SKY COVER 0.5


WEATHER CONDITIONS
 THE FOLLOWING WEATHER WAS RECORDED YESTERDAY.
  RAIN
  LIGHT RAIN
  FOG


RELATIVE HUMIDITY (PERCENT)
 HIGHEST    96           400 AM
 LOWEST     77           500 PM
 AVERAGE    87

..........................................................


THE CARTERSVILLE CLIMATE NORMALS FOR TODAY
                         NORMAL    RECORD    YEAR
 MAXIMUM TEMPERATURE (F)   70        MM        MM
 MINIMUM TEMPERATURE (F)   44        MM        MM


SUNRISE AND SUNSET
OCTOBER 30 2014.......SUNRISE   757 AM EDT   SUNSET   648 PM EDT
OCTOBER 31 2014.......SUNRISE   758 AM EDT   SUNSET   647 PM EDT


-  INDICATES NEGATIVE NUMBERS.
R  INDICATES RECORD WAS SET OR TIED.
MM INDICATES DATA IS MISSING.
T  INDICATES TRACE AMOUNT.




$$
