000
CDUS42 KFFC 280820
CLIVPC


CLIMATE REPORT
NATIONAL WEATHER SERVICE PEACHTREE CITY GA
420 AM EDT WED JUN 28 2017


...................................

...THE CARTERSVILLE CLIMATE SUMMARY FOR JUNE 27 2017...

CLIMATE NORMAL PERIOD 1981 TO 2010
CLIMATE RECORD PERIOD 9999 TO 9999


WEATHER ITEM   OBSERVED TIME   RECORD YEAR NORMAL DEPARTURE LAST
                VALUE   (LST)  VALUE       VALUE  FROM      YEAR
                                                  NORMAL
..................................................................
TEMPERATURE (F)
 YESTERDAY
  MAXIMUM         84    326 PM  MM      MM  89     -5       92
  MINIMUM         58   1157 PM  MM      MM  65     -7       69
  AVERAGE         71                        77     -6       81

PRECIPITATION (IN)
  YESTERDAY        0.00         MM      MM   0.15  -0.15      T
  MONTH TO DATE    4.70                      3.35   1.35     5.44
  SINCE JUN 1      4.70                      3.35   1.35     5.44
  SINCE JAN 1     30.67                     25.51   5.16    21.96

DEGREE DAYS
 COOLING
  YESTERDAY        6                        12     -6       16
  MONTH TO DATE  276                       258     18      342
  SINCE JUN 1    276                       258     18      342
  SINCE JAN 1    521                       407    114      535
..................................................................


WIND (MPH)
  RESULTANT WIND SPEED   3   RESULTANT WIND DIRECTION   N (10)
  HIGHEST WIND SPEED    14   HIGHEST WIND DIRECTION     N (20)
  HIGHEST GUST SPEED    21   HIGHEST GUST DIRECTION     N (360)
  AVERAGE WIND SPEED     4.0


SKY COVER
  AVERAGE SKY COVER 0.1


WEATHER CONDITIONS
 THE FOLLOWING WEATHER WAS RECORDED YESTERDAY.
  NO SIGNIFICANT WEATHER WAS OBSERVED.


RELATIVE HUMIDITY (PERCENT)
 HIGHEST   100          1200 AM
 LOWEST     39           600 PM
 AVERAGE    70

..........................................................


THE CARTERSVILLE CLIMATE NORMALS FOR TODAY
                         NORMAL    RECORD    YEAR
 MAXIMUM TEMPERATURE (F)   89        MM        MM
 MINIMUM TEMPERATURE (F)   65        MM        MM


SUNRISE AND SUNSET
JUNE 28 2017..........SUNRISE   630 AM EDT   SUNSET   855 PM EDT
JUNE 29 2017..........SUNRISE   631 AM EDT   SUNSET   855 PM EDT


-  INDICATES NEGATIVE NUMBERS.
R  INDICATES RECORD WAS SET OR TIED.
MM INDICATES DATA IS MISSING.
T  INDICATES TRACE AMOUNT.




$$
